-- --------------------------------------------------------
-- Versión del servidor:         10.6.25-MariaDB - MariaDB Server
-- SO del servidor:              Linux
-- HeidiSQL Versión:             12.15.0.7171
-- --------------------------------------------------------



-- Volcando estructura de base de datos para intelsoftperu_app_enxu
CREATE DATABASE IF NOT EXISTS `intelsoftperu_app_enxu` /*!40100 DEFAULT CHARACTER SET latin1 COLLATE latin1_swedish_ci */;
USE `intelsoftperu_app_enxu`;

-- Volcando estructura para tabla intelsoftperu_app_enxu.ciudades
CREATE TABLE IF NOT EXISTS `ciudades` (
  `ciu_id` int(11) NOT NULL AUTO_INCREMENT,
  `dep_id` int(11) NOT NULL,
  `ciu_nombre` varchar(100) NOT NULL,
  `ciu_latitud` decimal(10,8) DEFAULT NULL,
  `ciu_longitud` decimal(11,8) DEFAULT NULL,
  `creado_por` int(11) DEFAULT NULL,
  `creado_fecha` datetime NOT NULL DEFAULT current_timestamp(),
  `actualizado_por` int(11) DEFAULT NULL,
  `actualizado_fecha` datetime DEFAULT NULL ON UPDATE current_timestamp(),
  PRIMARY KEY (`ciu_id`) USING BTREE,
  UNIQUE KEY `dep_id` (`dep_id`,`ciu_nombre`) USING BTREE,
  KEY `creado_por` (`creado_por`) USING BTREE,
  KEY `actualizado_por` (`actualizado_por`) USING BTREE,
  CONSTRAINT `ciudades_ibfk_1` FOREIGN KEY (`dep_id`) REFERENCES `departamentos` (`dep_id`),
  CONSTRAINT `ciudades_ibfk_2` FOREIGN KEY (`creado_por`) REFERENCES `usuario` (`usu_id`),
  CONSTRAINT `ciudades_ibfk_3` FOREIGN KEY (`actualizado_por`) REFERENCES `usuario` (`usu_id`)
) ENGINE=InnoDB AUTO_INCREMENT=3 DEFAULT CHARSET=utf8mb4 COLLATE=utf8mb4_unicode_ci ROW_FORMAT=DYNAMIC;

-- Volcando datos para la tabla intelsoftperu_app_enxu.ciudades: ~2 rows (aproximadamente)
INSERT INTO `ciudades` (`ciu_id`, `dep_id`, `ciu_nombre`, `ciu_latitud`, `ciu_longitud`, `creado_por`, `creado_fecha`, `actualizado_por`, `actualizado_fecha`) VALUES
	(1, 1, 'Medellín', NULL, NULL, NULL, '2026-03-14 11:19:16', NULL, NULL),
	(2, 2, 'Ciudad de México', NULL, NULL, NULL, '2026-03-14 11:19:16', NULL, NULL);

-- Volcando estructura para tabla intelsoftperu_app_enxu.conexion_solicitud
CREATE TABLE IF NOT EXISTS `conexion_solicitud` (
  `sol_id` int(11) NOT NULL AUTO_INCREMENT,
  `remitente_id` int(11) NOT NULL,
  `receptor_id` int(11) NOT NULL,
  `sol_estado` tinyint(4) NOT NULL DEFAULT 1 COMMENT '1=pendiente, 2=aceptada, 3=rechazada',
  `sol_mensaje` varchar(255) DEFAULT NULL,
  `creado_fecha` datetime NOT NULL DEFAULT current_timestamp(),
  `actualizado_fecha` datetime DEFAULT NULL ON UPDATE current_timestamp(),
  PRIMARY KEY (`sol_id`),
  UNIQUE KEY `uq_solicitud` (`remitente_id`,`receptor_id`),
  KEY `idx_receptor` (`receptor_id`)
) ENGINE=InnoDB AUTO_INCREMENT=44 DEFAULT CHARSET=latin1 COLLATE=latin1_swedish_ci;

-- Volcando datos para la tabla intelsoftperu_app_enxu.conexion_solicitud: ~32 rows (aproximadamente)
INSERT INTO `conexion_solicitud` (`sol_id`, `remitente_id`, `receptor_id`, `sol_estado`, `sol_mensaje`, `creado_fecha`, `actualizado_fecha`) VALUES
	(1, 25, 1, 2, 'Hola, me gustaría conectar contigo', '2026-04-22 11:10:03', '2026-04-22 15:28:12'),
	(2, 1, 25, 2, 'Hola, me gustaría conectar contigo', '2026-04-22 11:32:39', '2026-04-22 15:29:50'),
	(3, 25, 39, 2, 'Hola, me gustaría conectar contigo', '2026-04-22 11:33:27', '2026-04-22 16:22:32'),
	(4, 39, 1, 2, 'Hola, me gustaría conectar contigo', '2026-04-22 11:50:33', '2026-04-22 15:28:01'),
	(5, 25, 34, 2, 'Hola, me gustaría conectar contigo', '2026-04-22 11:53:05', '2026-04-22 15:34:36'),
	(6, 25, 40, 2, 'Hola, me gustaría conectar contigo', '2026-04-22 12:00:12', '2026-04-22 16:17:06'),
	(7, 40, 1, 2, 'Hola, me gustaría conectar contigo', '2026-04-22 12:03:14', '2026-04-22 15:27:52'),
	(8, 40, 34, 2, 'Hola, me gustaría conectar contigo', '2026-04-22 12:09:38', '2026-04-22 15:33:16'),
	(9, 34, 40, 2, 'Hola, me gustaría conectar contigo', '2026-04-22 12:20:44', '2026-04-22 15:34:02'),
	(10, 40, 36, 2, 'Hola, me gustaría conectar contigo', '2026-04-22 14:26:05', '2026-04-22 14:46:55'),
	(11, 36, 40, 2, 'Hola, me gustaría conectar contigo', '2026-04-22 14:29:29', '2026-04-22 15:34:52'),
	(12, 35, 36, 2, 'Hola, me gustaría conectar contigo', '2026-04-22 14:32:12', '2026-04-22 14:47:10'),
	(13, 36, 35, 2, 'Hola, me gustaría conectar contigo', '2026-04-22 14:35:09', '2026-04-22 14:46:13'),
	(14, 32, 36, 2, 'Hola, me gustaría conectar contigo', '2026-04-22 14:54:56', '2026-04-22 14:55:05'),
	(17, 32, 35, 2, 'Hola, me gustaría conectar contigo', '2026-04-22 15:01:00', '2026-04-22 15:01:20'),
	(19, 37, 32, 2, 'Hola, me gustaría conectar contigo', '2026-04-22 15:13:38', '2026-04-22 15:13:49'),
	(22, 32, 40, 3, 'Hola, me gustaría conectar contigo', '2026-04-22 15:22:01', '2026-04-22 16:15:27'),
	(24, 32, 1, 2, 'Hola, me gustaría conectar contigo', '2026-04-22 15:22:33', '2026-04-22 15:23:47'),
	(25, 1, 32, 2, 'Hola, me gustaría conectar contigo', '2026-04-22 15:25:44', '2026-04-22 15:25:50'),
	(27, 31, 33, 2, 'Hola, me gustaría conectar contigo', '2026-04-22 15:46:37', '2026-04-22 15:47:00'),
	(29, 33, 40, 2, 'Hola, me gustaría conectar contigo', '2026-04-22 15:52:25', '2026-04-22 16:15:34'),
	(30, 33, 36, 2, 'Hola, me gustaría conectar contigo', '2026-04-22 15:52:47', '2026-04-22 15:54:03'),
	(31, 33, 5, 2, 'Hola, me gustaría conectar contigo', '2026-04-22 15:58:42', '2026-04-22 15:59:17'),
	(35, 5, 40, 2, 'Hola, me gustaría conectar contigo', '2026-04-22 16:13:10', '2026-04-22 16:14:31'),
	(36, 5, 25, 2, 'Hola, me gustaría conectar contigo', '2026-04-22 16:18:35', '2026-04-22 16:18:43'),
	(37, 34, 25, 2, 'Hola, me gustaría conectar contigo', '2026-04-22 16:23:36', '2026-04-22 16:23:49'),
	(38, 35, 25, 2, 'Hola, me gustaría conectar contigo', '2026-04-22 16:25:39', '2026-04-22 16:25:49'),
	(39, 32, 25, 2, 'Hola, me gustaría conectar contigo', '2026-04-22 16:30:47', '2026-04-22 16:31:00'),
	(40, 28, 25, 2, 'Hola, me gustaría conectar contigo', '2026-04-22 16:35:22', '2026-04-22 16:35:58'),
	(41, 28, 34, 2, 'Hola, me gustaría conectar contigo', '2026-04-22 16:37:46', '2026-04-22 16:38:19'),
	(42, 28, 36, 2, 'Hola, me gustaría conectar contigo', '2026-04-22 16:45:10', '2026-04-22 16:45:25'),
	(43, 1, 28, 2, 'Hola, me gustaría conectar contigo', '2026-04-22 16:55:17', '2026-04-22 16:55:26');

-- Volcando estructura para tabla intelsoftperu_app_enxu.conversaciones
CREATE TABLE IF NOT EXISTS `conversaciones` (
  `cov_id` int(11) NOT NULL AUTO_INCREMENT,
  `creado_por` int(11) DEFAULT NULL,
  `creado_fecha` datetime NOT NULL DEFAULT current_timestamp(),
  `actualizado_por` int(11) DEFAULT NULL,
  `actualizado_fecha` datetime DEFAULT NULL ON UPDATE current_timestamp(),
  PRIMARY KEY (`cov_id`) USING BTREE,
  KEY `creado_por` (`creado_por`) USING BTREE,
  KEY `actualizado_por` (`actualizado_por`) USING BTREE,
  CONSTRAINT `conversaciones_ibfk_1` FOREIGN KEY (`creado_por`) REFERENCES `usuario` (`usu_id`),
  CONSTRAINT `conversaciones_ibfk_2` FOREIGN KEY (`actualizado_por`) REFERENCES `usuario` (`usu_id`)
) ENGINE=InnoDB DEFAULT CHARSET=utf8mb4 COLLATE=utf8mb4_unicode_ci ROW_FORMAT=DYNAMIC;

-- Volcando datos para la tabla intelsoftperu_app_enxu.conversaciones: ~0 rows (aproximadamente)

-- Volcando estructura para tabla intelsoftperu_app_enxu.departamentos
CREATE TABLE IF NOT EXISTS `departamentos` (
  `dep_id` int(11) NOT NULL AUTO_INCREMENT,
  `pai_id` int(11) NOT NULL,
  `dep_nombre` varchar(100) NOT NULL,
  `creado_por` int(11) DEFAULT NULL,
  `creado_fecha` datetime NOT NULL DEFAULT current_timestamp(),
  `actualizado_por` int(11) DEFAULT NULL,
  `actualizado_fecha` datetime DEFAULT NULL ON UPDATE current_timestamp(),
  PRIMARY KEY (`dep_id`) USING BTREE,
  UNIQUE KEY `pai_id` (`pai_id`,`dep_nombre`) USING BTREE,
  KEY `creado_por` (`creado_por`) USING BTREE,
  KEY `actualizado_por` (`actualizado_por`) USING BTREE,
  CONSTRAINT `departamentos_ibfk_1` FOREIGN KEY (`pai_id`) REFERENCES `paises` (`pai_id`),
  CONSTRAINT `departamentos_ibfk_2` FOREIGN KEY (`creado_por`) REFERENCES `usuario` (`usu_id`),
  CONSTRAINT `departamentos_ibfk_3` FOREIGN KEY (`actualizado_por`) REFERENCES `usuario` (`usu_id`)
) ENGINE=InnoDB AUTO_INCREMENT=3 DEFAULT CHARSET=utf8mb4 COLLATE=utf8mb4_unicode_ci ROW_FORMAT=DYNAMIC;

-- Volcando datos para la tabla intelsoftperu_app_enxu.departamentos: ~2 rows (aproximadamente)
INSERT INTO `departamentos` (`dep_id`, `pai_id`, `dep_nombre`, `creado_por`, `creado_fecha`, `actualizado_por`, `actualizado_fecha`) VALUES
	(1, 1, 'Antioquia', NULL, '2026-03-14 11:19:16', NULL, NULL),
	(2, 2, 'CDMX', NULL, '2026-03-14 11:19:16', NULL, NULL);

-- Volcando estructura para tabla intelsoftperu_app_enxu.habilidades
CREATE TABLE IF NOT EXISTS `habilidades` (
  `hab_id` int(11) NOT NULL AUTO_INCREMENT,
  `hab_nombre` varchar(100) NOT NULL,
  `hab_categoria` varchar(100) DEFAULT NULL,
  `creado_por` int(11) DEFAULT NULL,
  `creado_fecha` datetime NOT NULL DEFAULT current_timestamp(),
  `actualizado_por` int(11) DEFAULT NULL,
  `actualizado_fecha` datetime DEFAULT NULL ON UPDATE current_timestamp(),
  PRIMARY KEY (`hab_id`) USING BTREE,
  UNIQUE KEY `hab_nombre` (`hab_nombre`) USING BTREE,
  KEY `creado_por` (`creado_por`) USING BTREE,
  KEY `actualizado_por` (`actualizado_por`) USING BTREE,
  CONSTRAINT `habilidades_ibfk_1` FOREIGN KEY (`creado_por`) REFERENCES `usuario` (`usu_id`),
  CONSTRAINT `habilidades_ibfk_2` FOREIGN KEY (`actualizado_por`) REFERENCES `usuario` (`usu_id`)
) ENGINE=InnoDB AUTO_INCREMENT=9 DEFAULT CHARSET=utf8mb4 COLLATE=utf8mb4_unicode_ci ROW_FORMAT=DYNAMIC;

-- Volcando datos para la tabla intelsoftperu_app_enxu.habilidades: ~8 rows (aproximadamente)
INSERT INTO `habilidades` (`hab_id`, `hab_nombre`, `hab_categoria`, `creado_por`, `creado_fecha`, `actualizado_por`, `actualizado_fecha`) VALUES
	(1, 'Flutter', 'Mobile Development', NULL, '2026-03-14 11:19:05', NULL, NULL),
	(2, 'Adobe XD', 'Design Tools', NULL, '2026-03-14 11:19:05', NULL, NULL),
	(3, 'MySQL / PostgreSQL', 'Database', NULL, '2026-03-19 12:52:40', NULL, NULL),
	(4, 'AWS', 'Cloud Services', NULL, '2026-03-19 12:52:40', NULL, NULL),
	(5, 'Docker', 'DevOps', NULL, '2026-03-19 12:52:40', NULL, NULL),
	(6, 'Figma', 'Design Tools', NULL, '2026-03-19 12:53:13', NULL, NULL),
	(7, 'Sketch', 'Design Tools', NULL, '2026-03-19 12:53:13', NULL, NULL),
	(8, 'Photoshop', 'Design Tools', NULL, '2026-03-19 12:53:13', NULL, NULL);

-- Volcando estructura para tabla intelsoftperu_app_enxu.historial_acceso
CREATE TABLE IF NOT EXISTS `historial_acceso` (
  `his_id` int(11) NOT NULL AUTO_INCREMENT,
  `usu_id` int(11) NOT NULL,
  `dis_id` int(11) DEFAULT NULL,
  `his_login` datetime NOT NULL,
  `his_logout` datetime DEFAULT NULL,
  `his_ip` varchar(50) DEFAULT NULL,
  `his_resultado` varchar(10) DEFAULT NULL,
  `creado_fecha` datetime NOT NULL DEFAULT current_timestamp(),
  PRIMARY KEY (`his_id`) USING BTREE,
  KEY `fk_historial_usuario` (`usu_id`) USING BTREE,
  KEY `fk_historial_dispositivo` (`dis_id`) USING BTREE,
  CONSTRAINT `fk_historial_dispositivo` FOREIGN KEY (`dis_id`) REFERENCES `dispositivo` (`dis_id`),
  CONSTRAINT `fk_historial_usuario` FOREIGN KEY (`usu_id`) REFERENCES `usuario` (`usu_id`)
) ENGINE=InnoDB AUTO_INCREMENT=301 DEFAULT CHARSET=utf8mb4 COLLATE=utf8mb4_unicode_ci ROW_FORMAT=DYNAMIC;

-- Volcando datos para la tabla intelsoftperu_app_enxu.historial_acceso: ~280 rows (aproximadamente)
INSERT INTO `historial_acceso` (`his_id`, `usu_id`, `dis_id`, `his_login`, `his_logout`, `his_ip`, `his_resultado`, `creado_fecha`) VALUES
	(1, 1, 1, '2026-03-14 11:18:53', NULL, '::1', 'OK', '2026-03-14 11:18:53'),
	(2, 1, 1, '2026-03-14 11:20:15', NULL, '::1', 'OK', '2026-03-14 11:20:15'),
	(3, 1, 1, '2026-03-14 11:20:26', NULL, '::1', 'OK', '2026-03-14 11:20:26'),
	(4, 1, 1, '2026-03-14 12:17:58', NULL, '::1', 'OK', '2026-03-14 12:17:58'),
	(5, 1, 1, '2026-03-14 13:36:55', NULL, '::1', 'OK', '2026-03-14 13:36:55'),
	(6, 1, 1, '2026-03-14 13:43:45', NULL, '::1', 'OK', '2026-03-14 13:43:45'),
	(7, 1, 2, '2026-03-14 18:18:20', NULL, '192.168.1.17', 'OK', '2026-03-14 18:18:20'),
	(8, 1, 2, '2026-03-15 12:28:15', NULL, '192.168.1.17', 'OK', '2026-03-15 12:28:15'),
	(9, 1, 1, '2026-03-15 12:35:47', NULL, '::1', 'OK', '2026-03-15 12:35:47'),
	(10, 1, 2, '2026-03-15 13:50:41', NULL, '127.0.0.1', 'OK', '2026-03-15 13:50:41'),
	(11, 1, 1, '2026-03-15 15:17:29', NULL, '::1', 'OK', '2026-03-15 15:17:29'),
	(12, 2, 3, '2026-03-15 16:05:26', NULL, '127.0.0.1', 'OK', '2026-03-15 16:05:26'),
	(13, 2, 3, '2026-03-15 16:05:43', NULL, '127.0.0.1', 'OK', '2026-03-15 16:05:43'),
	(14, 1, 1, '2026-03-15 16:16:04', NULL, '::1', 'OK', '2026-03-15 16:16:04'),
	(15, 2, 3, '2026-03-15 16:48:58', NULL, '127.0.0.1', 'OK', '2026-03-15 16:48:58'),
	(16, 2, 3, '2026-03-15 16:51:01', NULL, '127.0.0.1', 'OK', '2026-03-15 16:51:01'),
	(17, 3, 4, '2026-03-15 19:53:10', NULL, '127.0.0.1', 'OK', '2026-03-15 19:53:10'),
	(18, 3, 4, '2026-03-15 19:53:28', NULL, '127.0.0.1', 'OK', '2026-03-15 19:53:28'),
	(19, 4, 5, '2026-03-15 19:59:25', NULL, '127.0.0.1', 'OK', '2026-03-15 19:59:25'),
	(20, 4, 5, '2026-03-15 19:59:37', NULL, '127.0.0.1', 'OK', '2026-03-15 19:59:37'),
	(21, 5, 6, '2026-03-15 20:11:18', NULL, '127.0.0.1', 'OK', '2026-03-15 20:11:18'),
	(22, 5, 6, '2026-03-15 20:11:30', NULL, '127.0.0.1', 'OK', '2026-03-15 20:11:30'),
	(23, 1, 1, '2026-03-15 20:21:44', NULL, '::1', 'OK', '2026-03-15 20:21:44'),
	(24, 1, 2, '2026-03-15 21:27:37', NULL, '127.0.0.1', 'OK', '2026-03-15 21:27:37'),
	(25, 1, 2, '2026-03-16 09:38:11', NULL, '127.0.0.1', 'OK', '2026-03-16 09:38:11'),
	(26, 1, 1, '2026-03-16 09:42:35', NULL, '::1', 'OK', '2026-03-16 09:42:35'),
	(27, 6, 7, '2026-03-16 09:43:55', NULL, '127.0.0.1', 'OK', '2026-03-16 09:43:55'),
	(28, 6, 7, '2026-03-16 09:44:16', NULL, '127.0.0.1', 'OK', '2026-03-16 09:44:16'),
	(29, 1, 1, '2026-03-16 21:34:00', NULL, '::1', 'OK', '2026-03-16 21:34:00'),
	(30, 1, 1, '2026-03-17 15:01:13', NULL, '::1', 'OK', '2026-03-17 15:01:13'),
	(31, 5, 8, '2026-03-17 15:12:12', NULL, '::1', 'OK', '2026-03-17 15:12:12'),
	(32, 1, 1, '2026-03-17 15:13:32', NULL, '::1', 'OK', '2026-03-17 15:13:32'),
	(33, 1, 1, '2026-03-17 23:01:32', NULL, '::1', 'OK', '2026-03-17 23:01:32'),
	(34, 7, 9, '2026-03-18 14:26:10', NULL, '127.0.0.1', 'OK', '2026-03-18 14:26:10'),
	(35, 8, 10, '2026-03-18 14:55:31', NULL, '127.0.0.1', 'OK', '2026-03-18 14:55:31'),
	(36, 8, 10, '2026-03-18 14:56:58', NULL, '127.0.0.1', 'OK', '2026-03-18 14:56:58'),
	(37, 8, 10, '2026-03-18 14:59:06', NULL, '127.0.0.1', 'OK', '2026-03-18 14:59:06'),
	(38, 9, 11, '2026-03-18 15:15:32', NULL, '127.0.0.1', 'OK', '2026-03-18 15:15:32'),
	(39, 1, 1, '2026-03-18 15:17:39', NULL, '::1', 'OK', '2026-03-18 15:17:39'),
	(40, 1, 1, '2026-03-18 15:24:13', NULL, '::1', 'OK', '2026-03-18 15:24:13'),
	(41, 1, 12, '2026-03-18 16:25:04', NULL, '127.0.0.1', 'OK', '2026-03-18 16:25:04'),
	(42, 1, 12, '2026-03-18 16:34:01', NULL, '127.0.0.1', 'OK', '2026-03-18 16:34:01'),
	(43, 1, 12, '2026-03-18 17:13:54', NULL, '127.0.0.1', 'OK', '2026-03-18 17:13:54'),
	(44, 1, 1, '2026-03-18 21:53:26', NULL, '::1', 'OK', '2026-03-18 21:53:26'),
	(45, 10, 13, '2026-03-18 22:00:56', NULL, '127.0.0.1', 'OK', '2026-03-18 22:00:56'),
	(46, 11, 14, '2026-03-18 22:03:04', NULL, '::1', 'OK', '2026-03-18 22:03:04'),
	(47, 1, 12, '2026-03-18 22:07:15', NULL, '127.0.0.1', 'OK', '2026-03-18 22:07:15'),
	(48, 1, 1, '2026-03-18 22:27:24', NULL, '::1', 'OK', '2026-03-18 22:27:24'),
	(49, 12, 15, '2026-03-19 10:19:02', NULL, '::1', 'OK', '2026-03-19 10:19:02'),
	(50, 1, 12, '2026-03-19 11:06:52', NULL, '127.0.0.1', 'OK', '2026-03-19 11:06:52'),
	(51, 1, 1, '2026-03-19 11:09:56', NULL, '::1', 'OK', '2026-03-19 11:09:56'),
	(52, 1, 12, '2026-03-19 11:29:03', NULL, '127.0.0.1', 'OK', '2026-03-19 11:29:03'),
	(53, 1, 1, '2026-03-19 12:15:28', NULL, '::1', 'OK', '2026-03-19 12:15:28'),
	(54, 1, 12, '2026-03-19 12:17:44', NULL, '127.0.0.1', 'OK', '2026-03-19 12:17:44'),
	(55, 1, 12, '2026-03-19 12:20:57', NULL, '127.0.0.1', 'OK', '2026-03-19 12:20:57'),
	(56, 1, 12, '2026-03-19 13:27:53', NULL, '127.0.0.1', 'OK', '2026-03-19 13:27:53'),
	(57, 1, 1, '2026-03-19 13:36:02', NULL, '::1', 'OK', '2026-03-19 13:36:02'),
	(58, 13, 16, '2026-03-19 14:00:53', NULL, '127.0.0.1', 'OK', '2026-03-19 14:00:53'),
	(59, 14, 17, '2026-03-19 14:14:01', NULL, '::1', 'OK', '2026-03-19 14:14:01'),
	(60, 15, 18, '2026-03-19 14:18:00', NULL, '127.0.0.1', 'OK', '2026-03-19 14:18:00'),
	(61, 16, 19, '2026-03-19 14:35:14', NULL, '::1', 'OK', '2026-03-19 14:35:14'),
	(62, 17, 20, '2026-03-19 14:53:36', NULL, '127.0.0.1', 'OK', '2026-03-19 14:53:36'),
	(63, 1, 12, '2026-03-19 14:58:14', NULL, '127.0.0.1', 'OK', '2026-03-19 14:58:14'),
	(64, 18, 21, '2026-03-19 15:24:08', NULL, '127.0.0.1', 'OK', '2026-03-19 15:24:08'),
	(65, 19, 22, '2026-03-19 15:27:07', NULL, '127.0.0.1', 'OK', '2026-03-19 15:27:07'),
	(66, 20, 23, '2026-03-19 15:36:25', NULL, '127.0.0.1', 'OK', '2026-03-19 15:36:25'),
	(67, 21, 24, '2026-03-19 15:43:57', NULL, '127.0.0.1', 'OK', '2026-03-19 15:43:57'),
	(68, 22, 25, '2026-03-19 16:00:16', NULL, '127.0.0.1', 'OK', '2026-03-19 16:00:16'),
	(69, 23, 26, '2026-03-19 16:03:05', NULL, '127.0.0.1', 'OK', '2026-03-19 16:03:05'),
	(70, 24, 27, '2026-03-19 16:06:45', NULL, '127.0.0.1', 'OK', '2026-03-19 16:06:45'),
	(71, 1, 12, '2026-03-19 16:09:09', NULL, '127.0.0.1', 'OK', '2026-03-19 16:09:09'),
	(72, 1, 12, '2026-03-23 11:17:32', NULL, '127.0.0.1', 'OK', '2026-03-23 11:17:32'),
	(73, 1, 12, '2026-03-23 12:08:05', NULL, '127.0.0.1', 'OK', '2026-03-23 12:08:05'),
	(74, 25, 28, '2026-03-23 12:44:44', NULL, '127.0.0.1', 'OK', '2026-03-23 12:44:44'),
	(75, 1, 12, '2026-03-23 15:07:37', NULL, '127.0.0.1', 'OK', '2026-03-23 15:07:37'),
	(76, 1, 1, '2026-03-23 15:12:47', NULL, '::1', 'OK', '2026-03-23 15:12:47'),
	(77, 25, 28, '2026-03-23 15:49:15', NULL, '127.0.0.1', 'OK', '2026-03-23 15:49:15'),
	(78, 1, 12, '2026-03-23 17:15:28', NULL, '127.0.0.1', 'OK', '2026-03-23 17:15:28'),
	(79, 26, 29, '2026-03-23 18:17:23', NULL, '127.0.0.1', 'OK', '2026-03-23 18:17:23'),
	(80, 1, 12, '2026-03-23 19:20:49', NULL, '127.0.0.1', 'OK', '2026-03-23 19:20:49'),
	(81, 1, 12, '2026-03-24 16:34:12', NULL, '127.0.0.1', 'OK', '2026-03-24 16:34:12'),
	(82, 1, 12, '2026-03-24 19:13:43', NULL, '127.0.0.1', 'OK', '2026-03-24 19:13:43'),
	(83, 1, 12, '2026-03-24 21:22:02', NULL, '127.0.0.1', 'OK', '2026-03-24 21:22:02'),
	(84, 1, 30, '2026-03-27 17:34:54', NULL, '::1', 'OK', '2026-03-27 17:34:54'),
	(85, 1, 12, '2026-03-27 18:06:28', NULL, '127.0.0.1', 'OK', '2026-03-27 18:06:28'),
	(86, 1, 31, '2026-03-27 20:06:52', NULL, '127.0.0.1', 'OK', '2026-03-27 20:06:52'),
	(87, 1, 31, '2026-03-30 10:49:49', NULL, '127.0.0.1', 'OK', '2026-03-30 10:49:49'),
	(88, 1, 31, '2026-03-30 12:00:20', NULL, '127.0.0.1', 'OK', '2026-03-30 12:00:20'),
	(89, 1, 30, '2026-03-30 12:47:15', NULL, '::1', 'OK', '2026-03-30 12:47:15'),
	(90, 27, 32, '2026-03-30 12:55:05', NULL, '::1', 'OK', '2026-03-30 12:55:05'),
	(91, 27, 33, '2026-03-30 12:55:43', NULL, '::1', 'OK', '2026-03-30 12:55:43'),
	(92, 28, 34, '2026-03-30 12:56:37', NULL, '127.0.0.1', 'OK', '2026-03-30 12:56:37'),
	(93, 28, 35, '2026-03-30 13:22:18', NULL, '::1', 'OK', '2026-03-30 13:22:18'),
	(94, 28, 34, '2026-03-30 13:25:23', NULL, '127.0.0.1', 'OK', '2026-03-30 13:25:23'),
	(95, 1, 30, '2026-03-30 14:05:03', NULL, '::1', 'OK', '2026-03-30 14:05:03'),
	(96, 1, 31, '2026-04-13 16:04:30', NULL, '127.0.0.1', 'OK', '2026-04-13 16:04:30'),
	(97, 1, 31, '2026-04-13 17:45:32', NULL, '127.0.0.1', 'OK', '2026-04-13 17:45:32'),
	(98, 29, 36, '2026-04-13 17:46:58', NULL, '127.0.0.1', 'OK', '2026-04-13 17:46:58'),
	(99, 30, 37, '2026-04-13 17:50:16', NULL, '127.0.0.1', 'OK', '2026-04-13 17:50:16'),
	(100, 1, 30, '2026-04-13 17:58:54', NULL, '::1', 'OK', '2026-04-13 17:58:54'),
	(101, 31, 38, '2026-04-13 17:59:09', NULL, '::1', 'OK', '2026-04-13 17:59:09'),
	(102, 32, 39, '2026-04-13 18:05:14', NULL, '127.0.0.1', 'OK', '2026-04-13 18:05:14'),
	(103, 32, 39, '2026-04-13 18:06:27', NULL, '127.0.0.1', 'OK', '2026-04-13 18:06:27'),
	(104, 33, 40, '2026-04-13 18:09:05', NULL, '127.0.0.1', 'OK', '2026-04-13 18:09:05'),
	(105, 33, 40, '2026-04-13 18:09:26', NULL, '127.0.0.1', 'OK', '2026-04-13 18:09:26'),
	(106, 12, 41, '2026-04-13 18:28:06', NULL, '::1', 'OK', '2026-04-13 18:28:06'),
	(107, 12, 42, '2026-04-13 19:30:06', NULL, '192.168.1.20', 'OK', '2026-04-13 19:30:06'),
	(108, 1, 43, '2026-04-13 19:33:29', NULL, '192.168.1.20', 'OK', '2026-04-13 19:33:29'),
	(109, 12, 42, '2026-04-13 20:53:24', NULL, '192.168.1.20', 'OK', '2026-04-13 20:53:24'),
	(110, 1, 43, '2026-04-14 10:22:11', NULL, '192.168.1.20', 'OK', '2026-04-14 10:22:11'),
	(111, 1, 43, '2026-04-14 15:13:57', NULL, '192.168.1.20', 'OK', '2026-04-14 15:13:57'),
	(112, 1, 30, '2026-04-14 15:21:51', NULL, '::1', 'OK', '2026-04-14 15:21:51'),
	(113, 1, 43, '2026-04-14 15:58:13', NULL, '192.168.1.20', 'OK', '2026-04-14 15:58:13'),
	(114, 1, 43, '2026-04-14 16:00:15', NULL, '192.168.1.20', 'OK', '2026-04-14 16:00:15'),
	(115, 1, 43, '2026-04-14 16:03:30', NULL, '192.168.1.20', 'OK', '2026-04-14 16:03:30'),
	(116, 1, 30, '2026-04-14 16:26:23', NULL, '::1', 'OK', '2026-04-14 16:26:23'),
	(117, 1, 30, '2026-04-14 16:35:05', NULL, '::1', 'OK', '2026-04-14 16:35:05'),
	(118, 1, 43, '2026-04-14 20:17:45', NULL, '192.168.1.20', 'OK', '2026-04-14 20:17:45'),
	(119, 5, 44, '2026-04-14 20:34:03', NULL, '192.168.1.20', 'OK', '2026-04-14 20:34:03'),
	(120, 25, 45, '2026-04-14 20:39:46', NULL, '192.168.1.20', 'OK', '2026-04-14 20:39:46'),
	(121, 1, 43, '2026-04-14 20:52:05', NULL, '192.168.1.20', 'OK', '2026-04-14 20:52:05'),
	(122, 25, 45, '2026-04-14 20:53:50', NULL, '192.168.1.20', 'OK', '2026-04-14 20:53:50'),
	(123, 1, 43, '2026-04-14 21:07:08', NULL, '192.168.1.20', 'OK', '2026-04-14 21:07:08'),
	(124, 25, 45, '2026-04-14 21:08:03', NULL, '192.168.1.20', 'OK', '2026-04-14 21:08:03'),
	(125, 1, 43, '2026-04-14 21:13:32', NULL, '192.168.1.20', 'OK', '2026-04-14 21:13:32'),
	(126, 25, 45, '2026-04-14 21:15:32', NULL, '192.168.1.20', 'OK', '2026-04-14 21:15:32'),
	(127, 1, 43, '2026-04-14 21:19:01', NULL, '192.168.1.20', 'OK', '2026-04-14 21:19:01'),
	(128, 1, 43, '2026-04-14 21:28:38', NULL, '192.168.1.20', 'OK', '2026-04-14 21:28:38'),
	(129, 34, 46, '2026-04-14 21:31:11', NULL, '192.168.1.20', 'OK', '2026-04-14 21:31:11'),
	(130, 34, 46, '2026-04-14 21:32:33', NULL, '192.168.1.20', 'OK', '2026-04-14 21:32:33'),
	(131, 1, 43, '2026-04-15 09:32:36', NULL, '192.168.1.20', 'OK', '2026-04-15 09:32:36'),
	(132, 25, 45, '2026-04-15 09:38:27', NULL, '192.168.1.20', 'OK', '2026-04-15 09:38:27'),
	(133, 34, 46, '2026-04-15 09:48:58', NULL, '192.168.1.20', 'OK', '2026-04-15 09:48:58'),
	(134, 1, 43, '2026-04-15 09:50:56', NULL, '192.168.1.20', 'OK', '2026-04-15 09:50:56'),
	(135, 25, 45, '2026-04-15 10:28:30', NULL, '192.168.1.20', 'OK', '2026-04-15 10:28:30'),
	(136, 34, 46, '2026-04-15 10:41:15', NULL, '192.168.1.20', 'OK', '2026-04-15 10:41:15'),
	(137, 25, 45, '2026-04-15 10:45:26', NULL, '192.168.1.20', 'OK', '2026-04-15 10:45:26'),
	(138, 34, 46, '2026-04-15 10:56:07', NULL, '192.168.1.20', 'OK', '2026-04-15 10:56:07'),
	(139, 25, 45, '2026-04-15 10:57:00', NULL, '192.168.1.20', 'OK', '2026-04-15 10:57:00'),
	(140, 1, 43, '2026-04-15 10:58:05', NULL, '192.168.1.20', 'OK', '2026-04-15 10:58:05'),
	(141, 25, 45, '2026-04-15 10:58:31', NULL, '192.168.1.20', 'OK', '2026-04-15 10:58:31'),
	(142, 1, 30, '2026-04-15 11:03:36', NULL, '::1', 'OK', '2026-04-15 11:03:36'),
	(143, 25, 45, '2026-04-15 14:55:02', NULL, '192.168.1.20', 'OK', '2026-04-15 14:55:02'),
	(144, 34, 46, '2026-04-15 14:57:48', NULL, '192.168.1.20', 'OK', '2026-04-15 14:57:48'),
	(145, 25, 45, '2026-04-15 14:58:15', NULL, '192.168.1.20', 'OK', '2026-04-15 14:58:15'),
	(146, 1, 43, '2026-04-15 15:06:54', NULL, '192.168.1.20', 'OK', '2026-04-15 15:06:54'),
	(147, 25, 45, '2026-04-15 15:32:07', NULL, '192.168.1.20', 'OK', '2026-04-15 15:32:07'),
	(148, 34, 46, '2026-04-15 15:42:26', NULL, '192.168.1.20', 'OK', '2026-04-15 15:42:26'),
	(149, 1, 43, '2026-04-15 15:54:01', NULL, '192.168.1.20', 'OK', '2026-04-15 15:54:01'),
	(150, 25, 45, '2026-04-15 16:01:39', NULL, '192.168.1.20', 'OK', '2026-04-15 16:01:39'),
	(151, 34, 46, '2026-04-15 16:30:35', NULL, '192.168.1.20', 'OK', '2026-04-15 16:30:35'),
	(152, 25, 45, '2026-04-15 19:00:10', NULL, '192.168.1.20', 'OK', '2026-04-15 19:00:10'),
	(153, 34, 46, '2026-04-15 19:14:37', NULL, '192.168.1.20', 'OK', '2026-04-15 19:14:37'),
	(154, 25, 45, '2026-04-15 20:35:38', NULL, '192.168.1.20', 'OK', '2026-04-15 20:35:38'),
	(155, 25, 45, '2026-04-15 20:50:09', NULL, '192.168.1.20', 'OK', '2026-04-15 20:50:09'),
	(156, 34, 46, '2026-04-15 20:52:28', NULL, '192.168.1.20', 'OK', '2026-04-15 20:52:28'),
	(157, 1, 30, '2026-04-15 21:41:26', NULL, '::1', 'OK', '2026-04-15 21:41:26'),
	(158, 1, 30, '2026-04-15 21:42:09', NULL, '::1', 'OK', '2026-04-15 21:42:09'),
	(159, 1, 30, '2026-04-15 21:44:33', NULL, '::1', 'OK', '2026-04-15 21:44:33'),
	(160, 35, 47, '2026-04-15 21:51:35', NULL, '192.168.1.20', 'OK', '2026-04-15 21:51:35'),
	(161, 35, 47, '2026-04-15 21:51:58', NULL, '192.168.1.20', 'OK', '2026-04-15 21:51:58'),
	(162, 36, 48, '2026-04-15 22:05:00', NULL, '192.168.1.20', 'OK', '2026-04-15 22:05:00'),
	(163, 36, 48, '2026-04-15 22:05:16', NULL, '192.168.1.20', 'OK', '2026-04-15 22:05:16'),
	(164, 37, 49, '2026-04-15 22:17:03', NULL, '192.168.1.20', 'OK', '2026-04-15 22:17:03'),
	(165, 37, 49, '2026-04-15 22:17:22', NULL, '192.168.1.20', 'OK', '2026-04-15 22:17:22'),
	(166, 38, 50, '2026-04-15 22:27:23', NULL, '192.168.1.20', 'OK', '2026-04-15 22:27:23'),
	(167, 38, 50, '2026-04-15 22:27:40', NULL, '192.168.1.20', 'OK', '2026-04-15 22:27:40'),
	(168, 39, 51, '2026-04-15 22:38:43', NULL, '192.168.1.20', 'OK', '2026-04-15 22:38:43'),
	(169, 39, 51, '2026-04-15 22:39:09', NULL, '192.168.1.20', 'OK', '2026-04-15 22:39:09'),
	(170, 25, 45, '2026-04-15 22:43:44', NULL, '192.168.1.20', 'OK', '2026-04-15 22:43:44'),
	(171, 34, 46, '2026-04-15 22:44:36', NULL, '192.168.1.20', 'OK', '2026-04-15 22:44:36'),
	(172, 25, 45, '2026-04-15 22:45:44', NULL, '192.168.1.20', 'OK', '2026-04-15 22:45:44'),
	(173, 34, 46, '2026-04-15 22:53:34', NULL, '192.168.1.20', 'OK', '2026-04-15 22:53:34'),
	(174, 25, 45, '2026-04-15 23:10:15', NULL, '192.168.1.20', 'OK', '2026-04-15 23:10:15'),
	(175, 34, 46, '2026-04-15 23:14:27', NULL, '192.168.1.20', 'OK', '2026-04-15 23:14:27'),
	(176, 25, 45, '2026-04-15 23:17:20', NULL, '192.168.1.20', 'OK', '2026-04-15 23:17:20'),
	(177, 34, 46, '2026-04-15 23:18:22', NULL, '192.168.1.20', 'OK', '2026-04-15 23:18:22'),
	(178, 34, 46, '2026-04-16 09:34:32', NULL, '192.168.1.20', 'OK', '2026-04-16 09:34:32'),
	(179, 34, 46, '2026-04-16 09:34:33', NULL, '192.168.1.20', 'OK', '2026-04-16 09:34:33'),
	(180, 25, 45, '2026-04-16 09:39:21', NULL, '192.168.1.20', 'OK', '2026-04-16 09:39:21'),
	(181, 34, 46, '2026-04-16 09:50:02', NULL, '192.168.1.20', 'OK', '2026-04-16 09:50:02'),
	(182, 25, 45, '2026-04-16 09:55:59', NULL, '192.168.1.20', 'OK', '2026-04-16 09:55:59'),
	(183, 40, 52, '2026-04-16 09:56:31', NULL, '192.168.1.20', 'OK', '2026-04-16 09:56:31'),
	(184, 40, 52, '2026-04-16 09:56:55', NULL, '192.168.1.20', 'OK', '2026-04-16 09:56:55'),
	(185, 25, 45, '2026-04-16 10:53:18', NULL, '192.168.1.20', 'OK', '2026-04-16 10:53:18'),
	(186, 34, 46, '2026-04-16 10:54:29', NULL, '192.168.1.20', 'OK', '2026-04-16 10:54:29'),
	(187, 25, 45, '2026-04-16 10:56:32', NULL, '192.168.1.20', 'OK', '2026-04-16 10:56:32'),
	(188, 25, 45, '2026-04-16 12:12:10', NULL, '192.168.1.20', 'OK', '2026-04-16 12:12:10'),
	(189, 25, 45, '2026-04-16 15:15:29', NULL, '192.168.1.20', 'OK', '2026-04-16 15:15:29'),
	(190, 25, 45, '2026-04-16 22:10:38', NULL, '192.168.1.20', 'OK', '2026-04-16 22:10:38'),
	(191, 25, 45, '2026-04-16 22:57:42', NULL, '192.168.1.20', 'OK', '2026-04-16 22:57:42'),
	(192, 34, 46, '2026-04-16 23:42:12', NULL, '192.168.1.20', 'OK', '2026-04-16 23:42:12'),
	(193, 25, 45, '2026-04-16 23:47:46', NULL, '192.168.1.20', 'OK', '2026-04-16 23:47:46'),
	(194, 25, 45, '2026-04-17 11:19:40', NULL, '192.168.1.20', 'OK', '2026-04-17 11:19:40'),
	(195, 25, 45, '2026-04-17 11:19:40', NULL, '192.168.1.20', 'OK', '2026-04-17 11:19:40'),
	(196, 25, 45, '2026-04-17 11:56:25', NULL, '192.168.1.20', 'OK', '2026-04-17 11:56:25'),
	(197, 40, 52, '2026-04-17 11:59:10', NULL, '192.168.1.20', 'OK', '2026-04-17 11:59:10'),
	(198, 39, 51, '2026-04-17 12:18:38', NULL, '192.168.1.20', 'OK', '2026-04-17 12:18:38'),
	(199, 25, 45, '2026-04-17 12:30:10', NULL, '192.168.1.20', 'OK', '2026-04-17 12:30:10'),
	(200, 39, 51, '2026-04-17 12:31:44', NULL, '192.168.1.20', 'OK', '2026-04-17 12:31:44'),
	(201, 39, 51, '2026-04-17 13:50:20', NULL, '192.168.1.20', 'OK', '2026-04-17 13:50:20'),
	(202, 25, 45, '2026-04-18 19:51:15', NULL, '192.168.1.20', 'OK', '2026-04-18 19:51:15'),
	(203, 39, 51, '2026-04-18 20:04:03', NULL, '192.168.1.20', 'OK', '2026-04-18 20:04:03'),
	(204, 34, 46, '2026-04-18 22:03:12', NULL, '192.168.1.20', 'OK', '2026-04-18 22:03:12'),
	(205, 1, 43, '2026-04-18 22:11:31', NULL, '192.168.1.20', 'OK', '2026-04-18 22:11:31'),
	(206, 1, 43, '2026-04-18 22:13:12', NULL, '192.168.1.20', 'OK', '2026-04-18 22:13:12'),
	(207, 39, 51, '2026-04-18 22:30:04', NULL, '192.168.1.20', 'OK', '2026-04-18 22:30:04'),
	(208, 1, 43, '2026-04-18 22:44:21', NULL, '192.168.1.20', 'OK', '2026-04-18 22:44:21'),
	(209, 25, 45, '2026-04-21 09:13:12', NULL, '192.168.1.20', 'OK', '2026-04-21 09:13:12'),
	(210, 34, 46, '2026-04-21 09:56:51', NULL, '192.168.1.20', 'OK', '2026-04-21 09:56:51'),
	(211, 34, 46, '2026-04-21 10:10:19', NULL, '192.168.1.20', 'OK', '2026-04-21 10:10:19'),
	(212, 25, 45, '2026-04-21 11:37:56', NULL, '192.168.1.20', 'OK', '2026-04-21 11:37:56'),
	(213, 34, 46, '2026-04-21 14:57:32', NULL, '192.168.1.20', 'OK', '2026-04-21 14:57:32'),
	(214, 1, 43, '2026-04-21 15:04:10', NULL, '192.168.1.20', 'OK', '2026-04-21 15:04:10'),
	(215, 25, 45, '2026-04-21 15:14:33', NULL, '192.168.1.20', 'OK', '2026-04-21 15:14:33'),
	(216, 1, 43, '2026-04-21 15:16:59', NULL, '192.168.1.20', 'OK', '2026-04-21 15:16:59'),
	(217, 1, 43, '2026-04-21 15:34:19', NULL, '192.168.1.20', 'OK', '2026-04-21 15:34:19'),
	(218, 25, 45, '2026-04-21 15:36:31', NULL, '192.168.1.20', 'OK', '2026-04-21 15:36:31'),
	(219, 25, 45, '2026-04-21 15:47:30', NULL, '192.168.1.20', 'OK', '2026-04-21 15:47:30'),
	(220, 1, 43, '2026-04-21 15:47:48', NULL, '192.168.1.20', 'OK', '2026-04-21 15:47:48'),
	(221, 39, 51, '2026-04-21 15:57:56', NULL, '192.168.1.20', 'OK', '2026-04-21 15:57:56'),
	(222, 37, 49, '2026-04-21 15:59:59', NULL, '192.168.1.20', 'OK', '2026-04-21 15:59:59'),
	(223, 39, 51, '2026-04-21 16:01:06', NULL, '192.168.1.20', 'OK', '2026-04-21 16:01:06'),
	(224, 25, 45, '2026-04-21 19:19:53', NULL, '192.168.1.20', 'OK', '2026-04-21 19:19:53'),
	(225, 1, 43, '2026-04-21 19:37:00', NULL, '192.168.1.20', 'OK', '2026-04-21 19:37:00'),
	(226, 37, 49, '2026-04-21 19:41:57', NULL, '192.168.1.20', 'OK', '2026-04-21 19:41:57'),
	(227, 1, 43, '2026-04-21 19:43:07', NULL, '192.168.1.20', 'OK', '2026-04-21 19:43:07'),
	(228, 37, 49, '2026-04-21 19:44:09', NULL, '192.168.1.20', 'OK', '2026-04-21 19:44:09'),
	(229, 1, 43, '2026-04-21 19:44:42', NULL, '192.168.1.20', 'OK', '2026-04-21 19:44:42'),
	(230, 39, 51, '2026-04-21 20:51:24', NULL, '192.168.1.20', 'OK', '2026-04-21 20:51:24'),
	(231, 25, 53, '2026-04-22 10:18:40', NULL, '192.168.1.20', 'OK', '2026-04-22 10:18:40'),
	(232, 37, 54, '2026-04-22 10:19:35', NULL, '192.168.1.20', 'OK', '2026-04-22 10:19:35'),
	(233, 1, 55, '2026-04-22 10:20:24', NULL, '192.168.1.20', 'OK', '2026-04-22 10:20:24'),
	(234, 1, 55, '2026-04-22 10:31:43', NULL, '192.168.1.20', 'OK', '2026-04-22 10:31:43'),
	(235, 25, 53, '2026-04-22 10:52:13', NULL, '192.168.1.20', 'OK', '2026-04-22 10:52:13'),
	(236, 1, 55, '2026-04-22 10:53:03', NULL, '192.168.1.20', 'OK', '2026-04-22 10:53:03'),
	(237, 25, 53, '2026-04-22 10:54:00', NULL, '192.168.1.20', 'OK', '2026-04-22 10:54:00'),
	(238, 1, 55, '2026-04-22 11:10:45', NULL, '192.168.1.20', 'OK', '2026-04-22 11:10:45'),
	(239, 1, 55, '2026-04-22 11:21:51', NULL, '192.168.1.20', 'OK', '2026-04-22 11:21:51'),
	(240, 25, 53, '2026-04-22 11:33:08', NULL, '192.168.1.20', 'OK', '2026-04-22 11:33:08'),
	(241, 39, 56, '2026-04-22 11:49:50', NULL, '192.168.1.19', 'OK', '2026-04-22 11:49:50'),
	(242, 34, 57, '2026-04-22 11:52:39', NULL, '192.168.1.19', 'OK', '2026-04-22 11:52:39'),
	(243, 40, 58, '2026-04-22 11:59:31', NULL, '192.168.1.19', 'OK', '2026-04-22 11:59:31'),
	(244, 1, 55, '2026-04-22 12:08:55', NULL, '192.168.1.20', 'OK', '2026-04-22 12:08:55'),
	(245, 34, 59, '2026-04-22 12:09:34', NULL, '192.168.1.20', 'OK', '2026-04-22 12:09:34'),
	(246, 34, 59, '2026-04-22 12:20:34', NULL, '192.168.1.20', 'OK', '2026-04-22 12:20:34'),
	(247, 36, 60, '2026-04-22 14:24:02', NULL, '192.168.1.20', 'OK', '2026-04-22 14:24:02'),
	(248, 40, 58, '2026-04-22 14:24:32', NULL, '192.168.1.19', 'OK', '2026-04-22 14:24:32'),
	(249, 35, 61, '2026-04-22 14:32:00', NULL, '192.168.1.19', 'OK', '2026-04-22 14:32:00'),
	(250, 32, 62, '2026-04-22 14:54:42', NULL, '192.168.1.19', 'OK', '2026-04-22 14:54:42'),
	(251, 35, 63, '2026-04-22 15:00:50', NULL, '192.168.1.20', 'OK', '2026-04-22 15:00:50'),
	(252, 37, 54, '2026-04-22 15:12:38', NULL, '192.168.1.20', 'OK', '2026-04-22 15:12:38'),
	(253, 37, 54, '2026-04-22 15:17:22', NULL, '192.168.1.20', 'OK', '2026-04-22 15:17:22'),
	(254, 32, 62, '2026-04-22 15:18:28', NULL, '192.168.1.19', 'OK', '2026-04-22 15:18:28'),
	(255, 1, 55, '2026-04-22 15:23:30', NULL, '192.168.1.20', 'OK', '2026-04-22 15:23:30'),
	(256, 25, 64, '2026-04-22 15:29:39', NULL, '192.168.1.19', 'OK', '2026-04-22 15:29:39'),
	(257, 34, 59, '2026-04-22 15:32:11', NULL, '192.168.1.20', 'OK', '2026-04-22 15:32:11'),
	(258, 40, 58, '2026-04-22 15:33:02', NULL, '192.168.1.19', 'OK', '2026-04-22 15:33:02'),
	(259, 31, 65, '2026-04-22 15:40:03', NULL, '192.168.1.20', 'OK', '2026-04-22 15:40:03'),
	(260, 33, 66, '2026-04-22 15:45:23', NULL, '192.168.1.19', 'OK', '2026-04-22 15:45:23'),
	(261, 36, 60, '2026-04-22 15:53:39', NULL, '192.168.1.20', 'OK', '2026-04-22 15:53:39'),
	(262, 5, 67, '2026-04-22 15:59:11', NULL, '192.168.1.20', 'OK', '2026-04-22 15:59:11'),
	(263, 25, 64, '2026-04-22 16:13:53', NULL, '192.168.1.19', 'OK', '2026-04-22 16:13:53'),
	(264, 40, 58, '2026-04-22 16:14:24', NULL, '192.168.1.19', 'OK', '2026-04-22 16:14:24'),
	(265, 25, 64, '2026-04-22 16:18:11', NULL, '192.168.1.19', 'OK', '2026-04-22 16:18:11'),
	(266, 39, 68, '2026-04-22 16:22:00', NULL, '192.168.1.20', 'OK', '2026-04-22 16:22:00'),
	(267, 34, 59, '2026-04-22 16:23:29', NULL, '192.168.1.20', 'OK', '2026-04-22 16:23:29'),
	(268, 35, 63, '2026-04-22 16:25:31', NULL, '192.168.1.20', 'OK', '2026-04-22 16:25:31'),
	(269, 30, 69, '2026-04-22 16:27:38', NULL, '192.168.1.20', 'OK', '2026-04-22 16:27:38'),
	(270, 32, 70, '2026-04-22 16:30:38', NULL, '192.168.1.20', 'OK', '2026-04-22 16:30:38'),
	(271, 28, 71, '2026-04-22 16:33:53', NULL, '192.168.1.20', 'OK', '2026-04-22 16:33:53'),
	(272, 28, 71, '2026-04-22 16:35:06', NULL, '192.168.1.20', 'OK', '2026-04-22 16:35:06'),
	(273, 34, 57, '2026-04-22 16:37:42', NULL, '192.168.1.19', 'OK', '2026-04-22 16:37:42'),
	(274, 28, 72, '2026-04-22 16:44:21', NULL, '192.168.1.19', 'OK', '2026-04-22 16:44:21'),
	(275, 36, 60, '2026-04-22 16:45:05', NULL, '192.168.1.20', 'OK', '2026-04-22 16:45:05'),
	(276, 1, 55, '2026-04-22 16:54:11', NULL, '192.168.1.20', 'OK', '2026-04-22 16:54:11'),
	(277, 1, 55, '2026-04-22 16:54:56', NULL, '192.168.1.20', 'OK', '2026-04-22 16:54:56'),
	(278, 34, 59, '2026-04-22 17:00:47', NULL, '192.168.1.20', 'OK', '2026-04-22 17:00:47'),
	(279, 39, 68, '2026-04-22 17:01:56', NULL, '192.168.1.20', 'OK', '2026-04-22 17:01:56'),
	(280, 25, 53, '2026-04-22 21:26:41', NULL, '192.168.1.20', 'OK', '2026-04-22 21:26:41'),
	(281, 34, 59, '2026-04-22 22:42:11', NULL, '190.234.57.218', 'OK', '2026-04-22 22:42:11'),
	(282, 34, 73, '2026-04-22 22:42:30', NULL, '179.6.26.186', 'OK', '2026-04-22 22:42:30'),
	(283, 1, 55, '2026-04-22 23:09:46', NULL, '190.234.57.218', 'OK', '2026-04-22 23:09:46'),
	(284, 34, 74, '2026-04-22 23:10:10', NULL, '179.6.26.186', 'OK', '2026-04-22 23:10:10'),
	(285, 41, 75, '2026-04-22 23:11:26', NULL, '179.6.80.101', 'OK', '2026-04-22 23:11:26'),
	(286, 39, 68, '2026-04-22 23:12:48', NULL, '190.234.57.218', 'OK', '2026-04-22 23:12:48'),
	(287, 42, 76, '2026-04-22 23:16:08', NULL, '179.6.26.186', 'OK', '2026-04-22 23:16:08'),
	(288, 42, 76, '2026-04-22 23:16:38', NULL, '179.6.26.186', 'OK', '2026-04-22 23:16:38'),
	(289, 43, 77, '2026-04-22 23:16:47', NULL, '190.234.57.218', 'OK', '2026-04-22 23:16:47'),
	(290, 41, 75, '2026-04-22 23:17:06', NULL, '179.6.80.101', 'OK', '2026-04-22 23:17:06'),
	(291, 1, 55, '2026-04-22 23:22:27', NULL, '190.234.57.218', 'OK', '2026-04-22 23:22:27'),
	(292, 1, 55, '2026-04-22 23:28:17', NULL, '190.234.57.218', 'OK', '2026-04-22 23:28:17'),
	(293, 44, 78, '2026-04-22 23:30:53', NULL, '190.234.57.218', 'OK', '2026-04-22 23:30:53'),
	(294, 44, 78, '2026-04-22 23:35:19', NULL, '190.234.57.218', 'OK', '2026-04-22 23:35:19'),
	(295, 45, 79, '2026-04-22 23:38:20', NULL, '179.6.80.101', 'OK', '2026-04-22 23:38:20'),
	(296, 45, 79, '2026-04-22 23:38:36', NULL, '179.6.80.101', 'OK', '2026-04-22 23:38:36'),
	(297, 44, 78, '2026-04-22 23:47:30', NULL, '190.234.57.218', 'OK', '2026-04-22 23:47:30'),
	(298, 1, 55, '2026-04-22 23:50:40', NULL, '190.234.57.218', 'OK', '2026-04-22 23:50:40'),
	(299, 45, 79, '2026-04-23 00:06:19', NULL, '179.6.80.101', 'OK', '2026-04-23 00:06:19'),
	(300, 1, 55, '2026-04-23 00:08:29', NULL, '190.234.57.218', 'OK', '2026-04-23 00:08:29');

-- Volcando estructura para tabla intelsoftperu_app_enxu.login_social
CREATE TABLE IF NOT EXISTS `login_social` (
  `soc_id` int(11) NOT NULL AUTO_INCREMENT,
  `usu_id` int(11) NOT NULL,
  `soc_proveedor` varchar(50) DEFAULT NULL,
  `soc_id_externo` varchar(150) DEFAULT NULL,
  `soc_email` varchar(150) DEFAULT NULL,
  `soc_estado` tinyint(1) NOT NULL DEFAULT 1,
  `creado_fecha` datetime NOT NULL DEFAULT current_timestamp(),
  PRIMARY KEY (`soc_id`) USING BTREE,
  UNIQUE KEY `uq_social` (`soc_proveedor`,`soc_id_externo`) USING BTREE,
  KEY `fk_social_usuario` (`usu_id`) USING BTREE,
  CONSTRAINT `fk_social_usuario` FOREIGN KEY (`usu_id`) REFERENCES `usuario` (`usu_id`) ON DELETE CASCADE
) ENGINE=InnoDB DEFAULT CHARSET=utf8mb4 COLLATE=utf8mb4_unicode_ci ROW_FORMAT=DYNAMIC;

-- Volcando datos para la tabla intelsoftperu_app_enxu.login_social: ~0 rows (aproximadamente)

-- Volcando estructura para tabla intelsoftperu_app_enxu.mensajes
CREATE TABLE IF NOT EXISTS `mensajes` (
  `men_id` bigint(20) NOT NULL AUTO_INCREMENT,
  `cov_id` int(11) NOT NULL,
  `men_remitente_id` int(11) NOT NULL,
  `men_contenido` text NOT NULL,
  `men_leido` tinyint(1) DEFAULT 0,
  `men_fecha_envio` datetime NOT NULL DEFAULT current_timestamp(),
  PRIMARY KEY (`men_id`) USING BTREE,
  KEY `cov_id` (`cov_id`) USING BTREE,
  KEY `men_remitente_id` (`men_remitente_id`) USING BTREE,
  KEY `men_fecha_envio` (`men_fecha_envio`) USING BTREE,
  CONSTRAINT `mensajes_ibfk_1` FOREIGN KEY (`cov_id`) REFERENCES `conversaciones` (`cov_id`),
  CONSTRAINT `mensajes_ibfk_2` FOREIGN KEY (`men_remitente_id`) REFERENCES `usuario` (`usu_id`)
) ENGINE=InnoDB DEFAULT CHARSET=utf8mb4 COLLATE=utf8mb4_unicode_ci ROW_FORMAT=DYNAMIC;

-- Volcando datos para la tabla intelsoftperu_app_enxu.mensajes: ~0 rows (aproximadamente)

-- Volcando estructura para tabla intelsoftperu_app_enxu.paises
CREATE TABLE IF NOT EXISTS `paises` (
  `pai_id` int(11) NOT NULL AUTO_INCREMENT,
  `pai_nombre` varchar(100) NOT NULL,
  `creado_por` int(11) DEFAULT NULL,
  `creado_fecha` datetime NOT NULL DEFAULT current_timestamp(),
  `actualizado_por` int(11) DEFAULT NULL,
  `actualizado_fecha` datetime DEFAULT NULL ON UPDATE current_timestamp(),
  PRIMARY KEY (`pai_id`) USING BTREE,
  UNIQUE KEY `pai_nombre` (`pai_nombre`) USING BTREE,
  KEY `creado_por` (`creado_por`) USING BTREE,
  KEY `actualizado_por` (`actualizado_por`) USING BTREE,
  CONSTRAINT `paises_ibfk_1` FOREIGN KEY (`creado_por`) REFERENCES `usuario` (`usu_id`),
  CONSTRAINT `paises_ibfk_2` FOREIGN KEY (`actualizado_por`) REFERENCES `usuario` (`usu_id`)
) ENGINE=InnoDB AUTO_INCREMENT=3 DEFAULT CHARSET=utf8mb4 COLLATE=utf8mb4_unicode_ci ROW_FORMAT=DYNAMIC;

-- Volcando datos para la tabla intelsoftperu_app_enxu.paises: ~2 rows (aproximadamente)
INSERT INTO `paises` (`pai_id`, `pai_nombre`, `creado_por`, `creado_fecha`, `actualizado_por`, `actualizado_fecha`) VALUES
	(1, 'Colombia', NULL, '2026-03-14 11:19:16', NULL, NULL),
	(2, 'México', NULL, '2026-03-14 11:19:16', NULL, NULL);

-- Volcando estructura para tabla intelsoftperu_app_enxu.participantes_conversacion
CREATE TABLE IF NOT EXISTS `participantes_conversacion` (
  `pco_id` int(11) NOT NULL AUTO_INCREMENT,
  `cov_id` int(11) NOT NULL,
  `usu_id` int(11) NOT NULL,
  PRIMARY KEY (`pco_id`) USING BTREE,
  UNIQUE KEY `cov_id` (`cov_id`,`usu_id`) USING BTREE,
  KEY `cov_id_2` (`cov_id`) USING BTREE,
  KEY `usu_id` (`usu_id`) USING BTREE,
  CONSTRAINT `participantes_conversacion_ibfk_1` FOREIGN KEY (`cov_id`) REFERENCES `conversaciones` (`cov_id`),
  CONSTRAINT `participantes_conversacion_ibfk_2` FOREIGN KEY (`usu_id`) REFERENCES `usuario` (`usu_id`)
) ENGINE=InnoDB DEFAULT CHARSET=utf8mb4 COLLATE=utf8mb4_unicode_ci ROW_FORMAT=DYNAMIC;

-- Volcando datos para la tabla intelsoftperu_app_enxu.participantes_conversacion: ~0 rows (aproximadamente)

-- Volcando estructura para tabla intelsoftperu_app_enxu.perfil
CREATE TABLE IF NOT EXISTS `perfil` (
  `per_id` int(11) NOT NULL AUTO_INCREMENT,
  `usu_id` int(11) NOT NULL,
  `per_nombres` varchar(100) DEFAULT NULL,
  `per_ape_paterno` varchar(100) DEFAULT NULL,
  `per_ape_materno` varchar(100) DEFAULT NULL,
  `per_genero` char(1) DEFAULT NULL,
  `per_empresa` varchar(150) DEFAULT NULL,
  `ppf_id` int(11) DEFAULT NULL,
  `per_idioma` varchar(10) DEFAULT 'es',
  `per_tema` varchar(20) DEFAULT 'claro',
  `per_estado` tinyint(1) NOT NULL DEFAULT 1,
  `per_titulo` varchar(150) DEFAULT NULL,
  `per_descripcion` text DEFAULT NULL,
  `per_imagen` varchar(255) DEFAULT NULL,
  `per_remoto` tinyint(1) DEFAULT NULL,
  `per_disponibilidad` tinyint(1) DEFAULT NULL,
  `ciu_id` int(11) DEFAULT NULL,
  `creado_por` int(11) DEFAULT NULL,
  `creado_fecha` datetime NOT NULL DEFAULT current_timestamp(),
  `actualizado_por` int(11) DEFAULT NULL,
  `actualizado_fecha` datetime DEFAULT NULL,
  PRIMARY KEY (`per_id`) USING BTREE,
  KEY `fk_perfil_usuario` (`usu_id`) USING BTREE,
  KEY `fk_perfil_ciudad` (`ciu_id`) USING BTREE,
  KEY `fk_perfil_ppf` (`ppf_id`) USING BTREE,
  CONSTRAINT `fk_perfil_ciudad` FOREIGN KEY (`ciu_id`) REFERENCES `ciudades` (`ciu_id`) ON DELETE CASCADE,
  CONSTRAINT `fk_perfil_ppf` FOREIGN KEY (`ppf_id`) REFERENCES `perfil_profesional` (`ppf_id`) ON DELETE SET NULL,
  CONSTRAINT `fk_perfil_usuario` FOREIGN KEY (`usu_id`) REFERENCES `usuario` (`usu_id`) ON DELETE CASCADE
) ENGINE=InnoDB AUTO_INCREMENT=38 DEFAULT CHARSET=utf8mb4 COLLATE=utf8mb4_unicode_ci ROW_FORMAT=DYNAMIC;

-- Volcando datos para la tabla intelsoftperu_app_enxu.perfil: ~35 rows (aproximadamente)
INSERT INTO `perfil` (`per_id`, `usu_id`, `per_nombres`, `per_ape_paterno`, `per_ape_materno`, `per_genero`, `per_empresa`, `ppf_id`, `per_idioma`, `per_tema`, `per_estado`, `per_titulo`, `per_descripcion`, `per_imagen`, `per_remoto`, `per_disponibilidad`, `ciu_id`, `creado_por`, `creado_fecha`, `actualizado_por`, `actualizado_fecha`) VALUES
	(1, 1, 'Juan Carlos', 'Rodríguez', 'López', 'M', 'Tech Solutions S.A.', 1, 'es', 'claro', 1, 'Desarrollador Full Stack', 'Desarrollador con 5 años de experiencia en tecnologías web.', 'uploads/perfil/archivo_69b58ae61e9117.70055009.jpg', 1, 1, 1, NULL, '2026-03-14 11:20:54', NULL, NULL),
	(2, 2, 'test12', 'test12', 'test12', 'M', 'test12', 1, 'es', 'claro', 1, 'test12', 'test12', NULL, 1, 1, 1, NULL, '2026-03-15 16:06:39', NULL, NULL),
	(3, 3, 'test2', 'test2', 'test2', 'M', 'test', 1, 'es', 'claro', 1, 'test', 'test', NULL, 1, 1, 1, NULL, '2026-03-15 19:54:10', NULL, NULL),
	(4, 4, 'test', 'test', 'test', 'M', 'test', 1, 'es', 'claro', 1, '', 'test', NULL, 0, 1, 1, NULL, '2026-03-15 20:00:10', NULL, NULL),
	(5, 5, 'test4', 'test', 'test', 'M', 'test', 2, 'es', 'claro', 1, '', 'test', 'uploads/perfil/archivo_69b758e1be7fa0.59282029.jpg', 1, 1, 1, NULL, '2026-03-15 20:12:01', NULL, NULL),
	(6, 7, 'test', 'tes', 'test', 'F', 'test', 1, 'es', 'claro', 1, '', 'test', 'uploads/perfil/archivo_69baffe31e5e61.27551692.jpg', 1, 1, 1, NULL, '2026-03-18 14:41:23', NULL, NULL),
	(7, 8, 'test', 'test', 'test', 'M', 'test', 1, 'es', 'claro', 1, 'test', 'test', 'uploads/perfil/archivo_69bb036353b3d1.05507381.jpg', 1, 2, 1, NULL, '2026-03-18 14:56:19', NULL, NULL),
	(8, 9, 'test', 'test', 'test', 'M', 'test', 1, 'es', 'claro', 1, 'test', 'test', 'uploads/perfil/archivo_69bb0838d38c00.73327363.jpg', 1, 1, 1, NULL, '2026-03-18 15:16:56', NULL, NULL),
	(9, 15, 'Jose', 'Rodriguez', 'Mamani', 'M', 'BCP', 2, 'es', 'claro', 1, 'Contador', 'Contador apasionado a crear proyecto', 'uploads/perfil/archivo_69bc4c39e9d9f7.09142334.jpg', 1, 1, 2, NULL, '2026-03-19 14:19:21', NULL, NULL),
	(10, 17, 'test70', 'test70', 'test', 'M', 'test', 1, 'es', 'claro', 1, '', 'test', 'uploads/perfil/archivo_69bc550a5aa297.41198183.jpg', 1, 1, 1, NULL, '2026-03-19 14:56:58', NULL, NULL),
	(11, 18, 'test', 'test', 'test', 'F', 'test', 1, 'es', 'claro', 1, 'test', 'test', 'uploads/perfil/archivo_69bc5c01d13062.26471579.jpg', 1, 1, 1, NULL, '2026-03-19 15:26:41', NULL, NULL),
	(12, 19, 'test', 'test', 'test', 'M', 'test', 1, 'es', 'claro', 1, 'test', 'test', 'uploads/perfil/archivo_69bc5e35683353.52713362.jpg', 1, 1, 1, NULL, '2026-03-19 15:36:05', NULL, NULL),
	(13, 20, 'test', 'test', 'test', 'M', 'test', 1, 'es', 'claro', 1, 'test', 'test', 'uploads/perfil/archivo_69bc5ff185fd98.05661516.jpg', 1, 1, 2, NULL, '2026-03-19 15:43:29', NULL, NULL),
	(14, 21, 'test', 'test', 'test', 'M', 'test', 1, 'es', 'claro', 1, 'test', 'test', 'uploads/perfil/archivo_69bc63c31b49d9.49206107.jpg', 1, 1, 1, NULL, '2026-03-19 15:59:47', NULL, NULL),
	(15, 22, 'test', 'test', 'test', 'M', 'fda', 1, 'es', 'claro', 1, '', 'ad', 'uploads/perfil/archivo_69bc6424e67a03.28883228.jpg', 1, 1, 1, NULL, '2026-03-19 16:01:24', NULL, NULL),
	(16, 23, 'test', 'dsf', 'sdfsd', 'M', 'sdf', 1, 'es', 'claro', 1, 'dfsdf', 'fd', 'uploads/perfil/archivo_69bc654562f7d6.89444940.jpg', 1, 1, 2, NULL, '2026-03-19 16:06:13', NULL, NULL),
	(17, 24, 'dasds', 'sadasd', 'asds', 'M', 'asdsa', 1, 'es', 'claro', 1, 'ads', 'd', 'uploads/perfil/archivo_69bc65d17aa733.98101022.jpg', 1, 1, 1, NULL, '2026-03-19 16:08:33', NULL, NULL),
	(18, 25, 'Julio Siche', 'Rodriguez', 'Miranda', 'M', 'Transporte SAC', 1, 'es', 'claro', 1, 'Desarrollo', 'Realize el conteo general del presupueto de la empresa', 'uploads/perfil/archivo_69e1b57bc5c7f9.34110668.jpg', 0, 1, 1, NULL, '2026-03-23 12:47:29', NULL, '2026-04-16 23:22:19'),
	(19, 26, 'Samy', 'Manrique', 'Novoa', 'M', 'Desconocida', 1, 'es', 'claro', 1, 'Ingeniero de Sistemas', 'Soy ingeniero de software y me gusta desarrollar', 'uploads/perfil/archivo_69c1caf81e3526.67747850.jpg', 0, 1, 1, NULL, '2026-03-23 18:21:28', NULL, NULL),
	(21, 28, 'Jorge', 'Rodríguez', 'López', 'M', 'Tech Solutions S.A.', 2, 'es', 'claro', 1, 'Desarrollador Full Stack', 'Desarrollador con 5 años de experiencia en tecnologías web.', 'uploads/perfil/archivo_69cabf828d9799.57801924.jpg', 1, 1, 2, NULL, '2026-03-30 13:22:58', NULL, NULL),
	(22, 32, 'sdfds', 'sdfds', 'dsfds', 'M', 'asds', 1, 'es', 'claro', 1, 'asdsa', 'asdsa', 'uploads/perfil/archivo_69dd772d4b7a82.92133186.jpg', 1, 1, 1, NULL, '2026-04-13 18:07:25', NULL, NULL),
	(23, 33, 'dsfds', 'sdfds', 'sdfdf', 'M', 'dsfds', 1, 'es', 'claro', 1, 'dfds', 'sdfds', 'uploads/perfil/archivo_69dd77c9ce9f56.90603987.jpg', 1, 2, 1, NULL, '2026-04-13 18:10:01', NULL, NULL),
	(24, 12, 'Prueba', 'Prueba', 'Prueba', 'M', 'Prueba', 1, 'es', 'claro', 1, 'Prueba', 'hdjd', 'uploads/perfil/archivo_69dd8b16983e99.38898363.jpg', 1, 1, 1, NULL, '2026-04-13 19:32:22', NULL, NULL),
	(25, 34, 'Samy', 'ejemplo', 'ejemplo', 'M', 'BCP', 1, 'es', 'claro', 1, 'Software Enginner', 'Ingeniero de software', 'uploads/perfil/archivo_69def9007f20c7.46986880.jpg', 1, 1, 2, NULL, '2026-04-14 21:33:36', NULL, NULL),
	(26, 35, 'Jhon', 'Flores', 'Rodríguez', 'M', 'BBVA', 1, 'es', 'claro', 1, 'Contador', 'Soy un apasionado a crear proyectos', 'uploads/perfil/archivo_69e05168304101.61215636.jpg', 1, 1, 1, NULL, '2026-04-15 22:03:04', NULL, NULL),
	(27, 36, 'Mejia', 'Flores', 'Guillermo', 'M', 'DentalSac', 2, 'es', 'claro', 1, 'Dentista', 'ejemplo', 'uploads/perfil/archivo_69e0523ec24c56.96084116.jpg', 1, 1, 1, NULL, '2026-04-15 22:06:38', NULL, NULL),
	(28, 37, 'dhdjdn', 'ksndn', 'nsndn', 'M', 'jsjd', 1, 'es', 'claro', 1, 'jdkd', 'djdj', 'uploads/perfil/archivo_69e054e7d2b453.07842426.jpg', 1, 1, 2, NULL, '2026-04-15 22:17:59', NULL, NULL),
	(29, 38, 'jsnsmd', 'nsndnd', 'ksjdn', 'M', 'kdnd', 1, 'es', 'claro', 1, 'kdndnd', 'kdnd', 'uploads/perfil/archivo_69e05751860ca1.68587818.jpg', 1, 1, 2, NULL, '2026-04-15 22:28:17', NULL, NULL),
	(30, 39, 'nddndn', 'sjsns', 'nsnd', 'M', 'nsndn', 1, 'es', 'claro', 1, 'jsndnd', 'ndndn', 'uploads/perfil/archivo_69e05a11dce985.18120489.jpg', 1, 1, 2, NULL, '2026-04-15 22:40:01', NULL, NULL),
	(31, 40, 'Jordy', 'Quispe', 'moreno', 'M', 'EconomiaSac', 1, 'es', 'claro', 1, 'Económista', 'Económista con algo rango en la parte contable', 'uploads/perfil/archivo_69e0f9138ca316.29940881.jpg', 1, 1, 1, NULL, '2026-04-16 09:58:27', NULL, '2026-04-16 10:52:12'),
	(32, 31, 'dhdjdnd', 'jdndndnd', 'bdbdbd', 'M', 'bdbdbd', 1, 'es', 'claro', 1, 'ndbdb', 'bdbdbd', 'uploads/perfil/archivo_69e932bff3cda4.80211158.jpg', 1, 1, 1, NULL, '2026-04-22 15:42:39', NULL, NULL),
	(33, 30, 'hdudofldkfkf', 'ndndnd', 'ndnd', 'M', 'bfbd', 1, 'es', 'claro', 1, 'hdjd', 'jdjfj', 'uploads/perfil/archivo_69e93dba0f0ac6.92086983.jpg', 1, 1, 1, NULL, '2026-04-22 16:29:30', NULL, NULL),
	(34, 41, 'Fredy', 'Luis', 'Ruiz', 'M', 'Intelsoft Perú', 1, 'es', 'claro', 1, 'Ing Sistemas', 'Soy un desarrollador...', 'uploads/perfil/archivo_69e99e2d721be5.17991462.jpg', 0, NULL, 2, NULL, '2026-04-22 23:21:01', NULL, NULL),
	(35, 42, 'Samy R', 'Manrique', 'Novoa', 'M', 'EPG-UNT', 1, 'es', 'claro', 1, 'Desarrollador', 'Desarrollador senior', 'uploads/perfil/archivo_69e99e822af522.49119206.jpg', 0, 1, 2, NULL, '2026-04-22 23:22:26', NULL, NULL),
	(36, 44, 'Elias', 'Narciso', 'Flores', 'M', 'BCP', 2, 'es', 'claro', 1, 'Contador', 'kfjfndkf', 'uploads/perfil/archivo_69e9a1df9157c4.31782229.jpg', 1, 1, 1, NULL, '2026-04-22 23:36:47', NULL, NULL),
	(37, 45, 'Fredy', 'Luis', 'Ruiz', 'M', 'Intelsoft Peru', 1, 'es', 'claro', 1, 'Ing Sistemas', 'Development', 'uploads/perfil/archivo_69e9a2a425fe95.49470618.jpg', 0, NULL, 1, NULL, '2026-04-22 23:40:04', NULL, NULL);

-- Volcando estructura para tabla intelsoftperu_app_enxu.perfil_habilidad
CREATE TABLE IF NOT EXISTS `perfil_habilidad` (
  `phb_id` int(11) NOT NULL AUTO_INCREMENT,
  `per_id` int(11) NOT NULL DEFAULT 0,
  `ppf_id` int(11) NOT NULL,
  `hab_id` int(11) NOT NULL,
  `phb_estado` tinyint(1) NOT NULL DEFAULT 1,
  `creado_por` int(11) DEFAULT NULL,
  `creado_fecha` datetime NOT NULL DEFAULT current_timestamp(),
  `actualizado_por` int(11) DEFAULT NULL,
  `actualizado_fecha` datetime DEFAULT NULL ON UPDATE current_timestamp(),
  PRIMARY KEY (`phb_id`) USING BTREE,
  UNIQUE KEY `uq_per_ppf_hab` (`per_id`,`ppf_id`,`hab_id`),
  KEY `fk_phb_hab` (`hab_id`) USING BTREE,
  KEY `idx_ppf_id` (`ppf_id`),
  CONSTRAINT `fk_phb_hab` FOREIGN KEY (`hab_id`) REFERENCES `habilidades` (`hab_id`) ON DELETE CASCADE,
  CONSTRAINT `fk_phb_ppf` FOREIGN KEY (`ppf_id`) REFERENCES `perfil_profesional` (`ppf_id`) ON DELETE CASCADE
) ENGINE=InnoDB AUTO_INCREMENT=53 DEFAULT CHARSET=utf8mb4 COLLATE=utf8mb4_unicode_ci ROW_FORMAT=DYNAMIC;

-- Volcando datos para la tabla intelsoftperu_app_enxu.perfil_habilidad: ~33 rows (aproximadamente)
INSERT INTO `perfil_habilidad` (`phb_id`, `per_id`, `ppf_id`, `hab_id`, `phb_estado`, `creado_por`, `creado_fecha`, `actualizado_por`, `actualizado_fecha`) VALUES
	(1, 0, 1, 1, 0, 1, '2026-03-19 12:50:03', 25, '2026-04-15 23:17:37'),
	(2, 0, 1, 2, 0, 1, '2026-03-19 12:51:41', 25, '2026-04-15 23:17:37'),
	(3, 0, 1, 3, 1, 1, '2026-03-19 12:53:45', 34, '2026-04-15 23:16:56'),
	(4, 0, 1, 4, 1, 1, '2026-03-19 12:53:45', 34, '2026-04-15 23:09:45'),
	(5, 0, 1, 5, 0, 1, '2026-03-19 12:53:45', 25, '2026-04-15 23:17:37'),
	(6, 0, 1, 8, 0, 39, '2026-04-15 22:40:34', 25, '2026-04-15 23:17:37'),
	(7, 0, 1, 7, 1, 25, '2026-04-15 22:44:03', 25, '2026-04-15 23:17:37'),
	(8, 0, 1, 6, 0, 25, '2026-04-15 22:52:58', 25, '2026-04-15 23:17:37'),
	(12, 18, 1, 4, 1, 25, '2026-04-16 09:49:33', NULL, NULL),
	(13, 25, 1, 2, 1, 34, '2026-04-16 09:50:20', NULL, NULL),
	(14, 25, 1, 5, 1, 34, '2026-04-16 09:50:20', NULL, NULL),
	(15, 25, 1, 6, 1, 34, '2026-04-16 09:50:20', NULL, NULL),
	(16, 31, 1, 7, 1, 40, '2026-04-16 09:58:27', NULL, NULL),
	(17, 18, 1, 3, 1, 25, '2026-04-16 22:59:07', NULL, NULL),
	(18, 18, 1, 1, 1, 25, '2026-04-16 23:23:05', NULL, NULL),
	(19, 18, 1, 2, 1, 25, '2026-04-16 23:38:38', NULL, NULL),
	(20, 25, 1, 1, 1, 34, '2026-04-16 23:46:38', NULL, NULL),
	(21, 31, 1, 1, 1, 40, '2026-04-17 12:08:17', NULL, NULL),
	(22, 31, 1, 4, 1, 40, '2026-04-17 12:16:37', NULL, NULL),
	(23, 30, 1, 4, 1, 39, '2026-04-17 12:18:57', NULL, NULL),
	(24, 30, 1, 1, 1, 39, '2026-04-17 12:20:05', NULL, NULL),
	(25, 1, 1, 5, 1, 1, '2026-04-18 22:11:44', NULL, NULL),
	(26, 1, 1, 4, 1, 1, '2026-04-18 22:14:59', NULL, NULL),
	(27, 28, 1, 3, 1, 37, '2026-04-21 16:00:15', NULL, NULL),
	(28, 28, 1, 5, 1, 37, '2026-04-21 16:00:41', NULL, NULL),
	(29, 25, 1, 4, 1, 34, '2026-04-22 12:22:02', NULL, NULL),
	(30, 27, 2, 3, 1, 36, '2026-04-22 14:28:35', NULL, NULL),
	(31, 27, 2, 4, 1, 36, '2026-04-22 14:28:35', NULL, NULL),
	(32, 22, 1, 4, 1, 32, '2026-04-22 15:02:04', NULL, NULL),
	(33, 32, 1, 3, 1, 31, '2026-04-22 15:42:40', NULL, NULL),
	(34, 32, 1, 4, 1, 31, '2026-04-22 15:42:40', NULL, NULL),
	(35, 33, 1, 3, 1, 30, '2026-04-22 16:29:30', NULL, NULL),
	(36, 33, 1, 4, 1, 30, '2026-04-22 16:29:30', NULL, NULL),
	(37, 35, 1, 2, 1, 42, '2026-04-22 23:22:26', NULL, NULL),
	(38, 35, 1, 4, 1, 42, '2026-04-22 23:22:26', NULL, NULL),
	(39, 35, 1, 5, 1, 42, '2026-04-22 23:22:26', NULL, NULL),
	(40, 37, 1, 3, 1, 41, '2026-04-23 04:34:21', NULL, '2026-04-23 04:40:59'),
	(41, 36, 2, 3, 0, 44, '2026-04-22 23:36:49', 44, '2026-04-22 23:47:49'),
	(42, 36, 2, 4, 1, 44, '2026-04-22 23:36:49', NULL, NULL),
	(43, 36, 2, 1, 1, 44, '2026-04-22 23:45:15', NULL, NULL),
	(44, 36, 2, 8, 0, 44, '2026-04-22 23:45:15', 44, '2026-04-22 23:47:49'),
	(45, 36, 2, 2, 0, 44, '2026-04-22 23:46:33', 44, '2026-04-22 23:47:49'),
	(46, 36, 2, 5, 0, 44, '2026-04-22 23:46:33', 44, '2026-04-22 23:47:49'),
	(47, 36, 2, 6, 0, 44, '2026-04-22 23:46:33', 44, '2026-04-22 23:47:49'),
	(48, 36, 2, 7, 0, 44, '2026-04-22 23:46:33', 44, '2026-04-22 23:47:49'),
	(49, 37, 1, 2, 1, 45, '2026-04-22 23:57:01', NULL, NULL),
	(50, 37, 1, 8, 1, 45, '2026-04-22 23:57:01', NULL, NULL),
	(51, 1, 1, 1, 1, 1, '2026-04-22 23:59:21', NULL, NULL),
	(52, 37, 1, 4, 1, 45, '2026-04-23 00:02:14', NULL, NULL);

-- Volcando estructura para tabla intelsoftperu_app_enxu.perfil_portafolio
CREATE TABLE IF NOT EXISTS `perfil_portafolio` (
  `por_id` int(11) NOT NULL AUTO_INCREMENT,
  `per_id` int(11) NOT NULL,
  `por_imagen` varchar(500) DEFAULT NULL,
  `por_empresa` varchar(150) NOT NULL,
  `por_puesto` varchar(150) NOT NULL,
  `por_descripcion` text NOT NULL,
  `por_estado` tinyint(1) NOT NULL DEFAULT 1,
  `creado_por` int(11) DEFAULT NULL,
  `creado_fecha` datetime NOT NULL DEFAULT current_timestamp(),
  `actualizado_por` int(11) DEFAULT NULL,
  `actualizado_fecha` datetime DEFAULT NULL ON UPDATE current_timestamp(),
  PRIMARY KEY (`por_id`) USING BTREE,
  KEY `idx_perfil_portafolio_per_id` (`per_id`) USING BTREE,
  CONSTRAINT `fk_portafolio_perfil` FOREIGN KEY (`per_id`) REFERENCES `perfil` (`per_id`) ON DELETE CASCADE
) ENGINE=InnoDB AUTO_INCREMENT=16 DEFAULT CHARSET=utf8mb4 COLLATE=utf8mb4_unicode_ci ROW_FORMAT=DYNAMIC;

-- Volcando datos para la tabla intelsoftperu_app_enxu.perfil_portafolio: ~12 rows (aproximadamente)
INSERT INTO `perfil_portafolio` (`por_id`, `per_id`, `por_imagen`, `por_empresa`, `por_puesto`, `por_descripcion`, `por_estado`, `creado_por`, `creado_fecha`, `actualizado_por`, `actualizado_fecha`) VALUES
	(1, 1, 'uploads/portafolio/archivo_69c707a42b1fa1.60669201.jpg', 'Globant', 'Senior Backend', 'Lideré el desarrollo de microservicios en Laravel y RabbitMQ.', 1, 1, '2026-03-27 17:41:40', NULL, NULL),
	(2, 1, 'uploads/portafolio/archivo_69c72b984b5a04.63960104.jpg', 'BCP', 'Lider', 'Guie y ayude a crear proyectos internos', 1, 1, '2026-03-27 20:15:04', NULL, NULL),
	(3, 1, 'uploads/portafolio/archivo_69caa983200f93.63557614.jpg', 'BBVA', 'Administrador', 'Administrador de proyectos', 1, 1, '2026-03-30 11:49:07', NULL, NULL),
	(4, 1, 'uploads/portafolio/archivo_69caae16979a31.44737729.jpg', 'da', 'sas', 'sasa', 0, 1, '2026-03-30 12:00:37', 1, '2026-03-30 12:45:35'),
	(5, 1, NULL, 'fsdfdsfds', 'sdfsdfds', 'sdfdsfdsf', 0, 1, '2026-03-30 12:00:57', 1, '2026-03-30 12:01:25'),
	(6, 1, 'uploads/portafolio/archivo_69cab2b9e41338.02163921.jpg', 'llllll', 'gggg', 'sdfsd', 0, 1, '2026-03-30 12:13:40', 1, '2026-03-30 12:45:31'),
	(7, 21, 'uploads/portafolio/archivo_69cac69f6aa6b8.46267497.jpg', 'BBVA', 'DASDS', 'ASDSA', 1, 28, '2026-03-30 13:53:19', NULL, NULL),
	(8, 23, 'uploads/portafolio/archivo_69dd78920dbea7.34286802.jpg', 'Camposol', 'Lider', 'Lider', 1, 33, '2026-04-13 18:13:22', NULL, NULL),
	(9, 23, 'uploads/portafolio/archivo_69dd78a65860d4.40188262.jpg', 'ejemplo', 'dsad', 'adsa', 1, 33, '2026-04-13 18:13:42', NULL, NULL),
	(10, 24, 'uploads/portafolio/archivo_69dd9e37b78b69.80011511.jpg', 'ejemplo', 'ejemplo', 'djdjd', 1, 12, '2026-04-13 20:53:59', NULL, NULL),
	(11, 25, 'uploads/portafolio/archivo_69def94e3d4920.94029583.jpg', 'Ejemplo', 'Ejemplo', 'Ejemplo', 1, 34, '2026-04-14 21:34:54', NULL, NULL),
	(12, 18, 'uploads/portafolio/archivo_69e1b96ac66f48.51105547.jpg', 'BCP', 'Lider', 'ejemplo', 1, 25, '2026-04-16 23:39:06', NULL, NULL),
	(13, 35, 'uploads/portafolio/archivo_69e9a298ae0809.78779646.jpg', 'App movil Enxu', 'desarrollo', 'working', 1, 42, '2026-04-22 23:39:52', NULL, NULL),
	(14, 36, 'uploads/portafolio/archivo_69e9a2c1cf2c57.83974791.jpg', 'Proyecto', 'jdjejd', 'ndbdb', 1, 44, '2026-04-22 23:40:33', NULL, NULL),
	(15, 37, 'uploads/portafolio/archivo_69e9a68e4c7b24.44302361.jpg', 'Software Restaurantes', 'PHP, JS, MySql', 'Se hizo 2025', 1, 45, '2026-04-22 23:56:46', NULL, NULL);

-- Volcando estructura para tabla intelsoftperu_app_enxu.perfil_profesional
CREATE TABLE IF NOT EXISTS `perfil_profesional` (
  `ppf_id` int(11) NOT NULL AUTO_INCREMENT,
  `ppf_nombre` varchar(100) NOT NULL,
  `ppf_descripcion` varchar(150) DEFAULT NULL,
  `ppf_estado` tinyint(1) NOT NULL DEFAULT 1,
  `creado_por` int(11) DEFAULT NULL,
  `creado_fecha` datetime NOT NULL DEFAULT current_timestamp(),
  `actualizado_por` int(11) DEFAULT NULL,
  `actualizado_fecha` datetime DEFAULT NULL ON UPDATE current_timestamp(),
  PRIMARY KEY (`ppf_id`) USING BTREE,
  UNIQUE KEY `uq_ppf_nombre` (`ppf_nombre`) USING BTREE,
  KEY `fk_ppf_creado_por` (`creado_por`) USING BTREE,
  KEY `fk_ppf_actualizado_por` (`actualizado_por`) USING BTREE,
  CONSTRAINT `fk_ppf_actualizado_por` FOREIGN KEY (`actualizado_por`) REFERENCES `usuario` (`usu_id`),
  CONSTRAINT `fk_ppf_creado_por` FOREIGN KEY (`creado_por`) REFERENCES `usuario` (`usu_id`)
) ENGINE=InnoDB AUTO_INCREMENT=3 DEFAULT CHARSET=utf8mb4 COLLATE=utf8mb4_unicode_ci ROW_FORMAT=DYNAMIC;

-- Volcando datos para la tabla intelsoftperu_app_enxu.perfil_profesional: ~2 rows (aproximadamente)
INSERT INTO `perfil_profesional` (`ppf_id`, `ppf_nombre`, `ppf_descripcion`, `ppf_estado`, `creado_por`, `creado_fecha`, `actualizado_por`, `actualizado_fecha`) VALUES
	(1, 'Desarrollo', 'Especialistas en software y apps', 1, NULL, '2026-03-14 11:19:05', NULL, NULL),
	(2, 'Diseño', 'Expertos en UI/UX y Branding', 1, NULL, '2026-03-14 11:19:05', NULL, NULL);

-- Volcando estructura para tabla intelsoftperu_app_enxu.permiso
CREATE TABLE IF NOT EXISTS `permiso` (
  `per_id` int(11) NOT NULL AUTO_INCREMENT,
  `per_codigo` varchar(50) NOT NULL,
  `per_descripcion` varchar(150) DEFAULT NULL,
  `per_estado` tinyint(1) NOT NULL DEFAULT 1,
  `creado_por` int(11) DEFAULT NULL,
  `creado_fecha` datetime NOT NULL DEFAULT current_timestamp(),
  `actualizado_por` int(11) DEFAULT NULL,
  `actualizado_fecha` datetime DEFAULT NULL,
  PRIMARY KEY (`per_id`) USING BTREE,
  UNIQUE KEY `uq_permiso_codigo` (`per_codigo`) USING BTREE
) ENGINE=InnoDB DEFAULT CHARSET=utf8mb4 COLLATE=utf8mb4_unicode_ci ROW_FORMAT=DYNAMIC;

-- Volcando datos para la tabla intelsoftperu_app_enxu.permiso: ~0 rows (aproximadamente)

-- Volcando estructura para tabla intelsoftperu_app_enxu.proyecto
CREATE TABLE IF NOT EXISTS `proyecto` (
  `pro_id` int(11) NOT NULL AUTO_INCREMENT,
  `usu_id` int(11) NOT NULL,
  `pro_titulo` varchar(150) NOT NULL,
  `pro_descripcion` text NOT NULL,
  `pro_imagen` varchar(255) DEFAULT NULL,
  `pro_inversion` varchar(255) DEFAULT NULL,
  `pro_ciudad_id` int(11) DEFAULT NULL,
  `pro_remoto` tinyint(1) DEFAULT 0,
  `pro_estado` tinyint(1) NOT NULL DEFAULT 1,
  `pro_fecha_inicio` datetime DEFAULT current_timestamp(),
  `pro_fecha_cierre` datetime DEFAULT NULL,
  `creado_por` bigint(20) DEFAULT NULL,
  `creado_fecha` datetime DEFAULT current_timestamp(),
  `actualizado_por` bigint(20) DEFAULT NULL,
  `actualizado_fecha` datetime DEFAULT current_timestamp() ON UPDATE current_timestamp(),
  PRIMARY KEY (`pro_id`) USING BTREE,
  KEY `usu_id` (`usu_id`) USING BTREE,
  KEY `pro_ciudad_id` (`pro_ciudad_id`) USING BTREE,
  CONSTRAINT `fk_proyecto_usuario` FOREIGN KEY (`usu_id`) REFERENCES `usuario` (`usu_id`) ON DELETE CASCADE
) ENGINE=InnoDB AUTO_INCREMENT=49 DEFAULT CHARSET=utf8mb4 COLLATE=utf8mb4_unicode_ci ROW_FORMAT=DYNAMIC;

-- Volcando datos para la tabla intelsoftperu_app_enxu.proyecto: ~45 rows (aproximadamente)
INSERT INTO `proyecto` (`pro_id`, `usu_id`, `pro_titulo`, `pro_descripcion`, `pro_imagen`, `pro_inversion`, `pro_ciudad_id`, `pro_remoto`, `pro_estado`, `pro_fecha_inicio`, `pro_fecha_cierre`, `creado_por`, `creado_fecha`, `actualizado_por`, `actualizado_fecha`) VALUES
	(1, 1, 'App de Delivery v3 - React Native', 'Versión actualizada con nuevas funcionalidades de seguimiento general.', 'uploads/proyectos/archivo_69b58b4a982e29.92897447.jpg', NULL, 1, 1, 0, '2026-03-14 16:22:34', NULL, 1, '2026-03-14 16:22:34', 1, '2026-03-23 15:18:10'),
	(2, 1, 'App de Delivery con React Natives', 'Desarrollo de una aplicación móvil de delivery con seguimiento en tiempo reals.', 'uploads/proyectos/archivo_69b5987276b814.49346357.jpg', NULL, 1, 1, 0, '2026-03-14 17:18:42', NULL, 1, '2026-03-14 17:18:42', 1, '2026-03-15 21:29:28'),
	(3, 1, 'ejemplo', 'ejemplo', 'uploads/proyectos/archivo_69b5ecdf558f46.80349593.jpg', NULL, 1, 0, 0, '2026-03-14 23:18:55', NULL, 1, '2026-03-14 23:18:55', 1, '2026-03-15 21:29:36'),
	(4, 1, 'ejemplo02', 'ejemplo02', 'uploads/proyectos/archivo_69b5ee0c68eac6.63695361.jpg', NULL, 1, 0, 0, '2026-03-14 23:23:56', NULL, 1, '2026-03-14 23:23:56', 1, '2026-03-15 21:29:40'),
	(5, 1, 'ejemplo05', 'ejemplo05', 'uploads/proyectos/archivo_69b5f000ee2468.21048479.jpg', NULL, 2, 1, 0, '2026-03-14 23:32:16', NULL, 1, '2026-03-14 23:32:16', 1, '2026-03-15 21:29:44'),
	(6, 1, 'data', 'data', 'uploads/proyectos/archivo_69b5f16557f383.52168300.jpg', NULL, 2, 0, 0, '2026-03-14 23:38:13', NULL, 1, '2026-03-14 23:38:13', 1, '2026-03-15 21:29:49'),
	(7, 1, 'data2', 'data2', 'uploads/proyectos/archivo_69b5f21c0b4bf3.95389517.jpg', NULL, 1, 0, 0, '2026-03-14 23:41:16', NULL, 1, '2026-03-14 23:41:16', 1, '2026-03-15 21:29:53'),
	(8, 1, 'data8', 'data8', 'uploads/proyectos/archivo_69b5f2e5e505c6.50583193.jpg', NULL, 1, 0, 0, '2026-03-14 23:44:37', NULL, 1, '2026-03-14 23:44:37', 1, '2026-03-15 21:29:58'),
	(9, 1, 'data7', 'data7', 'uploads/proyectos/archivo_69b5f37e20ec69.23533226.jpg', NULL, 1, 0, 0, '2026-03-14 23:47:10', NULL, 1, '2026-03-14 23:47:10', 1, '2026-03-19 12:22:05'),
	(10, 1, 'data11', 'data11', 'uploads/proyectos/archivo_69b5f523f37d61.69074567.jpg', NULL, 1, 0, 0, '2026-03-14 23:54:11', NULL, 1, '2026-03-14 23:54:11', 1, '2026-03-19 12:22:14'),
	(11, 1, 'data45', 'data45', 'uploads/proyectos/archivo_69b5f5cbaf29d9.45268223.jpg', NULL, 1, 0, 0, '2026-03-14 23:56:59', NULL, 1, '2026-03-14 23:56:59', 1, '2026-03-19 12:26:46'),
	(12, 1, 'dta', 'dta', 'uploads/proyectos/archivo_69b5f62dc239d8.21278640.jpg', NULL, 2, 1, 0, '2026-03-14 23:58:37', NULL, 1, '2026-03-14 23:58:37', 1, '2026-03-19 12:18:52'),
	(13, 1, 'coco', 'coco', 'uploads/proyectos/archivo_69b5f733ea3868.05891141.jpg', NULL, 1, 0, 0, '2026-03-15 00:02:59', NULL, 1, '2026-03-15 00:02:59', 1, '2026-03-15 20:28:17'),
	(14, 1, 'ejemplofinaltest', 'ejemplofinal', 'uploads/proyectos/archivo_69b76ab2e60835.95420262.jpg', NULL, 1, 0, 0, '2026-03-15 00:09:13', NULL, 1, '2026-03-15 00:09:13', 1, '2026-03-19 12:19:44'),
	(15, 1, 'Proyecto Landing page', 'Creacion de Pagina web', 'uploads/proyectos/archivo_69b6f6b62080e1.09953296.jpg', NULL, 1, 0, 0, '2026-03-15 18:13:10', NULL, 1, '2026-03-15 18:13:10', 1, '2026-03-19 12:18:40'),
	(16, 5, 'Ecommerce', 'Ecomeerce para empresa de construccion', 'uploads/proyectos/archivo_69b759ce9ecb54.86380380.jpg', NULL, 2, 1, 1, '2026-03-16 01:15:58', NULL, 5, '2026-03-16 01:15:58', NULL, '2026-03-15 20:15:58'),
	(17, 1, 'test10', 'test10', 'uploads/proyectos/archivo_69b81619bb4010.42958462.jpg', NULL, 2, 1, 0, '2026-03-16 14:39:21', NULL, 1, '2026-03-16 14:39:21', 1, '2026-03-19 12:18:31'),
	(18, 5, 'App de Delivery con React Natives para postular', 'Desarrollo de una aplicación móvil de delivery con seguimiento en tiempo reals. postular', 'uploads/proyectos/archivo_69b9b5dcaca478.21848294.jpg', NULL, 1, 1, 1, '2026-03-17 20:13:16', NULL, 5, '2026-03-17 20:13:16', NULL, '2026-03-17 15:13:16'),
	(19, 1, 'proyecto10', 'test', 'uploads/proyectos/archivo_69bb68ea6329f6.93337155.jpg', NULL, 1, 1, 0, '2026-03-19 03:09:30', NULL, 1, '2026-03-19 03:09:30', 1, '2026-03-18 22:18:42'),
	(20, 1, 'Desarrollo de ERP', 'Desarrollo de un ERP para una empresa constructora', 'uploads/proyectos/archivo_69bc32420bf849.27382098.jpg', NULL, 1, 0, 0, '2026-03-19 17:28:34', NULL, 1, '2026-03-19 17:28:34', 1, '2026-03-23 15:18:03'),
	(21, 1, 'Softwar de cafeteria', 'Software para cafeteria', 'uploads/proyectos/archivo_69bc55a3607d14.06801866.jpg', NULL, 1, 0, 0, '2026-03-19 18:29:17', NULL, 1, '2026-03-19 18:29:17', 1, '2026-03-23 15:17:58'),
	(22, 1, 'Diseño y Marketing', 'Implementar un proyecto para una publicidad', 'uploads/proyectos/archivo_69c16f803d8269.03291304.jpg', NULL, 1, 1, 0, '2026-03-23 16:51:12', NULL, 1, '2026-03-23 16:51:12', 1, '2026-03-23 15:17:46'),
	(23, 25, 'Proyecto Software CarWash', 'Proyecto para una empresa de lavado de autos', 'uploads/proyectos/archivo_69c17d0c6e7888.95766382.jpg', NULL, 2, 0, 0, '2026-03-23 17:49:00', NULL, 25, '2026-03-23 17:49:00', 25, '2026-04-14 20:51:41'),
	(24, 1, 'Software para Empresa de transporte', 'Desarrollar un softwar para una empresa de transporte', 'uploads/proyectos/archivo_69c19f8d7a75e7.35405808.jpg', NULL, 2, 0, 0, '2026-03-23 20:16:13', NULL, 1, '2026-03-23 20:16:13', 1, '2026-04-15 15:08:23'),
	(25, 1, 'Diseño de Publicidad con AI', 'Determinar una publicidad para nuestra empresa', 'uploads/proyectos/archivo_69c19fd73d7cf6.11718812.jpg', NULL, 1, 1, 0, '2026-03-23 20:17:27', NULL, 1, '2026-03-23 20:17:27', 1, '2026-04-15 09:51:12'),
	(26, 1, 'Director de TI', 'Desarrollar o usar metodologias como lider de equipo', 'uploads/proyectos/archivo_69c1a601607613.46906300.jpg', NULL, 2, 0, 0, '2026-03-23 20:43:45', NULL, 1, '2026-03-23 20:43:45', 1, '2026-04-15 15:07:59'),
	(27, 26, 'Red Social', 'Proyecto Red Social', 'uploads/proyectos/archivo_69c1d08f65d0f8.57560310.jpg', NULL, 1, 0, 0, '2026-03-23 23:45:19', NULL, 26, '2026-03-23 23:45:19', 26, '2026-03-23 19:13:35'),
	(28, 28, 'App de Delivery con React Native', 'Desarrollo de una aplicación móvil de delivery con seguimiento en tiempo real.', 'uploads/proyectos/archivo_69cac37a02c5f7.29127929.jpg', 'USD 50,000', 1, 1, 1, '2026-03-30 18:39:54', NULL, 28, '2026-03-30 18:39:54', NULL, '2026-03-30 13:39:54'),
	(29, 33, 'Flutter Proyecto', 'Ejemplo', 'uploads/proyectos/archivo_69dd77fb06fa63.87726518.jpg', NULL, 1, 0, 1, '2026-04-13 23:10:51', NULL, 33, '2026-04-13 23:10:51', NULL, '2026-04-13 18:10:51'),
	(30, 25, 'App de Citas', 'Desarrollar un app de citas', 'uploads/proyectos/archivo_69def2b0d0cda1.80647830.jpg', NULL, 1, 0, 1, '2026-04-15 02:06:40', NULL, 25, '2026-04-15 02:06:40', NULL, '2026-04-14 21:06:40'),
	(31, 25, 'Software para ONPE', 'Desarrollo Software para onpe', 'uploads/proyectos/archivo_69def5806f1bb9.02068028.jpg', NULL, 1, 0, 1, '2026-04-15 02:18:40', NULL, 25, '2026-04-15 02:18:40', NULL, '2026-04-14 21:18:40'),
	(32, 34, 'Finanzas proyecto', 'Ser líder de financiera', 'uploads/proyectos/archivo_69dfb26ba95100.73357211.jpg', NULL, 1, 0, 1, '2026-04-15 15:44:43', NULL, 34, '2026-04-15 15:44:43', NULL, '2026-04-15 10:44:43'),
	(33, 25, 'ERP Software', 'Desarrollo un software para ERP', 'uploads/proyectos/archivo_69dfb4e64dd6d2.58992001.jpg', NULL, 1, 0, 1, '2026-04-15 15:55:18', NULL, 25, '2026-04-15 15:55:18', NULL, '2026-04-15 10:55:18'),
	(34, 25, 'Banner Publicidad', 'Banner de publicación de edición', 'uploads/proyectos/archivo_69dfed908465b8.67268197.jpg', NULL, 1, 0, 1, '2026-04-15 19:57:04', NULL, 25, '2026-04-15 19:57:04', NULL, '2026-04-15 14:57:04'),
	(35, 25, 'Documentacion', 'Hacer documentacion para una empresa', 'uploads/proyectos/archivo_69e143e5817092.41725931.jpg', NULL, 1, 0, 1, '2026-04-16 20:17:41', NULL, 25, '2026-04-16 20:17:41', NULL, '2026-04-16 15:17:41'),
	(36, 25, 'Planos', 'Planos Arquitectura', 'uploads/proyectos/archivo_69e14a9c7375c8.93034050.jpg', '5000', 1, 0, 0, '2026-04-16 20:46:20', NULL, 25, '2026-04-16 20:46:20', 25, '2026-04-17 12:30:19'),
	(37, 25, 'Banner de Publicidad', 'Banner público', 'uploads/proyectos/archivo_69e14efde71b95.52983866.jpg', '20000', 1, 0, 1, '2026-04-16 21:05:01', NULL, 25, '2026-04-16 21:05:01', 25, '2026-04-17 04:37:25'),
	(38, 39, 'App de citas', 'Desarrollo un app de citas a tiempo completo', 'uploads/proyectos/archivo_69e26d761ff958.06318960.jpg', '20000', 1, 0, 0, '2026-04-17 17:27:18', NULL, 39, '2026-04-17 17:27:18', 39, '2026-04-21 16:01:12'),
	(39, 34, 'Proyecto de ejemplo', 'ejemplo', 'uploads/proyectos/archivo_69e446d5dd7a05.21729202.jpg', '2000', 1, 0, 1, '2026-04-19 03:07:01', NULL, 34, '2026-04-19 03:07:01', NULL, '2026-04-18 22:07:01'),
	(40, 1, 'App para farmacia', 'Desarrollo un app farmacia', 'uploads/proyectos/archivo_69e449519ae6d6.96021616.jpg', '2000', 1, 0, 1, '2026-04-19 03:17:37', NULL, 1, '2026-04-19 03:17:37', NULL, '2026-04-18 22:17:37'),
	(41, 40, 'jdnd', 'sjdjd', 'uploads/proyectos/archivo_69e90347013031.55798649.jpg', '779', 1, 0, 0, '2026-04-22 17:20:07', NULL, 40, '2026-04-22 17:20:07', 40, '2026-04-22 12:22:25'),
	(42, 36, 'vgff', 'vhjv', 'uploads/proyectos/archivo_69e920b24a02b7.14662816.jpg', '5588', 2, 0, 1, '2026-04-22 19:25:38', NULL, 36, '2026-04-22 19:25:38', NULL, '2026-04-22 14:25:38'),
	(43, 40, 'ghkghh', 'cvvcgh', 'uploads/proyectos/archivo_69e9218cd01178.78277103.jpg', '8856', 2, 0, 1, '2026-04-22 19:29:16', NULL, 40, '2026-04-22 19:29:16', NULL, '2026-04-22 14:29:16'),
	(44, 35, 'thcv', 'fvbv', 'uploads/proyectos/archivo_69e922df294da1.23830595.jpg', '5880', 1, 0, 1, '2026-04-22 19:34:55', NULL, 35, '2026-04-22 19:34:55', NULL, '2026-04-22 14:34:55'),
	(45, 32, 'gvbb', 'cvjrgb', 'uploads/proyectos/archivo_69e92be5a81656.16292292.jpg', '588', 1, 0, 1, '2026-04-22 20:13:25', NULL, 32, '2026-04-22 20:13:25', NULL, '2026-04-22 15:13:25'),
	(46, 34, 'App de citas', 'ejemplo', 'uploads/proyectos/archivo_69e9960e8adf51.64366808.jpg', '2500', 1, 0, 1, '2026-04-22 22:46:22', NULL, 34, '2026-04-22 22:46:22', NULL, '2026-04-22 22:46:22'),
	(47, 45, 'Software para Conteo ONPE', 'Se necesita una IA para poder hacer el conteo de votos', 'uploads/proyectos/archivo_69e9a387c18e28.01982416.jpg', '5000', 1, 0, 0, '2026-04-22 23:43:51', NULL, 45, '2026-04-22 23:43:51', 45, '2026-04-22 23:48:19'),
	(48, 42, 'app enxu reloaded', 'proyecto red social', 'uploads/proyectos/archivo_69e9a3c2043305.09615646.jpg', '2000', 2, 0, 0, '2026-04-22 23:44:50', NULL, 42, '2026-04-22 23:44:50', 42, '2026-04-23 00:02:16');

-- Volcando estructura para tabla intelsoftperu_app_enxu.proyecto_acciones
CREATE TABLE IF NOT EXISTS `proyecto_acciones` (
  `pro_acc_id` int(11) NOT NULL AUTO_INCREMENT,
  `pro_id` int(11) NOT NULL,
  `pro_acc_descripcion` varchar(255) NOT NULL,
  `pro_acc_estado` tinyint(1) NOT NULL DEFAULT 0 COMMENT '0 = pendiente, 1 = cumplida',
  `creado_fecha` datetime NOT NULL DEFAULT current_timestamp(),
  PRIMARY KEY (`pro_acc_id`) USING BTREE,
  KEY `fk_pro_acc_proyecto` (`pro_id`) USING BTREE,
  CONSTRAINT `fk_pro_acc_proyecto` FOREIGN KEY (`pro_id`) REFERENCES `proyecto` (`pro_id`) ON DELETE CASCADE
) ENGINE=InnoDB AUTO_INCREMENT=30 DEFAULT CHARSET=utf8mb4 COLLATE=utf8mb4_unicode_ci ROW_FORMAT=DYNAMIC;

-- Volcando datos para la tabla intelsoftperu_app_enxu.proyecto_acciones: ~12 rows (aproximadamente)
INSERT INTO `proyecto_acciones` (`pro_acc_id`, `pro_id`, `pro_acc_descripcion`, `pro_acc_estado`, `creado_fecha`) VALUES
	(1, 28, 'Definir MVP y backlog inicial', 0, '2026-03-30 13:39:54'),
	(2, 28, 'Preparar pitch para inversores', 0, '2026-03-30 13:39:54'),
	(3, 35, 'Realizar documentos grabados', 1, '2026-04-16 15:17:41'),
	(4, 36, 'acción de ejemplo', 0, '2026-04-16 15:46:20'),
	(15, 37, 'hacer transferencia', 0, '2026-04-16 23:37:25'),
	(16, 37, 'hacer personal', 0, '2026-04-16 23:37:25'),
	(17, 37, 'ejemplo', 0, '2026-04-16 23:37:25'),
	(18, 38, 'ejemplo1', 1, '2026-04-17 12:27:18'),
	(19, 39, 'Realizar proyecto', 1, '2026-04-18 22:07:01'),
	(20, 39, 'Modificar proyecto', 1, '2026-04-18 22:07:01'),
	(21, 40, 'Desarrollo de base de datos', 1, '2026-04-18 22:17:37'),
	(22, 40, 'Estructura de DB', 0, '2026-04-18 22:17:37'),
	(23, 47, 'Conseguir desarrolladores', 0, '2026-04-22 23:43:51'),
	(24, 47, 'Planificación inicial', 0, '2026-04-22 23:43:51'),
	(25, 47, 'Desarrollo del proyecto', 0, '2026-04-22 23:43:51'),
	(26, 47, 'Implementación', 0, '2026-04-22 23:43:51'),
	(27, 47, 'Pruebas', 0, '2026-04-22 23:43:51'),
	(28, 48, 'inicio', 0, '2026-04-22 23:44:50'),
	(29, 48, 'mitad', 0, '2026-04-22 23:44:50');

-- Volcando estructura para tabla intelsoftperu_app_enxu.proyecto_conversacion
CREATE TABLE IF NOT EXISTS `proyecto_conversacion` (
  `pc_id` int(11) NOT NULL AUTO_INCREMENT,
  `pro_id` int(11) DEFAULT NULL,
  `creador_id` int(11) NOT NULL,
  `socio_id` int(11) NOT NULL,
  `pc_estado` tinyint(1) NOT NULL DEFAULT 1,
  `pc_ultimo_mensaje` varchar(255) DEFAULT NULL,
  `pc_ultimo_mensaje_tipo` tinyint(1) DEFAULT NULL,
  `pc_ultimo_mensaje_fecha` datetime DEFAULT NULL,
  `creado_por` int(11) DEFAULT NULL,
  `creado_fecha` datetime DEFAULT current_timestamp(),
  `actualizado_por` int(11) DEFAULT NULL,
  `actualizado_fecha` datetime DEFAULT current_timestamp() ON UPDATE current_timestamp(),
  PRIMARY KEY (`pc_id`) USING BTREE,
  UNIQUE KEY `uq_conv_proyecto_usuario` (`pro_id`,`creador_id`,`socio_id`) USING BTREE,
  KEY `idx_conv_socio` (`socio_id`) USING BTREE,
  KEY `idx_conv_creador` (`creador_id`) USING BTREE,
  CONSTRAINT `fk_conv_creador` FOREIGN KEY (`creador_id`) REFERENCES `usuario` (`usu_id`) ON DELETE CASCADE,
  CONSTRAINT `fk_conv_proyecto` FOREIGN KEY (`pro_id`) REFERENCES `proyecto` (`pro_id`) ON DELETE CASCADE,
  CONSTRAINT `fk_conv_socio` FOREIGN KEY (`socio_id`) REFERENCES `usuario` (`usu_id`) ON DELETE CASCADE
) ENGINE=InnoDB AUTO_INCREMENT=39 DEFAULT CHARSET=utf8mb4 COLLATE=utf8mb4_unicode_ci ROW_FORMAT=DYNAMIC;

-- Volcando datos para la tabla intelsoftperu_app_enxu.proyecto_conversacion: ~36 rows (aproximadamente)
INSERT INTO `proyecto_conversacion` (`pc_id`, `pro_id`, `creador_id`, `socio_id`, `pc_estado`, `pc_ultimo_mensaje`, `pc_ultimo_mensaje_tipo`, `pc_ultimo_mensaje_fecha`, `creado_por`, `creado_fecha`, `actualizado_por`, `actualizado_fecha`) VALUES
	(1, 23, 25, 1, 0, 'Que tal con el proyecto', 1, '2026-04-21 20:16:40', 25, '2026-04-14 20:51:41', 1, '2026-04-21 15:21:43'),
	(2, 30, 25, 1, 0, NULL, NULL, NULL, 25, '2026-04-14 21:08:10', 1, '2026-04-21 15:48:40'),
	(3, 31, 25, 1, 0, NULL, NULL, NULL, 25, '2026-04-15 09:44:49', 25, '2026-04-21 15:39:54'),
	(4, 25, 1, 34, 0, 'Hola', 1, '2026-04-21 20:03:11', 1, '2026-04-15 09:51:12', 1, '2026-04-21 15:33:33'),
	(5, 33, 25, 34, 0, NULL, NULL, NULL, 25, '2026-04-15 10:57:43', 25, '2026-04-21 15:45:27'),
	(6, 33, 25, 1, 0, NULL, NULL, NULL, 25, '2026-04-15 10:58:38', 25, '2026-04-21 15:38:38'),
	(7, 34, 25, 34, 0, 'Y eso julio para que ?', 1, '2026-04-17 04:42:39', 25, '2026-04-15 14:58:20', 34, '2026-04-21 10:04:00'),
	(8, 26, 1, 25, 0, 'Que tal', 1, '2026-04-21 20:21:52', 1, '2026-04-15 15:07:59', 25, '2026-04-21 15:37:49'),
	(9, 24, 1, 25, 0, '[imagen]', 2, '2026-04-19 03:24:45', 1, '2026-04-15 15:08:23', 1, '2026-04-21 15:06:26'),
	(10, 32, 34, 25, 0, NULL, NULL, NULL, 34, '2026-04-15 19:23:05', 25, '2026-04-21 15:37:46'),
	(11, 36, 25, 39, 0, 'O genial', 1, '2026-04-17 17:31:54', 25, '2026-04-17 12:30:19', 25, '2026-04-21 11:46:37'),
	(12, 38, 39, 1, 1, 'Hola', 1, '2026-04-22 16:50:07', 39, '2026-04-18 22:30:23', 39, '2026-04-22 11:50:07'),
	(13, 39, 34, 1, 0, NULL, NULL, NULL, 34, '2026-04-21 09:57:00', 34, '2026-04-21 10:08:29'),
	(14, 33, 25, 39, 0, NULL, NULL, NULL, 25, '2026-04-21 11:51:16', 25, '2026-04-21 15:37:03'),
	(15, 33, 25, 40, 0, NULL, NULL, NULL, 25, '2026-04-21 11:57:47', 25, '2026-04-21 15:37:52'),
	(16, 37, 25, 39, 0, NULL, NULL, NULL, 25, '2026-04-21 15:36:54', 25, '2026-04-21 15:37:40'),
	(17, 38, 39, 37, 0, 'Que tal ?', 1, '2026-04-21 21:01:31', 39, '2026-04-21 16:01:12', 39, '2026-04-21 16:01:38'),
	(18, 40, 1, 37, 1, 'Hola que tal Juan', 1, '2026-04-22 15:19:46', 1, '2026-04-21 19:43:13', 37, '2026-04-22 10:19:46'),
	(19, 40, 1, 25, 1, 'Hola', 1, '2026-04-22 16:19:40', 1, '2026-04-22 10:53:13', 1, '2026-04-22 11:19:40'),
	(20, 41, 40, 34, 1, 'Hola', 1, '2026-04-22 22:47:57', 40, '2026-04-22 12:22:25', 34, '2026-04-22 22:47:57'),
	(21, 44, 35, 36, 1, 'Que tal', 1, '2026-04-22 19:50:38', 35, '2026-04-22 14:36:33', 35, '2026-04-22 14:50:38'),
	(22, 44, 35, 32, 1, '[imagen]', 2, '2026-04-22 20:04:26', 35, '2026-04-22 15:02:27', 35, '2026-04-22 15:04:26'),
	(23, NULL, 5, 40, 1, 'Hola', 1, '2026-04-22 21:15:00', 40, '2026-04-22 16:14:31', 40, '2026-04-22 16:15:00'),
	(24, NULL, 33, 40, 1, NULL, NULL, NULL, 40, '2026-04-22 16:15:34', NULL, '2026-04-22 16:15:34'),
	(25, NULL, 25, 40, 1, NULL, NULL, NULL, 40, '2026-04-22 16:17:06', NULL, '2026-04-22 16:17:06'),
	(26, NULL, 5, 25, 1, NULL, NULL, NULL, 25, '2026-04-22 16:18:43', NULL, '2026-04-22 16:18:43'),
	(27, NULL, 25, 39, 1, NULL, NULL, NULL, 39, '2026-04-22 16:22:32', NULL, '2026-04-22 16:22:32'),
	(28, NULL, 34, 25, 1, NULL, NULL, NULL, 25, '2026-04-22 16:23:49', NULL, '2026-04-22 16:23:49'),
	(29, NULL, 35, 25, 1, NULL, NULL, NULL, 25, '2026-04-22 16:25:49', NULL, '2026-04-22 16:25:49'),
	(30, NULL, 32, 25, 1, 'Ghhh', 1, '2026-04-22 21:32:08', 25, '2026-04-22 16:31:00', 25, '2026-04-22 16:32:08'),
	(31, NULL, 28, 25, 1, NULL, NULL, NULL, 25, '2026-04-22 16:35:58', NULL, '2026-04-22 16:35:58'),
	(32, NULL, 28, 34, 1, 'Hola', 1, '2026-04-22 21:39:01', 34, '2026-04-22 16:38:19', 34, '2026-04-22 16:39:01'),
	(33, NULL, 28, 36, 1, 'Yyyuy', 1, '2026-04-22 21:52:34', 36, '2026-04-22 16:45:25', 36, '2026-04-22 16:52:34'),
	(34, NULL, 1, 28, 1, 'Aya', 1, '2026-04-22 21:56:16', 28, '2026-04-22 16:55:26', 28, '2026-04-22 16:56:16'),
	(35, 28, 28, 1, 1, NULL, NULL, NULL, 28, '2026-04-22 17:00:00', NULL, '2026-04-22 17:00:00'),
	(36, 28, 28, 39, 1, 'Hdjfj', 1, '2026-04-22 22:06:10', 28, '2026-04-22 17:02:37', 39, '2026-04-22 17:06:10'),
	(37, 47, 45, 42, 1, 'Si voy', 1, '2026-04-22 23:51:23', 45, '2026-04-22 23:48:19', 42, '2026-04-22 23:51:23'),
	(38, 48, 42, 1, 1, NULL, NULL, NULL, 42, '2026-04-23 00:02:16', NULL, '2026-04-23 00:02:16');

-- Volcando estructura para tabla intelsoftperu_app_enxu.proyecto_mensaje
CREATE TABLE IF NOT EXISTS `proyecto_mensaje` (
  `pmj_id` int(11) NOT NULL AUTO_INCREMENT,
  `pc_id` int(11) NOT NULL,
  `remitente_id` int(11) NOT NULL,
  `pmj_tipo` tinyint(1) NOT NULL DEFAULT 1,
  `pmj_contenido` text DEFAULT NULL,
  `pmj_metadata` text DEFAULT NULL,
  `pmj_estado` tinyint(1) NOT NULL DEFAULT 1,
  `pmj_fecha` datetime DEFAULT current_timestamp(),
  `creado_por` int(11) DEFAULT NULL,
  `creado_fecha` datetime DEFAULT current_timestamp(),
  `actualizado_por` int(11) DEFAULT NULL,
  `actualizado_fecha` datetime DEFAULT current_timestamp() ON UPDATE current_timestamp(),
  PRIMARY KEY (`pmj_id`) USING BTREE,
  KEY `fk_msg_conv` (`pc_id`) USING BTREE,
  KEY `fk_msg_remitente` (`remitente_id`) USING BTREE,
  CONSTRAINT `fk_msg_conversacion` FOREIGN KEY (`pc_id`) REFERENCES `proyecto_conversacion` (`pc_id`) ON DELETE CASCADE,
  CONSTRAINT `fk_msg_usuario` FOREIGN KEY (`remitente_id`) REFERENCES `usuario` (`usu_id`) ON DELETE CASCADE
) ENGINE=InnoDB AUTO_INCREMENT=88 DEFAULT CHARSET=utf8mb4 COLLATE=utf8mb4_unicode_ci ROW_FORMAT=DYNAMIC;

-- Volcando datos para la tabla intelsoftperu_app_enxu.proyecto_mensaje: ~79 rows (aproximadamente)
INSERT INTO `proyecto_mensaje` (`pmj_id`, `pc_id`, `remitente_id`, `pmj_tipo`, `pmj_contenido`, `pmj_metadata`, `pmj_estado`, `pmj_fecha`, `creado_por`, `creado_fecha`, `actualizado_por`, `actualizado_fecha`) VALUES
	(1, 1, 1, 1, '¡Hola! ¿Cómo avanza el proyecto?', NULL, 1, '2026-04-15 11:04:46', 1, '2026-04-15 11:04:46', NULL, '2026-04-15 11:04:46'),
	(2, 9, 1, 1, 'Hola', NULL, 1, '2026-04-15 15:12:30', 1, '2026-04-15 15:12:30', NULL, '2026-04-15 15:12:30'),
	(3, 4, 1, 1, 'Hola', NULL, 1, '2026-04-15 15:30:40', 1, '2026-04-15 15:30:40', NULL, '2026-04-15 15:30:40'),
	(4, 9, 25, 1, 'Que tal', NULL, 1, '2026-04-15 15:32:22', 25, '2026-04-15 15:32:22', NULL, '2026-04-15 15:32:22'),
	(5, 9, 25, 1, 'Hola que tal', NULL, 1, '2026-04-15 15:35:45', 25, '2026-04-15 15:35:45', NULL, '2026-04-15 15:35:45'),
	(6, 7, 25, 1, 'Que tal samy', NULL, 1, '2026-04-15 15:36:06', 25, '2026-04-15 15:36:06', NULL, '2026-04-15 15:36:06'),
	(7, 7, 25, 1, 'Que tal te quiero hablar de un proyecto', NULL, 1, '2026-04-15 15:41:49', 25, '2026-04-15 15:41:49', NULL, '2026-04-15 15:41:49'),
	(8, 7, 34, 1, 'O que bien y que proyecto es ?', NULL, 1, '2026-04-15 15:42:55', 34, '2026-04-15 15:42:55', NULL, '2026-04-15 15:42:55'),
	(9, 7, 34, 1, 'Que tal', NULL, 1, '2026-04-15 15:47:52', 34, '2026-04-15 15:47:52', NULL, '2026-04-15 15:47:52'),
	(10, 7, 34, 1, 'Cómo estás ?', NULL, 1, '2026-04-15 15:48:18', 34, '2026-04-15 15:48:18', NULL, '2026-04-15 15:48:18'),
	(11, 4, 34, 1, 'Hola que tal', NULL, 1, '2026-04-15 15:52:53', 34, '2026-04-15 15:52:53', NULL, '2026-04-15 15:52:53'),
	(12, 4, 1, 1, 'Cuánto estás cobrando por el proyecto ?', NULL, 1, '2026-04-15 15:54:29', 1, '2026-04-15 15:54:29', NULL, '2026-04-15 15:54:29'),
	(13, 4, 1, 1, 'Hola?', NULL, 1, '2026-04-15 15:55:04', 1, '2026-04-15 15:55:04', NULL, '2026-04-15 15:55:04'),
	(14, 4, 1, 1, 'Que tal', NULL, 1, '2026-04-15 16:00:02', 1, '2026-04-15 16:00:02', NULL, '2026-04-15 16:00:02'),
	(15, 9, 1, 1, 'Que paso ?', NULL, 1, '2026-04-15 16:00:14', 1, '2026-04-15 16:00:14', NULL, '2026-04-15 16:00:14'),
	(16, 9, 1, 1, 'Te quería hablar de mi proyecto para poder trabajar', NULL, 1, '2026-04-15 16:00:50', 1, '2026-04-15 16:00:50', NULL, '2026-04-15 16:00:50'),
	(17, 9, 25, 1, 'O cuéntame', NULL, 1, '2026-04-15 16:01:59', 25, '2026-04-15 16:01:59', NULL, '2026-04-15 16:01:59'),
	(18, 9, 25, 1, 'De que trata ?', NULL, 1, '2026-04-15 16:02:06', 25, '2026-04-15 16:02:06', NULL, '2026-04-15 16:02:06'),
	(19, 9, 25, 1, 'Porfavor', NULL, 1, '2026-04-15 16:05:31', 25, '2026-04-15 16:05:31', NULL, '2026-04-15 16:05:31'),
	(20, 7, 25, 1, 'Bien en qué te puedo ayudar', NULL, 1, '2026-04-15 16:05:59', 25, '2026-04-15 16:05:59', NULL, '2026-04-15 16:05:59'),
	(21, 7, 25, 1, '?', NULL, 1, '2026-04-15 16:28:43', 25, '2026-04-15 16:28:43', NULL, '2026-04-15 16:28:43'),
	(22, 7, 25, 1, 'Más bien me puede pasar contexto de todo', NULL, 1, '2026-04-15 16:30:09', 25, '2026-04-15 16:30:09', NULL, '2026-04-15 16:30:09'),
	(23, 7, 34, 1, 'Claro es un proyecto grande y muy caro', NULL, 1, '2026-04-15 16:30:58', 34, '2026-04-15 16:30:58', NULL, '2026-04-15 16:30:58'),
	(24, 7, 25, 1, 'Aya bacan', NULL, 1, '2026-04-15 19:05:14', 25, '2026-04-15 19:05:14', NULL, '2026-04-15 19:05:14'),
	(25, 7, 34, 1, '👍', NULL, 1, '2026-04-15 19:19:31', 34, '2026-04-15 19:19:31', NULL, '2026-04-15 19:19:31'),
	(26, 7, 25, 2, '[imagen]', '{"nombre_original":"scaled_1000086690.jpg","mime":"image\\/jpeg","peso":118166}', 1, '2026-04-15 20:43:13', 25, '2026-04-15 20:43:13', NULL, '2026-04-15 20:43:13'),
	(27, 9, 25, 2, '[imagen]', '{"nombre_original":"scaled_1000086308.jpg","mime":"image\\/jpeg","peso":76886}', 1, '2026-04-15 20:47:35', 25, '2026-04-15 20:47:35', NULL, '2026-04-15 20:47:35'),
	(28, 9, 25, 1, 'Keiko está primero jajaj', NULL, 1, '2026-04-15 20:50:34', 25, '2026-04-15 20:50:34', NULL, '2026-04-15 20:50:34'),
	(29, 7, 25, 1, 'Aya', NULL, 1, '2026-04-15 20:51:11', 25, '2026-04-15 20:51:11', NULL, '2026-04-15 20:51:11'),
	(30, 7, 25, 2, '[imagen]', '{"nombre_original":"scaled_1000084964.png","mime":"image\\/png","peso":62655}', 1, '2026-04-15 20:51:24', 25, '2026-04-15 20:51:24', NULL, '2026-04-15 20:51:24'),
	(31, 9, 25, 1, 'Jejej', NULL, 1, '2026-04-16 11:02:43', 25, '2026-04-16 11:02:43', NULL, '2026-04-16 11:02:43'),
	(32, 9, 25, 1, 'Oye', NULL, 1, '2026-04-16 23:37:44', 25, '2026-04-16 23:37:44', NULL, '2026-04-16 23:37:44'),
	(33, 7, 34, 1, 'Y eso julio para que ?', NULL, 1, '2026-04-16 23:42:39', 34, '2026-04-16 23:42:39', NULL, '2026-04-16 23:42:39'),
	(34, 11, 25, 1, 'Que tal bro', NULL, 1, '2026-04-17 12:30:30', 25, '2026-04-17 12:30:30', NULL, '2026-04-17 12:30:30'),
	(35, 11, 25, 2, '[imagen]', '{"nombre_original":"scaled_1000085414.jpg","mime":"image\\/jpeg","peso":61258}', 1, '2026-04-17 12:30:45', 25, '2026-04-17 12:30:45', NULL, '2026-04-17 12:30:45'),
	(36, 11, 25, 1, 'Este es el proyecto', NULL, 1, '2026-04-17 12:30:50', 25, '2026-04-17 12:30:50', NULL, '2026-04-17 12:30:50'),
	(37, 11, 39, 1, 'O genial', NULL, 1, '2026-04-17 12:31:54', 39, '2026-04-17 12:31:54', NULL, '2026-04-17 12:31:54'),
	(38, 9, 1, 2, '[imagen]', '{"nombre_original":"scaled_1000088439.jpg","mime":"image\\/jpeg","peso":77274}', 1, '2026-04-18 22:24:45', 1, '2026-04-18 22:24:45', NULL, '2026-04-18 22:24:45'),
	(39, 4, 34, 1, 'Hola', NULL, 1, '2026-04-21 15:03:11', 34, '2026-04-21 15:03:11', NULL, '2026-04-21 15:03:11'),
	(40, 12, 1, 1, 'Hola', NULL, 1, '2026-04-21 15:04:31', 1, '2026-04-21 15:04:31', NULL, '2026-04-21 15:04:31'),
	(41, 1, 1, 1, 'Bien', NULL, 1, '2026-04-21 15:06:33', 1, '2026-04-21 15:06:33', NULL, '2026-04-21 15:06:33'),
	(42, 1, 1, 1, 'Hola', NULL, 1, '2026-04-21 15:13:42', 1, '2026-04-21 15:13:42', NULL, '2026-04-21 15:13:42'),
	(43, 1, 25, 1, 'Bien', NULL, 1, '2026-04-21 15:14:46', 25, '2026-04-21 15:14:46', NULL, '2026-04-21 15:14:46'),
	(44, 1, 25, 1, 'Que tal con el proyecto', NULL, 1, '2026-04-21 15:16:40', 25, '2026-04-21 15:16:40', NULL, '2026-04-21 15:16:40'),
	(45, 8, 1, 1, 'Que tal', NULL, 1, '2026-04-21 15:21:52', 1, '2026-04-21 15:21:52', NULL, '2026-04-21 15:21:52'),
	(46, 17, 39, 1, 'Que tal ?', NULL, 1, '2026-04-21 16:01:31', 39, '2026-04-21 16:01:31', NULL, '2026-04-21 16:01:31'),
	(47, 18, 1, 1, 'Hola', NULL, 1, '2026-04-21 19:43:27', 1, '2026-04-21 19:43:27', NULL, '2026-04-21 19:43:27'),
	(48, 18, 37, 1, 'Hola que tal Juan', NULL, 1, '2026-04-22 10:19:46', 37, '2026-04-22 10:19:46', NULL, '2026-04-22 10:19:46'),
	(49, 19, 1, 1, 'Hola julio', NULL, 1, '2026-04-22 10:53:38', 1, '2026-04-22 10:53:38', NULL, '2026-04-22 10:53:38'),
	(50, 19, 1, 1, 'Hola', NULL, 1, '2026-04-22 11:19:40', 1, '2026-04-22 11:19:40', NULL, '2026-04-22 11:19:40'),
	(51, 12, 39, 1, 'Hola', NULL, 1, '2026-04-22 11:50:07', 39, '2026-04-22 11:50:07', NULL, '2026-04-22 11:50:07'),
	(52, 20, 40, 1, 'Que tal ?', NULL, 1, '2026-04-22 12:23:22', 40, '2026-04-22 12:23:22', NULL, '2026-04-22 12:23:22'),
	(53, 20, 40, 1, '^^^', NULL, 1, '2026-04-22 12:23:44', 40, '2026-04-22 12:23:44', NULL, '2026-04-22 12:23:44'),
	(54, 20, 34, 1, 'Hgff', NULL, 1, '2026-04-22 12:24:45', 34, '2026-04-22 12:24:45', NULL, '2026-04-22 12:24:45'),
	(55, 21, 35, 1, 'Hola', NULL, 1, '2026-04-22 14:36:40', 35, '2026-04-22 14:36:40', NULL, '2026-04-22 14:36:40'),
	(56, 21, 35, 1, 'Que tal que haces', NULL, 1, '2026-04-22 14:37:03', 35, '2026-04-22 14:37:03', NULL, '2026-04-22 14:37:03'),
	(57, 21, 36, 1, 'Hola', NULL, 1, '2026-04-22 14:50:12', 36, '2026-04-22 14:50:12', NULL, '2026-04-22 14:50:12'),
	(58, 21, 35, 1, 'Que tal', NULL, 1, '2026-04-22 14:50:38', 35, '2026-04-22 14:50:38', NULL, '2026-04-22 14:50:38'),
	(59, 22, 35, 1, 'Hola', NULL, 1, '2026-04-22 15:02:39', 35, '2026-04-22 15:02:39', NULL, '2026-04-22 15:02:39'),
	(60, 22, 35, 1, 'Que tal jhon', NULL, 1, '2026-04-22 15:02:59', 35, '2026-04-22 15:02:59', NULL, '2026-04-22 15:02:59'),
	(61, 22, 32, 1, 'Que tal', NULL, 1, '2026-04-22 15:03:18', 32, '2026-04-22 15:03:18', NULL, '2026-04-22 15:03:18'),
	(62, 22, 35, 1, 'Sya', NULL, 1, '2026-04-22 15:03:47', 35, '2026-04-22 15:03:47', NULL, '2026-04-22 15:03:47'),
	(63, 22, 35, 2, '[imagen]', '{"nombre_original":"scaled_1000089667.jpg","mime":"image\\/jpeg","peso":119792}', 1, '2026-04-22 15:04:26', 35, '2026-04-22 15:04:26', NULL, '2026-04-22 15:04:26'),
	(64, 23, 40, 1, 'Hola', NULL, 1, '2026-04-22 16:15:00', 40, '2026-04-22 16:15:00', NULL, '2026-04-22 16:15:00'),
	(65, 30, 25, 1, 'Ghhh', NULL, 1, '2026-04-22 16:32:08', 25, '2026-04-22 16:32:08', NULL, '2026-04-22 16:32:08'),
	(66, 32, 34, 1, 'Hola', NULL, 1, '2026-04-22 16:39:01', 34, '2026-04-22 16:39:01', NULL, '2026-04-22 16:39:01'),
	(67, 33, 36, 1, 'Hjgt', NULL, 1, '2026-04-22 16:46:02', 36, '2026-04-22 16:46:02', NULL, '2026-04-22 16:46:02'),
	(68, 33, 36, 1, 'Ghvc', NULL, 1, '2026-04-22 16:49:55', 36, '2026-04-22 16:49:55', NULL, '2026-04-22 16:49:55'),
	(69, 33, 36, 1, 'Gggh', NULL, 1, '2026-04-22 16:52:24', 36, '2026-04-22 16:52:24', NULL, '2026-04-22 16:52:24'),
	(70, 33, 36, 1, 'Yyyuy', NULL, 1, '2026-04-22 16:52:34', 36, '2026-04-22 16:52:34', NULL, '2026-04-22 16:52:34'),
	(71, 34, 28, 1, 'Hola bro', NULL, 1, '2026-04-22 16:55:35', 28, '2026-04-22 16:55:35', NULL, '2026-04-22 16:55:35'),
	(72, 34, 1, 1, 'Que tal te seguí', NULL, 1, '2026-04-22 16:56:00', 1, '2026-04-22 16:56:00', NULL, '2026-04-22 16:56:00'),
	(73, 34, 28, 1, 'Aya', NULL, 1, '2026-04-22 16:56:16', 28, '2026-04-22 16:56:16', NULL, '2026-04-22 16:56:16'),
	(74, 36, 28, 1, 'Hola', NULL, 1, '2026-04-22 17:02:50', 28, '2026-04-22 17:02:50', NULL, '2026-04-22 17:02:50'),
	(75, 36, 28, 1, 'Gghjcrh', NULL, 1, '2026-04-22 17:03:18', 28, '2026-04-22 17:03:18', NULL, '2026-04-22 17:03:18'),
	(76, 36, 28, 1, 'Vvhn', NULL, 1, '2026-04-22 17:04:11', 28, '2026-04-22 17:04:11', NULL, '2026-04-22 17:04:11'),
	(77, 36, 28, 1, 'Dcvb', NULL, 1, '2026-04-22 17:04:54', 28, '2026-04-22 17:04:54', NULL, '2026-04-22 17:04:54'),
	(78, 36, 28, 1, 'Ggrth', NULL, 1, '2026-04-22 17:05:32', 28, '2026-04-22 17:05:32', NULL, '2026-04-22 17:05:32'),
	(79, 36, 39, 1, 'Hdjfj', NULL, 1, '2026-04-22 17:06:10', 39, '2026-04-22 17:06:10', NULL, '2026-04-22 17:06:10'),
	(80, 20, 34, 1, 'Hola', NULL, 1, '2026-04-22 22:47:57', 34, '2026-04-22 22:47:57', NULL, '2026-04-22 22:47:57'),
	(81, 37, 42, 1, 'Hola', NULL, 1, '2026-04-22 23:48:56', 42, '2026-04-22 23:48:56', NULL, '2026-04-22 23:48:56'),
	(82, 37, 45, 1, 'Hola', NULL, 1, '2026-04-22 23:49:31', 45, '2026-04-22 23:49:31', NULL, '2026-04-22 23:49:31'),
	(83, 37, 42, 1, 'Que tal, cuando el fútbol', NULL, 1, '2026-04-22 23:49:54', 42, '2026-04-22 23:49:54', NULL, '2026-04-22 23:49:54'),
	(84, 37, 45, 2, '[imagen]', '{"nombre_original":"scaled_1000488901.jpg","mime":"image\\/jpeg","peso":1646011}', 1, '2026-04-22 23:50:01', 45, '2026-04-22 23:50:01', NULL, '2026-04-22 23:50:01'),
	(85, 37, 42, 2, '[imagen]', '{"nombre_original":"scaled_64499.jpg","mime":"image\\/jpeg","peso":227680}', 1, '2026-04-22 23:50:12', 42, '2026-04-22 23:50:12', NULL, '2026-04-22 23:50:12'),
	(86, 37, 45, 1, 'Los lunes, como siempre', NULL, 1, '2026-04-22 23:50:27', 45, '2026-04-22 23:50:27', NULL, '2026-04-22 23:50:27'),
	(87, 37, 42, 1, 'Si voy', NULL, 1, '2026-04-22 23:51:23', 42, '2026-04-22 23:51:23', NULL, '2026-04-22 23:51:23');

-- Volcando estructura para tabla intelsoftperu_app_enxu.proyecto_mensaje_adjunto
CREATE TABLE IF NOT EXISTS `proyecto_mensaje_adjunto` (
  `pma_id` int(11) NOT NULL AUTO_INCREMENT,
  `pmj_id` int(11) NOT NULL,
  `pma_ruta` varchar(255) NOT NULL,
  `pma_nombre_original` varchar(150) DEFAULT NULL,
  `pma_mime` varchar(100) DEFAULT NULL,
  `pma_peso` int(11) DEFAULT NULL,
  `pma_ancho` int(11) DEFAULT NULL,
  `pma_alto` int(11) DEFAULT NULL,
  `creado_por` int(11) DEFAULT NULL,
  `creado_fecha` datetime DEFAULT current_timestamp(),
  PRIMARY KEY (`pma_id`) USING BTREE,
  KEY `fk_adjunto_mensaje` (`pmj_id`) USING BTREE,
  CONSTRAINT `fk_adjunto_mensaje` FOREIGN KEY (`pmj_id`) REFERENCES `proyecto_mensaje` (`pmj_id`) ON DELETE CASCADE
) ENGINE=InnoDB AUTO_INCREMENT=9 DEFAULT CHARSET=utf8mb4 COLLATE=utf8mb4_unicode_ci ROW_FORMAT=DYNAMIC;

-- Volcando datos para la tabla intelsoftperu_app_enxu.proyecto_mensaje_adjunto: ~6 rows (aproximadamente)
INSERT INTO `proyecto_mensaje_adjunto` (`pma_id`, `pmj_id`, `pma_ruta`, `pma_nombre_original`, `pma_mime`, `pma_peso`, `pma_ancho`, `pma_alto`, `creado_por`, `creado_fecha`) VALUES
	(1, 26, 'uploads/chat/chat_69e03eb12f5210.68460876.jpg', 'scaled_1000086690.jpg', 'image/jpeg', 118166, NULL, NULL, 25, '2026-04-15 20:43:13'),
	(2, 27, 'uploads/chat/chat_69e03fb799aea4.52707714.jpg', 'scaled_1000086308.jpg', 'image/jpeg', 76886, NULL, NULL, 25, '2026-04-15 20:47:35'),
	(3, 30, 'uploads/chat/chat_69e0409cceedb3.65092414.png', 'scaled_1000084964.png', 'image/png', 62655, NULL, NULL, 25, '2026-04-15 20:51:24'),
	(4, 35, 'uploads/chat/chat_69e26e455d2da1.27391678.jpg', 'scaled_1000085414.jpg', 'image/jpeg', 61258, NULL, NULL, 25, '2026-04-17 12:30:45'),
	(5, 38, 'uploads/chat/chat_69e44afd4a3429.29780814.jpg', 'scaled_1000088439.jpg', 'image/jpeg', 77274, NULL, NULL, 1, '2026-04-18 22:24:45'),
	(6, 63, 'uploads/chat/chat_69e929ca3290c8.20782000.jpg', 'scaled_1000089667.jpg', 'image/jpeg', 119792, NULL, NULL, 35, '2026-04-22 15:04:27'),
	(7, 84, 'uploads/chat/chat_69e9a4f9b860c7.33365054.jpg', 'scaled_1000488901.jpg', 'image/jpeg', 1646011, NULL, NULL, 45, '2026-04-22 23:50:01'),
	(8, 85, 'uploads/chat/chat_69e9a504b34fe9.14313327.jpg', 'scaled_64499.jpg', 'image/jpeg', 227680, NULL, NULL, 42, '2026-04-22 23:50:12');

-- Volcando estructura para tabla intelsoftperu_app_enxu.proyecto_miembro
CREATE TABLE IF NOT EXISTS `proyecto_miembro` (
  `pm_id` int(11) NOT NULL AUTO_INCREMENT,
  `pro_id` int(11) NOT NULL,
  `usu_id` int(11) NOT NULL,
  `hab_id` int(11) NOT NULL,
  `pm_fecha_ingreso` datetime DEFAULT current_timestamp(),
  `pm_estado` tinyint(1) NOT NULL DEFAULT 1,
  PRIMARY KEY (`pm_id`) USING BTREE,
  UNIQUE KEY `pro_id` (`pro_id`,`usu_id`) USING BTREE,
  KEY `usu_id` (`usu_id`) USING BTREE,
  KEY `hab_id` (`hab_id`) USING BTREE,
  CONSTRAINT `fk_proyecto_miembro_habilidad` FOREIGN KEY (`hab_id`) REFERENCES `habilidades` (`hab_id`) ON DELETE CASCADE,
  CONSTRAINT `fk_proyecto_miembro_proyecto` FOREIGN KEY (`pro_id`) REFERENCES `proyecto` (`pro_id`) ON DELETE CASCADE,
  CONSTRAINT `fk_proyecto_miembro_usuario` FOREIGN KEY (`usu_id`) REFERENCES `usuario` (`usu_id`) ON DELETE CASCADE
) ENGINE=InnoDB AUTO_INCREMENT=37 DEFAULT CHARSET=utf8mb4 COLLATE=utf8mb4_unicode_ci ROW_FORMAT=DYNAMIC;

-- Volcando datos para la tabla intelsoftperu_app_enxu.proyecto_miembro: ~24 rows (aproximadamente)
INSERT INTO `proyecto_miembro` (`pm_id`, `pro_id`, `usu_id`, `hab_id`, `pm_fecha_ingreso`, `pm_estado`) VALUES
	(11, 23, 1, 2, '2026-04-14 20:51:41', 1),
	(12, 30, 1, 1, '2026-04-14 21:08:10', 1),
	(13, 31, 1, 1, '2026-04-15 09:44:49', 1),
	(14, 25, 34, 2, '2026-04-15 09:51:12', 1),
	(15, 33, 34, 1, '2026-04-15 10:57:43', 1),
	(16, 33, 1, 1, '2026-04-15 10:58:38', 1),
	(17, 34, 34, 1, '2026-04-15 14:58:20', 1),
	(18, 26, 25, 2, '2026-04-15 15:07:59', 1),
	(19, 24, 25, 1, '2026-04-15 15:08:23', 1),
	(20, 32, 25, 1, '2026-04-15 19:23:05', 1),
	(21, 36, 39, 4, '2026-04-17 12:30:19', 1),
	(22, 38, 1, 4, '2026-04-18 22:30:23', 1),
	(23, 39, 1, 4, '2026-04-21 09:57:00', 1),
	(24, 33, 39, 1, '2026-04-21 11:51:16', 1),
	(25, 33, 40, 1, '2026-04-21 11:57:47', 1),
	(26, 37, 39, 4, '2026-04-21 15:36:54', 1),
	(27, 38, 37, 5, '2026-04-21 16:01:12', 1),
	(28, 40, 37, 3, '2026-04-21 19:43:13', 1),
	(29, 40, 25, 4, '2026-04-22 10:53:13', 1),
	(30, 41, 34, 4, '2026-04-22 12:22:25', 1),
	(31, 44, 36, 4, '2026-04-22 14:36:33', 1),
	(32, 44, 32, 4, '2026-04-22 15:02:27', 1),
	(33, 28, 1, 2, '2026-04-22 17:00:00', 1),
	(34, 28, 39, 1, '2026-04-22 17:02:37', 1),
	(35, 47, 42, 4, '2026-04-22 23:48:19', 1),
	(36, 48, 1, 1, '2026-04-23 00:02:16', 1);

-- Volcando estructura para tabla intelsoftperu_app_enxu.proyecto_perfil
CREATE TABLE IF NOT EXISTS `proyecto_perfil` (
  `prp_id` int(11) NOT NULL AUTO_INCREMENT,
  `pro_id` int(11) NOT NULL,
  `ppf_id` int(11) NOT NULL,
  `prp_cupos` int(11) NOT NULL DEFAULT 1,
  `prp_cupos_ocupados` int(11) NOT NULL DEFAULT 0,
  `prp_estado` tinyint(1) NOT NULL DEFAULT 1,
  `creado_por` bigint(20) DEFAULT NULL,
  `creado_fecha` datetime DEFAULT current_timestamp(),
  `actualizado_por` bigint(20) DEFAULT NULL,
  `actualizado_fecha` datetime DEFAULT current_timestamp() ON UPDATE current_timestamp(),
  PRIMARY KEY (`prp_id`) USING BTREE,
  UNIQUE KEY `uq_proyecto_perfil` (`pro_id`,`ppf_id`) USING BTREE,
  KEY `fk_prp_ppf` (`ppf_id`) USING BTREE,
  CONSTRAINT `fk_prp_ppf` FOREIGN KEY (`ppf_id`) REFERENCES `perfil_profesional` (`ppf_id`) ON DELETE CASCADE,
  CONSTRAINT `fk_prp_proyecto` FOREIGN KEY (`pro_id`) REFERENCES `proyecto` (`pro_id`) ON DELETE CASCADE
) ENGINE=InnoDB AUTO_INCREMENT=63 DEFAULT CHARSET=utf8mb4 COLLATE=utf8mb4_unicode_ci ROW_FORMAT=DYNAMIC;

-- Volcando datos para la tabla intelsoftperu_app_enxu.proyecto_perfil: ~59 rows (aproximadamente)
INSERT INTO `proyecto_perfil` (`prp_id`, `pro_id`, `ppf_id`, `prp_cupos`, `prp_cupos_ocupados`, `prp_estado`, `creado_por`, `creado_fecha`, `actualizado_por`, `actualizado_fecha`) VALUES
	(1, 1, 1, 2, 0, 1, 1, '2026-03-14 11:22:34', NULL, '2026-03-14 11:22:34'),
	(2, 1, 2, 1, 0, 1, 1, '2026-03-14 11:22:34', NULL, '2026-03-14 11:22:34'),
	(3, 2, 1, 2, 0, 1, 1, '2026-03-14 12:18:42', NULL, '2026-03-14 12:18:42'),
	(4, 2, 2, 1, 0, 1, 1, '2026-03-14 12:18:42', NULL, '2026-03-14 12:18:42'),
	(5, 3, 1, 1, 0, 1, 1, '2026-03-14 18:18:55', NULL, '2026-03-14 18:18:55'),
	(6, 4, 1, 1, 0, 1, 1, '2026-03-14 18:23:56', NULL, '2026-03-14 18:23:56'),
	(7, 5, 1, 1, 0, 1, 1, '2026-03-14 18:32:16', NULL, '2026-03-14 18:32:16'),
	(8, 6, 1, 1, 0, 1, 1, '2026-03-14 18:38:13', NULL, '2026-03-14 18:38:13'),
	(9, 7, 1, 1, 0, 1, 1, '2026-03-14 18:41:16', NULL, '2026-03-14 18:41:16'),
	(10, 8, 1, 1, 0, 1, 1, '2026-03-14 18:44:37', NULL, '2026-03-14 18:44:37'),
	(11, 9, 1, 1, 0, 1, 1, '2026-03-14 18:47:10', NULL, '2026-03-14 18:47:10'),
	(12, 10, 1, 1, 0, 1, 1, '2026-03-14 18:54:11', NULL, '2026-03-14 18:54:11'),
	(13, 11, 1, 1, 0, 1, 1, '2026-03-14 18:56:59', NULL, '2026-03-14 18:56:59'),
	(14, 12, 1, 1, 0, 1, 1, '2026-03-14 18:58:37', NULL, '2026-03-14 18:58:37'),
	(15, 13, 1, 1, 0, 1, 1, '2026-03-14 19:02:59', NULL, '2026-03-14 19:02:59'),
	(16, 14, 1, 1, 0, 1, 1, '2026-03-14 19:09:13', NULL, '2026-03-14 19:09:13'),
	(17, 15, 1, 1, 0, 1, 1, '2026-03-15 13:13:10', NULL, '2026-03-15 13:13:10'),
	(18, 16, 1, 1, 0, 1, 5, '2026-03-15 20:15:58', NULL, '2026-03-15 20:15:58'),
	(19, 17, 1, 1, 0, 1, 1, '2026-03-16 09:39:21', NULL, '2026-03-16 09:39:21'),
	(20, 18, 1, 2, 0, 1, 5, '2026-03-17 15:13:16', NULL, '2026-03-17 15:13:16'),
	(21, 19, 1, 1, 0, 1, 1, '2026-03-18 22:09:30', NULL, '2026-03-18 22:09:30'),
	(22, 20, 1, 1, 0, 1, 1, '2026-03-19 12:28:34', NULL, '2026-03-19 12:28:34'),
	(23, 21, 2, 1, 0, 1, 1, '2026-03-19 13:29:17', NULL, '2026-03-19 13:29:17'),
	(24, 22, 2, 2, 0, 1, 1, '2026-03-23 11:51:12', NULL, '2026-03-23 11:51:12'),
	(25, 23, 1, 1, 1, 1, 25, '2026-03-23 12:49:00', NULL, '2026-04-14 20:51:41'),
	(26, 24, 1, 1, 1, 1, 1, '2026-03-23 15:16:13', NULL, '2026-04-15 15:08:23'),
	(27, 25, 1, 1, 1, 1, 1, '2026-03-23 15:17:27', NULL, '2026-04-15 09:51:12'),
	(28, 26, 1, 1, 1, 1, 1, '2026-03-23 15:43:45', NULL, '2026-04-15 15:07:59'),
	(29, 27, 1, 1, 0, 1, 26, '2026-03-23 18:45:19', NULL, '2026-03-23 18:45:19'),
	(30, 28, 1, 2, 2, 1, 28, '2026-03-30 13:39:54', NULL, '2026-04-22 17:02:37'),
	(31, 28, 2, 1, 0, 1, 28, '2026-03-30 13:39:54', NULL, '2026-03-30 13:39:54'),
	(32, 29, 1, 1, 0, 1, 33, '2026-04-13 18:10:51', NULL, '2026-04-13 18:10:51'),
	(33, 29, 2, 1, 0, 1, 33, '2026-04-13 18:10:51', NULL, '2026-04-13 18:10:51'),
	(34, 30, 1, 1, 1, 1, 25, '2026-04-14 21:06:40', NULL, '2026-04-14 21:08:10'),
	(35, 30, 2, 1, 0, 1, 25, '2026-04-14 21:06:40', NULL, '2026-04-14 21:06:40'),
	(36, 31, 1, 1, 1, 1, 25, '2026-04-14 21:18:40', NULL, '2026-04-15 09:44:49'),
	(37, 31, 2, 1, 0, 1, 25, '2026-04-14 21:18:40', NULL, '2026-04-14 21:18:40'),
	(38, 32, 1, 2, 1, 1, 34, '2026-04-15 10:44:43', NULL, '2026-04-15 19:23:05'),
	(39, 32, 2, 2, 0, 1, 34, '2026-04-15 10:44:43', NULL, '2026-04-15 10:44:43'),
	(40, 33, 1, 6, 4, 1, 25, '2026-04-15 10:55:18', NULL, '2026-04-21 11:57:47'),
	(41, 33, 2, 6, 0, 1, 25, '2026-04-15 10:55:18', NULL, '2026-04-15 10:55:18'),
	(42, 34, 1, 3, 1, 1, 25, '2026-04-15 14:57:04', NULL, '2026-04-15 14:58:20'),
	(43, 34, 2, 4, 0, 1, 25, '2026-04-15 14:57:04', NULL, '2026-04-15 14:57:04'),
	(44, 35, 1, 1, 0, 1, 25, '2026-04-16 15:17:41', NULL, '2026-04-16 15:17:41'),
	(45, 36, 1, 1, 1, 1, 25, '2026-04-16 15:46:20', NULL, '2026-04-17 12:30:19'),
	(46, 37, 1, 3, 1, 1, 25, '2026-04-16 16:05:01', NULL, '2026-04-21 15:36:54'),
	(47, 37, 2, 3, 0, 1, 25, '2026-04-16 16:05:01', NULL, '2026-04-16 16:05:01'),
	(48, 38, 1, 2, 2, 1, 39, '2026-04-17 12:27:18', NULL, '2026-04-21 16:01:12'),
	(49, 39, 1, 1, 1, 1, 34, '2026-04-18 22:07:01', NULL, '2026-04-21 09:57:00'),
	(50, 39, 2, 1, 0, 1, 34, '2026-04-18 22:07:01', NULL, '2026-04-18 22:07:01'),
	(51, 40, 1, 2, 2, 1, 1, '2026-04-18 22:17:37', NULL, '2026-04-22 10:53:13'),
	(52, 40, 2, 2, 0, 1, 1, '2026-04-18 22:17:37', NULL, '2026-04-18 22:17:37'),
	(53, 41, 1, 1, 1, 1, 40, '2026-04-22 12:20:07', NULL, '2026-04-22 12:22:25'),
	(54, 42, 1, 3, 0, 1, 36, '2026-04-22 14:25:38', NULL, '2026-04-22 14:25:38'),
	(55, 42, 2, 3, 0, 1, 36, '2026-04-22 14:25:38', NULL, '2026-04-22 14:25:38'),
	(56, 43, 1, 2, 0, 1, 40, '2026-04-22 14:29:16', NULL, '2026-04-22 14:29:16'),
	(57, 44, 1, 3, 1, 1, 35, '2026-04-22 14:34:55', NULL, '2026-04-22 15:02:27'),
	(58, 44, 2, 1, 1, 1, 35, '2026-04-22 14:34:55', NULL, '2026-04-22 14:36:33'),
	(59, 45, 1, 2, 0, 1, 32, '2026-04-22 15:13:25', NULL, '2026-04-22 15:13:25'),
	(60, 46, 1, 1, 0, 1, 34, '2026-04-22 22:46:22', NULL, '2026-04-22 22:46:22'),
	(61, 47, 1, 1, 1, 1, 45, '2026-04-22 23:43:51', NULL, '2026-04-22 23:48:19'),
	(62, 48, 1, 1, 1, 1, 42, '2026-04-22 23:44:50', NULL, '2026-04-23 00:02:16');

-- Volcando estructura para tabla intelsoftperu_app_enxu.proyecto_perfil_habilidad
CREATE TABLE IF NOT EXISTS `proyecto_perfil_habilidad` (
  `pph_id` int(11) NOT NULL AUTO_INCREMENT,
  `prp_id` int(11) NOT NULL,
  `hab_id` int(11) NOT NULL,
  `pph_estado` tinyint(1) NOT NULL DEFAULT 1,
  PRIMARY KEY (`pph_id`) USING BTREE,
  UNIQUE KEY `uq_prp_hab` (`prp_id`,`hab_id`) USING BTREE,
  KEY `fk_pph_hab` (`hab_id`) USING BTREE,
  CONSTRAINT `fk_pph_hab` FOREIGN KEY (`hab_id`) REFERENCES `habilidades` (`hab_id`) ON DELETE CASCADE,
  CONSTRAINT `fk_pph_prp` FOREIGN KEY (`prp_id`) REFERENCES `proyecto_perfil` (`prp_id`) ON DELETE CASCADE
) ENGINE=InnoDB AUTO_INCREMENT=79 DEFAULT CHARSET=utf8mb4 COLLATE=utf8mb4_unicode_ci ROW_FORMAT=DYNAMIC;

-- Volcando datos para la tabla intelsoftperu_app_enxu.proyecto_perfil_habilidad: ~71 rows (aproximadamente)
INSERT INTO `proyecto_perfil_habilidad` (`pph_id`, `prp_id`, `hab_id`, `pph_estado`) VALUES
	(1, 1, 1, 1),
	(2, 1, 2, 1),
	(3, 2, 1, 1),
	(4, 2, 2, 1),
	(5, 3, 1, 1),
	(6, 3, 2, 1),
	(7, 4, 1, 1),
	(8, 4, 2, 1),
	(9, 5, 2, 1),
	(10, 6, 1, 1),
	(11, 7, 1, 1),
	(12, 8, 1, 1),
	(13, 9, 1, 1),
	(14, 10, 1, 1),
	(15, 11, 1, 1),
	(16, 12, 1, 1),
	(17, 13, 2, 1),
	(18, 14, 1, 1),
	(19, 15, 1, 1),
	(20, 16, 1, 1),
	(21, 17, 1, 1),
	(22, 18, 1, 1),
	(23, 19, 1, 1),
	(24, 20, 1, 1),
	(25, 21, 1, 1),
	(26, 22, 1, 1),
	(27, 23, 2, 1),
	(28, 23, 4, 1),
	(29, 24, 2, 1),
	(30, 25, 3, 1),
	(31, 25, 5, 1),
	(32, 26, 1, 1),
	(33, 27, 2, 1),
	(34, 28, 2, 1),
	(35, 29, 1, 1),
	(36, 29, 5, 1),
	(37, 30, 1, 1),
	(38, 30, 2, 1),
	(39, 31, 1, 1),
	(40, 31, 2, 1),
	(41, 32, 1, 1),
	(42, 33, 2, 1),
	(43, 34, 1, 1),
	(44, 35, 2, 1),
	(45, 36, 1, 1),
	(46, 37, 2, 1),
	(47, 38, 1, 1),
	(48, 39, 2, 1),
	(49, 40, 1, 1),
	(50, 41, 2, 1),
	(51, 42, 1, 1),
	(52, 43, 2, 1),
	(53, 44, 4, 1),
	(54, 45, 4, 1),
	(55, 46, 4, 1),
	(56, 47, 4, 1),
	(57, 48, 1, 1),
	(58, 48, 5, 1),
	(59, 49, 4, 1),
	(60, 50, 2, 1),
	(61, 51, 3, 1),
	(62, 52, 6, 1),
	(63, 53, 4, 1),
	(64, 54, 3, 1),
	(65, 54, 4, 1),
	(66, 55, 4, 1),
	(67, 56, 3, 1),
	(68, 57, 4, 1),
	(69, 58, 4, 1),
	(70, 59, 3, 1),
	(71, 59, 4, 1),
	(72, 60, 4, 1),
	(73, 61, 1, 1),
	(74, 61, 3, 1),
	(75, 61, 4, 1),
	(76, 61, 8, 1),
	(77, 62, 1, 1),
	(78, 62, 4, 1);

-- Volcando estructura para tabla intelsoftperu_app_enxu.proyecto_postulacion
CREATE TABLE IF NOT EXISTS `proyecto_postulacion` (
  `ppo_id` int(11) NOT NULL AUTO_INCREMENT,
  `pro_id` int(11) NOT NULL,
  `usu_id` int(11) NOT NULL,
  `hab_id` int(11) NOT NULL,
  `ppo_estado` tinyint(1) NOT NULL DEFAULT 1,
  `ppo_fecha` datetime DEFAULT current_timestamp(),
  `creado_por` bigint(20) DEFAULT NULL,
  `creado_fecha` datetime DEFAULT current_timestamp(),
  `actualizado_por` bigint(20) DEFAULT NULL,
  `actualizado_fecha` datetime DEFAULT current_timestamp() ON UPDATE current_timestamp(),
  PRIMARY KEY (`ppo_id`) USING BTREE,
  UNIQUE KEY `pro_id` (`pro_id`,`usu_id`,`hab_id`) USING BTREE,
  KEY `usu_id` (`usu_id`) USING BTREE,
  KEY `hab_id` (`hab_id`) USING BTREE,
  CONSTRAINT `fk_proyecto_postulacion_habilidad` FOREIGN KEY (`hab_id`) REFERENCES `habilidades` (`hab_id`) ON DELETE CASCADE,
  CONSTRAINT `fk_proyecto_postulacion_proyecto` FOREIGN KEY (`pro_id`) REFERENCES `proyecto` (`pro_id`) ON DELETE CASCADE,
  CONSTRAINT `fk_proyecto_postulacion_usuario` FOREIGN KEY (`usu_id`) REFERENCES `usuario` (`usu_id`) ON DELETE CASCADE
) ENGINE=InnoDB AUTO_INCREMENT=48 DEFAULT CHARSET=utf8mb4 COLLATE=utf8mb4_unicode_ci ROW_FORMAT=DYNAMIC;

-- Volcando datos para la tabla intelsoftperu_app_enxu.proyecto_postulacion: ~45 rows (aproximadamente)
INSERT INTO `proyecto_postulacion` (`ppo_id`, `pro_id`, `usu_id`, `hab_id`, `ppo_estado`, `ppo_fecha`, `creado_por`, `creado_fecha`, `actualizado_por`, `actualizado_fecha`) VALUES
	(1, 23, 1, 2, 2, '2026-03-30 12:51:45', NULL, '2026-03-30 12:51:45', 25, '2026-04-14 20:51:41'),
	(2, 28, 1, 2, 2, '2026-03-30 14:06:23', NULL, '2026-03-30 14:06:23', 28, '2026-04-22 17:00:00'),
	(3, 29, 1, 2, 1, '2026-04-14 15:23:40', NULL, '2026-04-14 15:23:40', NULL, '2026-04-14 15:23:40'),
	(4, 16, 1, 1, 1, '2026-04-14 16:55:24', NULL, '2026-04-14 16:55:24', NULL, '2026-04-14 16:55:24'),
	(5, 18, 1, 1, 1, '2026-04-14 20:28:27', NULL, '2026-04-14 20:28:27', NULL, '2026-04-14 20:28:27'),
	(6, 30, 1, 1, 4, '2026-04-14 21:07:34', NULL, '2026-04-14 21:07:34', 1, '2026-04-21 15:48:40'),
	(7, 31, 1, 1, 4, '2026-04-14 21:27:23', NULL, '2026-04-14 21:27:23', 1, '2026-04-21 15:39:54'),
	(8, 25, 25, 2, 3, '2026-04-15 09:38:42', NULL, '2026-04-15 09:38:42', 1, '2026-04-15 09:51:33'),
	(9, 16, 25, 1, 1, '2026-04-15 09:38:57', NULL, '2026-04-15 09:38:57', NULL, '2026-04-15 09:38:57'),
	(10, 29, 25, 1, 1, '2026-04-15 09:39:52', NULL, '2026-04-15 09:39:52', NULL, '2026-04-15 09:39:52'),
	(11, 28, 34, 1, 1, '2026-04-15 09:49:53', NULL, '2026-04-15 09:49:53', NULL, '2026-04-15 09:49:53'),
	(12, 25, 34, 2, 4, '2026-04-15 09:50:01', NULL, '2026-04-15 09:50:01', 34, '2026-04-21 15:33:33'),
	(13, 26, 34, 2, 1, '2026-04-15 09:50:07', NULL, '2026-04-15 09:50:07', NULL, '2026-04-15 09:50:07'),
	(14, 28, 25, 2, 1, '2026-04-15 10:28:38', NULL, '2026-04-15 10:28:38', NULL, '2026-04-15 10:28:38'),
	(15, 24, 25, 1, 2, '2026-04-15 10:28:56', NULL, '2026-04-15 10:28:56', 1, '2026-04-15 15:08:23'),
	(16, 26, 25, 2, 4, '2026-04-15 10:36:58', NULL, '2026-04-15 10:36:58', 25, '2026-04-21 15:37:49'),
	(17, 18, 25, 1, 1, '2026-04-15 10:37:23', NULL, '2026-04-15 10:37:23', NULL, '2026-04-15 10:37:23'),
	(18, 31, 34, 1, 1, '2026-04-15 10:43:06', NULL, '2026-04-15 10:43:06', NULL, '2026-04-15 10:43:06'),
	(19, 30, 34, 1, 1, '2026-04-15 10:43:19', NULL, '2026-04-15 10:43:19', NULL, '2026-04-15 10:43:19'),
	(20, 18, 34, 1, 1, '2026-04-15 10:43:30', NULL, '2026-04-15 10:43:30', NULL, '2026-04-15 10:43:30'),
	(21, 32, 25, 1, 4, '2026-04-15 10:45:52', NULL, '2026-04-15 10:45:52', 25, '2026-04-21 15:37:46'),
	(22, 33, 34, 1, 4, '2026-04-15 10:56:21', NULL, '2026-04-15 10:56:21', 34, '2026-04-21 15:45:27'),
	(23, 33, 1, 1, 4, '2026-04-15 10:58:09', NULL, '2026-04-15 10:58:09', 1, '2026-04-21 15:38:38'),
	(24, 34, 34, 1, 2, '2026-04-15 14:57:54', NULL, '2026-04-15 14:57:54', 25, '2026-04-15 14:58:20'),
	(25, 16, 34, 1, 1, '2026-04-15 19:16:54', NULL, '2026-04-15 19:16:54', NULL, '2026-04-15 19:16:54'),
	(26, 29, 34, 1, 1, '2026-04-16 23:46:52', NULL, '2026-04-16 23:46:52', NULL, '2026-04-16 23:46:52'),
	(27, 33, 40, 1, 4, '2026-04-17 12:08:33', NULL, '2026-04-17 12:08:33', 40, '2026-04-21 15:37:52'),
	(28, 16, 40, 1, 1, '2026-04-17 12:16:00', NULL, '2026-04-17 12:16:00', NULL, '2026-04-17 12:16:00'),
	(29, 37, 40, 4, 1, '2026-04-17 12:16:43', NULL, '2026-04-17 12:16:43', NULL, '2026-04-17 12:16:43'),
	(30, 37, 39, 4, 4, '2026-04-17 12:19:01', NULL, '2026-04-17 12:19:01', 39, '2026-04-21 15:37:40'),
	(31, 36, 39, 4, 2, '2026-04-17 12:20:11', NULL, '2026-04-17 12:20:11', 25, '2026-04-17 12:30:19'),
	(32, 33, 39, 1, 4, '2026-04-18 20:06:08', NULL, '2026-04-18 20:06:08', 39, '2026-04-21 15:37:03'),
	(33, 16, 39, 1, 1, '2026-04-18 20:06:23', NULL, '2026-04-18 20:06:23', NULL, '2026-04-18 20:06:23'),
	(34, 35, 39, 4, 3, '2026-04-18 20:08:29', NULL, '2026-04-18 20:08:29', 25, '2026-04-21 12:00:00'),
	(35, 34, 39, 1, 3, '2026-04-18 20:24:16', NULL, '2026-04-18 20:24:16', 25, '2026-04-21 12:00:04'),
	(36, 39, 1, 4, 2, '2026-04-18 22:15:16', NULL, '2026-04-18 22:15:16', 34, '2026-04-21 09:57:00'),
	(37, 38, 1, 4, 2, '2026-04-18 22:29:03', NULL, '2026-04-18 22:29:03', 39, '2026-04-18 22:30:23'),
	(38, 38, 37, 5, 4, '2026-04-21 16:00:47', NULL, '2026-04-21 16:00:47', 37, '2026-04-21 16:01:38'),
	(39, 40, 37, 3, 2, '2026-04-21 19:42:37', NULL, '2026-04-21 19:42:37', 1, '2026-04-21 19:43:13'),
	(40, 37, 1, 4, 1, '2026-04-22 10:51:21', NULL, '2026-04-22 10:51:21', NULL, '2026-04-22 10:51:21'),
	(41, 40, 25, 4, 2, '2026-04-22 10:52:33', NULL, '2026-04-22 10:52:33', 1, '2026-04-22 10:53:13'),
	(42, 41, 34, 4, 2, '2026-04-22 12:22:13', NULL, '2026-04-22 12:22:13', 40, '2026-04-22 12:22:25'),
	(43, 44, 36, 4, 2, '2026-04-22 14:36:26', NULL, '2026-04-22 14:36:26', 35, '2026-04-22 14:36:33'),
	(44, 44, 32, 4, 2, '2026-04-22 15:02:10', NULL, '2026-04-22 15:02:10', 35, '2026-04-22 15:02:27'),
	(45, 28, 39, 1, 2, '2026-04-22 17:02:10', NULL, '2026-04-22 17:02:10', 28, '2026-04-22 17:02:37'),
	(46, 47, 42, 4, 2, '2026-04-22 23:45:45', NULL, '2026-04-22 23:45:45', 45, '2026-04-22 23:48:19'),
	(47, 48, 1, 1, 2, '2026-04-22 23:59:30', NULL, '2026-04-22 23:59:30', 42, '2026-04-23 00:02:16');

-- Volcando estructura para tabla intelsoftperu_app_enxu.rol
CREATE TABLE IF NOT EXISTS `rol` (
  `rol_id` int(11) NOT NULL AUTO_INCREMENT,
  `rol_nombre` varchar(50) NOT NULL,
  `rol_descripcion` varchar(150) DEFAULT NULL,
  `rol_estado` tinyint(1) NOT NULL DEFAULT 1,
  `creado_por` int(11) DEFAULT NULL,
  `creado_fecha` datetime NOT NULL DEFAULT current_timestamp(),
  `actualizado_por` int(11) DEFAULT NULL,
  `actualizado_fecha` datetime DEFAULT NULL,
  PRIMARY KEY (`rol_id`) USING BTREE,
  UNIQUE KEY `uq_rol_nombre` (`rol_nombre`) USING BTREE
) ENGINE=InnoDB DEFAULT CHARSET=utf8mb4 COLLATE=utf8mb4_unicode_ci ROW_FORMAT=DYNAMIC;

-- Volcando datos para la tabla intelsoftperu_app_enxu.rol: ~0 rows (aproximadamente)

-- Volcando estructura para tabla intelsoftperu_app_enxu.rol_permiso
CREATE TABLE IF NOT EXISTS `rol_permiso` (
  `rp_id` int(11) NOT NULL AUTO_INCREMENT,
  `rol_id` int(11) NOT NULL,
  `per_id` int(11) NOT NULL,
  `creado_fecha` datetime NOT NULL DEFAULT current_timestamp(),
  PRIMARY KEY (`rp_id`) USING BTREE,
  UNIQUE KEY `uq_rol_permiso` (`rol_id`,`per_id`) USING BTREE,
  KEY `fk_rp_permiso` (`per_id`) USING BTREE,
  CONSTRAINT `fk_rp_permiso` FOREIGN KEY (`per_id`) REFERENCES `permiso` (`per_id`) ON DELETE CASCADE,
  CONSTRAINT `fk_rp_rol` FOREIGN KEY (`rol_id`) REFERENCES `rol` (`rol_id`) ON DELETE CASCADE
) ENGINE=InnoDB DEFAULT CHARSET=utf8mb4 COLLATE=utf8mb4_unicode_ci ROW_FORMAT=DYNAMIC;

-- Volcando datos para la tabla intelsoftperu_app_enxu.rol_permiso: ~0 rows (aproximadamente)

-- Volcando estructura para tabla intelsoftperu_app_enxu.token_sesion
CREATE TABLE IF NOT EXISTS `token_sesion` (
  `tok_id` int(11) NOT NULL AUTO_INCREMENT,
  `usu_id` int(11) NOT NULL,
  `dis_id` int(11) NOT NULL,
  `tok_valor` varchar(255) NOT NULL,
  `tok_expira` datetime NOT NULL,
  `tok_estado` tinyint(1) NOT NULL DEFAULT 1,
  `creado_por` int(11) DEFAULT NULL,
  `creado_fecha` datetime NOT NULL DEFAULT current_timestamp(),
  `actualizado_por` int(11) DEFAULT NULL,
  `actualizado_fecha` datetime DEFAULT NULL,
  PRIMARY KEY (`tok_id`) USING BTREE,
  KEY `fk_token_usuario` (`usu_id`) USING BTREE,
  KEY `fk_token_dispositivo` (`dis_id`) USING BTREE,
  KEY `idx_token_valor` (`tok_valor`) USING BTREE,
  CONSTRAINT `fk_token_dispositivo` FOREIGN KEY (`dis_id`) REFERENCES `dispositivo` (`dis_id`) ON DELETE CASCADE,
  CONSTRAINT `fk_token_usuario` FOREIGN KEY (`usu_id`) REFERENCES `usuario` (`usu_id`) ON DELETE CASCADE
) ENGINE=InnoDB AUTO_INCREMENT=278 DEFAULT CHARSET=utf8mb4 COLLATE=utf8mb4_unicode_ci ROW_FORMAT=DYNAMIC;

-- Volcando datos para la tabla intelsoftperu_app_enxu.token_sesion: ~262 rows (aproximadamente)
INSERT INTO `token_sesion` (`tok_id`, `usu_id`, `dis_id`, `tok_valor`, `tok_expira`, `tok_estado`, `creado_por`, `creado_fecha`, `actualizado_por`, `actualizado_fecha`) VALUES
	(1, 1, 1, 'eyJ0eXAiOiJKV1QiLCJhbGciOiJIUzI1NiJ9.eyJpYXQiOjE3NzM1MDUxMzMsImV4cCI6MTc3MzUwODczMywiZGF0YSI6eyJ1c3VfaWQiOjEsInVzdV9lbWFpbCI6Im51ZXZvQGVqZW1wbG8uY29tIn19.h4WwXtHvwWNZO0_WA00qkHpEEAV_SbxJritfQiHVc6o', '2026-03-14 17:18:53', 1, NULL, '2026-03-14 11:18:53', NULL, NULL),
	(2, 1, 1, 'eyJ0eXAiOiJKV1QiLCJhbGciOiJIUzI1NiJ9.eyJpYXQiOjE3NzM1MDUyMTUsImV4cCI6MTc3MzUwODgxNSwiZGF0YSI6eyJ1c3VfaWQiOjEsInVzdV9lbWFpbCI6Im51ZXZvQGVqZW1wbG8uY29tIn19.tgr0dz6KS9uEj9bEOkh49m8whjugtuwtaDrOWwTayow', '2026-03-14 17:20:15', 1, NULL, '2026-03-14 11:20:15', NULL, NULL),
	(3, 1, 1, 'eyJ0eXAiOiJKV1QiLCJhbGciOiJIUzI1NiJ9.eyJpYXQiOjE3NzM1MDUyMjYsImV4cCI6MTc3MzUwODgyNiwiZGF0YSI6eyJ1c3VfaWQiOjEsInVzdV9lbWFpbCI6Im51ZXZvQGVqZW1wbG8uY29tIn19.NCTy06lkjb_Zxn3Gh5ItuXfQrl42c4TAJyQJ0qMu7_k', '2026-03-14 17:20:26', 0, NULL, '2026-03-14 11:20:26', NULL, NULL),
	(4, 1, 1, 'eyJ0eXAiOiJKV1QiLCJhbGciOiJIUzI1NiJ9.eyJpYXQiOjE3NzM1MDg2NzgsImV4cCI6MTc3MzUxMjI3OCwiZGF0YSI6eyJ1c3VfaWQiOjEsInVzdV9lbWFpbCI6Im51ZXZvQGVqZW1wbG8uY29tIn19.MWsFDA8UNZOy4mTgynBShmMJg27xb2oAiPNejhtJ-yU', '2026-03-14 18:17:58', 1, NULL, '2026-03-14 12:17:58', NULL, NULL),
	(5, 1, 1, 'eyJ0eXAiOiJKV1QiLCJhbGciOiJIUzI1NiJ9.eyJpYXQiOjE3NzM1MTM0MTUsImV4cCI6MTc3MzUxNzAxNSwiZGF0YSI6eyJ1c3VfaWQiOjEsInVzdV9lbWFpbCI6Im51ZXZvQGVqZW1wbG8uY29tIn19.-tWLvKMRX00BVtkrmAu9igp51h-oWBtW0eY2O3rVCzQ', '2026-03-14 19:36:55', 1, NULL, '2026-03-14 13:36:55', NULL, NULL),
	(6, 1, 1, 'eyJ0eXAiOiJKV1QiLCJhbGciOiJIUzI1NiJ9.eyJpYXQiOjE3NzM1MTM4MjUsImV4cCI6MTc3MzUxNzQyNSwiZGF0YSI6eyJ1c3VfaWQiOjEsInVzdV9lbWFpbCI6Im51ZXZvQGVqZW1wbG8uY29tIn19.4sS10443dltyXG-g-vXT00eQnB6_AiDXJpcBTbigQiI', '2026-03-14 19:43:45', 1, NULL, '2026-03-14 13:43:45', NULL, NULL),
	(7, 1, 2, 'eyJ0eXAiOiJKV1QiLCJhbGciOiJIUzI1NiJ9.eyJpYXQiOjE3NzM1MzAzMDAsImV4cCI6MTc3MzUzMzkwMCwiZGF0YSI6eyJ1c3VfaWQiOjEsInVzdV9lbWFpbCI6Im51ZXZvQGVqZW1wbG8uY29tIn19.zF7_CCYXaQNmLrIlEQa-c58Rd-BWBbpGcMZG4LKwDIU', '2026-03-15 00:18:20', 1, NULL, '2026-03-14 18:18:20', NULL, NULL),
	(8, 1, 2, 'eyJ0eXAiOiJKV1QiLCJhbGciOiJIUzI1NiJ9.eyJpYXQiOjE3NzM1OTU2OTUsImV4cCI6MTc3MzU5OTI5NSwiZGF0YSI6eyJ1c3VfaWQiOjEsInVzdV9lbWFpbCI6Im51ZXZvQGVqZW1wbG8uY29tIn19.WaTbjecsLOC20GMUDALxzXMGBu_J5q9Buk38MAPKDCg', '2026-03-15 18:28:15', 1, NULL, '2026-03-15 12:28:15', NULL, NULL),
	(9, 1, 1, 'eyJ0eXAiOiJKV1QiLCJhbGciOiJIUzI1NiJ9.eyJpYXQiOjE3NzM1OTYxNDcsImV4cCI6MTc3MzU5OTc0NywiZGF0YSI6eyJ1c3VfaWQiOjEsInVzdV9lbWFpbCI6Im51ZXZvQGVqZW1wbG8uY29tIn19.F_ceZ7TxXeBGckMphBT3KJqiKk1xW_HtrEDaiCNDue8', '2026-03-15 18:35:47', 1, NULL, '2026-03-15 12:35:47', NULL, NULL),
	(10, 1, 2, 'eyJ0eXAiOiJKV1QiLCJhbGciOiJIUzI1NiJ9.eyJpYXQiOjE3NzM2MDA2NDEsImV4cCI6MTc3MzYwNDI0MSwiZGF0YSI6eyJ1c3VfaWQiOjEsInVzdV9lbWFpbCI6Im51ZXZvQGVqZW1wbG8uY29tIn19.l1CvdYyaceTZ3W0Mafs1Ija48y7BfimF2bUs4YC5ks8', '2026-03-15 19:50:41', 1, NULL, '2026-03-15 13:50:41', NULL, NULL),
	(11, 1, 1, 'eyJ0eXAiOiJKV1QiLCJhbGciOiJIUzI1NiJ9.eyJpYXQiOjE3NzM2MDU4NDksImV4cCI6MTc3MzYwOTQ0OSwiZGF0YSI6eyJ1c3VfaWQiOjEsInVzdV9lbWFpbCI6Im51ZXZvQGVqZW1wbG8uY29tIn19.iGk6LzFO_w5d5zHLnmSiYyuLzXdmCZxZyAtm9MzqTac', '2026-03-15 21:17:29', 1, NULL, '2026-03-15 15:17:29', NULL, NULL),
	(12, 2, 3, 'eyJ0eXAiOiJKV1QiLCJhbGciOiJIUzI1NiJ9.eyJpYXQiOjE3NzM2MDg3MjYsImV4cCI6MTc3MzYxMjMyNiwiZGF0YSI6eyJ1c3VfaWQiOjIsInVzdV9lbWFpbCI6InRlc3QxMkBlamVtcGxvLmNvbSJ9fQ.oVCKtqAeLs_zr5cqwjlVFSgialLWAF-VGbyIMkErejo', '2026-03-15 22:05:26', 1, NULL, '2026-03-15 16:05:26', NULL, NULL),
	(13, 2, 3, 'eyJ0eXAiOiJKV1QiLCJhbGciOiJIUzI1NiJ9.eyJpYXQiOjE3NzM2MDg3NDMsImV4cCI6MTc3MzYxMjM0MywiZGF0YSI6eyJ1c3VfaWQiOjIsInVzdV9lbWFpbCI6InRlc3QxMkBlamVtcGxvLmNvbSJ9fQ.5T16i2IZkIbQZaXHWn8EAooN8cI2voKv5W0vaZqrO3M', '2026-03-15 22:05:43', 0, NULL, '2026-03-15 16:05:43', NULL, NULL),
	(14, 1, 1, 'eyJ0eXAiOiJKV1QiLCJhbGciOiJIUzI1NiJ9.eyJpYXQiOjE3NzM2MDkzNjQsImV4cCI6MTc3MzYxMjk2NCwiZGF0YSI6eyJ1c3VfaWQiOjEsInVzdV9lbWFpbCI6Im51ZXZvQGVqZW1wbG8uY29tIn19.uT9lUg8ugc6pvheg4IncUqVuchZTTFWq09B_JjGLDkM', '2026-03-15 22:16:04', 0, NULL, '2026-03-15 16:16:04', NULL, NULL),
	(15, 2, 3, 'eyJ0eXAiOiJKV1QiLCJhbGciOiJIUzI1NiJ9.eyJpYXQiOjE3NzM2MTEzMzgsImV4cCI6MTc3MzYxNDkzOCwiZGF0YSI6eyJ1c3VfaWQiOjIsInVzdV9lbWFpbCI6InRlc3QxMkBlamVtcGxvLmNvbSJ9fQ.rPF07_UONlRcQaybO9PVkBOTr_En7tMq19sxeeLozq0', '2026-03-15 22:48:58', 0, NULL, '2026-03-15 16:48:58', NULL, NULL),
	(16, 2, 3, 'eyJ0eXAiOiJKV1QiLCJhbGciOiJIUzI1NiJ9.eyJpYXQiOjE3NzM2MTE0NjEsImV4cCI6MTc3MzYxNTA2MSwiZGF0YSI6eyJ1c3VfaWQiOjIsInVzdV9lbWFpbCI6InRlc3QxMkBlamVtcGxvLmNvbSJ9fQ.RzR8CirIkukqjJC0kZLtFTvUlR4dnZ6YROGCIoanQA8', '2026-03-15 22:51:01', 0, NULL, '2026-03-15 16:51:01', NULL, NULL),
	(17, 3, 4, 'eyJ0eXAiOiJKV1QiLCJhbGciOiJIUzI1NiJ9.eyJpYXQiOjE3NzM2MjIzOTAsImV4cCI6MTc3MzYyNTk5MCwiZGF0YSI6eyJ1c3VfaWQiOjMsInVzdV9lbWFpbCI6InRlc3QyQGdtYWlsLmNvbSJ9fQ.V4GWAjR7CYS_DOOj1Xny31hC9wcLVtsjAzn4MAzSPhk', '2026-03-16 01:53:10', 1, NULL, '2026-03-15 19:53:10', NULL, NULL),
	(18, 3, 4, 'eyJ0eXAiOiJKV1QiLCJhbGciOiJIUzI1NiJ9.eyJpYXQiOjE3NzM2MjI0MDgsImV4cCI6MTc3MzYyNjAwOCwiZGF0YSI6eyJ1c3VfaWQiOjMsInVzdV9lbWFpbCI6InRlc3QyQGdtYWlsLmNvbSJ9fQ.GMx_t-aI6r8scRbZxZzXVry7xT-7q2vJycTOaE-6RKg', '2026-03-16 01:53:28', 0, NULL, '2026-03-15 19:53:28', NULL, NULL),
	(19, 4, 5, 'eyJ0eXAiOiJKV1QiLCJhbGciOiJIUzI1NiJ9.eyJpYXQiOjE3NzM2MjI3NjUsImV4cCI6MTc3MzYyNjM2NSwiZGF0YSI6eyJ1c3VfaWQiOjQsInVzdV9lbWFpbCI6InRlc3QzQGdtYWlsLmNvbSJ9fQ.pv25GCfLahgPxf6eR2e9b4zDr08wnryBA0qu_b5Oi68', '2026-03-16 01:59:25', 1, NULL, '2026-03-15 19:59:25', NULL, NULL),
	(20, 4, 5, 'eyJ0eXAiOiJKV1QiLCJhbGciOiJIUzI1NiJ9.eyJpYXQiOjE3NzM2MjI3NzcsImV4cCI6MTc3MzYyNjM3NywiZGF0YSI6eyJ1c3VfaWQiOjQsInVzdV9lbWFpbCI6InRlc3QzQGdtYWlsLmNvbSJ9fQ.o8mRsfD0GBGdplaTRbtb2PWDEPT5rKU8MdHOjaOC-AU', '2026-03-16 01:59:37', 0, NULL, '2026-03-15 19:59:37', NULL, NULL),
	(21, 5, 6, 'eyJ0eXAiOiJKV1QiLCJhbGciOiJIUzI1NiJ9.eyJpYXQiOjE3NzM2MjM0NzgsImV4cCI6MTc3MzYyNzA3OCwiZGF0YSI6eyJ1c3VfaWQiOjUsInVzdV9lbWFpbCI6InRlc3Q0QGdtYWlsLmNvbSJ9fQ.pRXKXsgMP5C6GTAxrRy_sCFnqPUmtXG3XQdzl9u9Ev8', '2026-03-16 02:11:18', 1, NULL, '2026-03-15 20:11:18', NULL, NULL),
	(22, 5, 6, 'eyJ0eXAiOiJKV1QiLCJhbGciOiJIUzI1NiJ9.eyJpYXQiOjE3NzM2MjM0OTAsImV4cCI6MTc3MzYyNzA5MCwiZGF0YSI6eyJ1c3VfaWQiOjUsInVzdV9lbWFpbCI6InRlc3Q0QGdtYWlsLmNvbSJ9fQ.OnxTiA5-DQQX1-C-gvg01xyuEDzKQoqOepudnq0N2bI', '2026-03-16 02:11:30', 0, NULL, '2026-03-15 20:11:30', NULL, NULL),
	(23, 1, 1, 'eyJ0eXAiOiJKV1QiLCJhbGciOiJIUzI1NiJ9.eyJpYXQiOjE3NzM2MjQxMDQsImV4cCI6MTc3MzYyNzcwNCwiZGF0YSI6eyJ1c3VfaWQiOjEsInVzdV9lbWFpbCI6Im51ZXZvQGVqZW1wbG8uY29tIn19.SkAV_jGiQVW-aovta50sV4_U48nMDzMqd2trl66BgyE', '2026-03-16 02:21:44', 1, NULL, '2026-03-15 20:21:44', NULL, NULL),
	(24, 1, 2, 'eyJ0eXAiOiJKV1QiLCJhbGciOiJIUzI1NiJ9.eyJpYXQiOjE3NzM2MjgwNTcsImV4cCI6MTc3MzYzMTY1NywiZGF0YSI6eyJ1c3VfaWQiOjEsInVzdV9lbWFpbCI6Im51ZXZvQGVqZW1wbG8uY29tIn19.53kouayzQXqvmkvh2lgCHCcnH4czvDXzOQ6CfEWxVzA', '2026-03-16 03:27:37', 1, NULL, '2026-03-15 21:27:37', NULL, NULL),
	(25, 1, 2, 'eyJ0eXAiOiJKV1QiLCJhbGciOiJIUzI1NiJ9.eyJpYXQiOjE3NzM2NzE4OTAsImV4cCI6MTc3MzY3NTQ5MCwiZGF0YSI6eyJ1c3VfaWQiOjEsInVzdV9lbWFpbCI6Im51ZXZvQGVqZW1wbG8uY29tIn19.dJKhdPpzGp_iDFTdX1A3NWPs1eeocygIhphbW-HFI4Y', '2026-03-16 15:38:10', 0, NULL, '2026-03-16 09:38:10', NULL, NULL),
	(26, 1, 1, 'eyJ0eXAiOiJKV1QiLCJhbGciOiJIUzI1NiJ9.eyJpYXQiOjE3NzM2NzIxNTUsImV4cCI6MTc3MzY3NTc1NSwiZGF0YSI6eyJ1c3VfaWQiOjEsInVzdV9lbWFpbCI6Im51ZXZvQGVqZW1wbG8uY29tIn19.F9Bm-3Ytjcoxg942QEOP3geEIq8WhRjX38FhqVdT7jQ', '2026-03-16 15:42:35', 1, NULL, '2026-03-16 09:42:35', NULL, NULL),
	(27, 6, 7, 'eyJ0eXAiOiJKV1QiLCJhbGciOiJIUzI1NiJ9.eyJpYXQiOjE3NzM2NzIyMzUsImV4cCI6MTc3MzY3NTgzNSwiZGF0YSI6eyJ1c3VfaWQiOjYsInVzdV9lbWFpbCI6InRlc3QxNkBnbWFpbC5jb20ifX0.sxV64n8aYlF44Nz_NpA6dAA5AvYPPUPM7Wo78pvGQKg', '2026-03-16 15:43:55', 1, NULL, '2026-03-16 09:43:55', NULL, NULL),
	(28, 6, 7, 'eyJ0eXAiOiJKV1QiLCJhbGciOiJIUzI1NiJ9.eyJpYXQiOjE3NzM2NzIyNTYsImV4cCI6MTc3MzY3NTg1NiwiZGF0YSI6eyJ1c3VfaWQiOjYsInVzdV9lbWFpbCI6InRlc3QxNkBnbWFpbC5jb20ifX0.ipf_G7n50ebV1-TNDMfyhCIekDxCZWbkGLw1juB0QI8', '2026-03-16 15:44:16', 1, NULL, '2026-03-16 09:44:16', NULL, NULL),
	(29, 1, 1, 'eyJ0eXAiOiJKV1QiLCJhbGciOiJIUzI1NiJ9.eyJpYXQiOjE3NzM3MTQ4NDAsImV4cCI6MTc3MzcxODQ0MCwiZGF0YSI6eyJ1c3VfaWQiOjEsInVzdV9lbWFpbCI6Im51ZXZvQGVqZW1wbG8uY29tIn19.C8_JU6tHLq9C0MdDbSf0PyMg3OTEmf3lJU2aM8PkyRE', '2026-03-17 03:34:00', 1, NULL, '2026-03-16 21:34:00', NULL, NULL),
	(30, 1, 1, 'eyJ0eXAiOiJKV1QiLCJhbGciOiJIUzI1NiJ9.eyJpYXQiOjE3NzM3Nzc2NzMsImV4cCI6MTc3Mzc4MTI3MywiZGF0YSI6eyJ1c3VfaWQiOjEsInVzdV9lbWFpbCI6Im51ZXZvQGVqZW1wbG8uY29tIn19.BzpoU6vNZ88riMH5XfMNtRDQXeptGUBzcF8NPupGg9U', '2026-03-17 21:01:13', 1, NULL, '2026-03-17 15:01:13', NULL, NULL),
	(31, 5, 8, 'eyJ0eXAiOiJKV1QiLCJhbGciOiJIUzI1NiJ9.eyJpYXQiOjE3NzM3NzgzMzIsImV4cCI6MTc3Mzc4MTkzMiwiZGF0YSI6eyJ1c3VfaWQiOjUsInVzdV9lbWFpbCI6InRlc3Q0QGdtYWlsLmNvbSJ9fQ.7B_3fTIHuMJszvirOzLxaylGELFp2S6xw3sz3-bE1tk', '2026-03-17 21:12:12', 1, NULL, '2026-03-17 15:12:12', NULL, NULL),
	(32, 1, 1, 'eyJ0eXAiOiJKV1QiLCJhbGciOiJIUzI1NiJ9.eyJpYXQiOjE3NzM3Nzg0MTIsImV4cCI6MTc3Mzc4MjAxMiwiZGF0YSI6eyJ1c3VfaWQiOjEsInVzdV9lbWFpbCI6Im51ZXZvQGVqZW1wbG8uY29tIn19.HBneoDWA8c_-WZn0x1KXbTZg2kXe02XBflfeoe-eT1k', '2026-03-17 21:13:32', 1, NULL, '2026-03-17 15:13:32', NULL, NULL),
	(33, 1, 1, 'eyJ0eXAiOiJKV1QiLCJhbGciOiJIUzI1NiJ9.eyJpYXQiOjE3NzM4MDY0OTIsImV4cCI6MTc3MzgxMDA5MiwiZGF0YSI6eyJ1c3VfaWQiOjEsInVzdV9lbWFpbCI6Im51ZXZvQGVqZW1wbG8uY29tIn19.6JFJ_nyU2P20G4N-ziLNDvOGNHdWWeO_0AnQ17O3upU', '2026-03-18 05:01:32', 1, NULL, '2026-03-17 23:01:32', NULL, NULL),
	(34, 7, 9, 'eyJ0eXAiOiJKV1QiLCJhbGciOiJIUzI1NiJ9.eyJpYXQiOjE3NzM4NjE5NzAsImV4cCI6MTc3Mzg2NTU3MCwiZGF0YSI6eyJ1c3VfaWQiOjcsInVzdV9lbWFpbCI6InRlc3Q1NkBnbWFpbC5jb20ifX0.j1XMZceGKQg0AjBFsrT1hgBwwnjIigCBssyZqbrjk24', '2026-03-18 20:26:10', 0, NULL, '2026-03-18 14:26:10', NULL, NULL),
	(35, 8, 10, 'eyJ0eXAiOiJKV1QiLCJhbGciOiJIUzI1NiJ9.eyJpYXQiOjE3NzM4NjM3MzEsImV4cCI6MTc3Mzg2NzMzMSwiZGF0YSI6eyJ1c3VfaWQiOjgsInVzdV9lbWFpbCI6InRlc3Q4OUBnbWFpbC5jb20ifX0.17Ex5pj1LzQL32uY_pDzTWk4dBWq-OK34EC4vErUl4A', '2026-03-18 20:55:31', 0, NULL, '2026-03-18 14:55:31', NULL, NULL),
	(36, 8, 10, 'eyJ0eXAiOiJKV1QiLCJhbGciOiJIUzI1NiJ9.eyJpYXQiOjE3NzM4NjM4MTgsImV4cCI6MTc3Mzg2NzQxOCwiZGF0YSI6eyJ1c3VfaWQiOjgsInVzdV9lbWFpbCI6InRlc3Q4OUBnbWFpbC5jb20ifX0.lwB5DM45U23BexnYhl1bluCEnYQD-YzAzj6Ssq8_rvY', '2026-03-18 20:56:58', 0, NULL, '2026-03-18 14:56:58', NULL, NULL),
	(37, 8, 10, 'eyJ0eXAiOiJKV1QiLCJhbGciOiJIUzI1NiJ9.eyJpYXQiOjE3NzM4NjM5NDYsImV4cCI6MTc3Mzg2NzU0NiwiZGF0YSI6eyJ1c3VfaWQiOjgsInVzdV9lbWFpbCI6InRlc3Q4OUBnbWFpbC5jb20ifX0.I0Urt1i2IWY8Gk8OOnP_YZH-9Lf1ocR3Hx99PykOQSo', '2026-03-18 20:59:06', 0, NULL, '2026-03-18 14:59:06', NULL, NULL),
	(38, 9, 11, 'eyJ0eXAiOiJKV1QiLCJhbGciOiJIUzI1NiJ9.eyJpYXQiOjE3NzM4NjQ5MzIsImV4cCI6MTc3Mzg2ODUzMiwiZGF0YSI6eyJ1c3VfaWQiOjksInVzdV9lbWFpbCI6InRlc3Q2NUBnbWFpbC5jb20ifX0.FoZUQ6KraIX95_r9-c9IATEufngC5eHIcgS_hVJvJLw', '2026-03-18 21:15:32', 1, NULL, '2026-03-18 15:15:32', NULL, NULL),
	(39, 1, 1, 'eyJ0eXAiOiJKV1QiLCJhbGciOiJIUzI1NiJ9.eyJpYXQiOjE3NzM4NjUwNTksImV4cCI6MTc3Mzg2ODY1OSwiZGF0YSI6eyJ1c3VfaWQiOjEsInVzdV9lbWFpbCI6Im51ZXZvQGVqZW1wbG8uY29tIn19.VJJYFh3PNbUnVJXU3k8DZVSLYc9rpuqD5x8UftJL_is', '2026-03-18 21:17:39', 1, NULL, '2026-03-18 15:17:39', NULL, NULL),
	(40, 1, 1, 'eyJ0eXAiOiJKV1QiLCJhbGciOiJIUzI1NiJ9.eyJpYXQiOjE3NzM4NjU0NTMsImV4cCI6MTc3Mzg2OTA1MywiZGF0YSI6eyJ1c3VfaWQiOjEsInVzdV9lbWFpbCI6Im51ZXZvQGVqZW1wbG8uY29tIn19.YnpQJtWDFgxph2BiVGJkG-4iwrKH4NQzAzLcSrfoY8w', '2026-03-18 21:24:13', 1, NULL, '2026-03-18 15:24:13', NULL, NULL),
	(41, 1, 12, 'eyJ0eXAiOiJKV1QiLCJhbGciOiJIUzI1NiJ9.eyJpYXQiOjE3NzM4NjkxMDQsImV4cCI6MTc3Mzg3MjcwNCwiZGF0YSI6eyJ1c3VfaWQiOjEsInVzdV9lbWFpbCI6Im51ZXZvQGVqZW1wbG8uY29tIn19.LpgQ5oiF-O1YOT_ZZg74DMYS17THVhYlxtdaR50Wik8', '2026-03-18 22:25:04', 0, NULL, '2026-03-18 16:25:04', NULL, NULL),
	(42, 1, 12, 'eyJ0eXAiOiJKV1QiLCJhbGciOiJIUzI1NiJ9.eyJpYXQiOjE3NzM4Njk2NDEsImV4cCI6MTc3Mzg3MzI0MSwiZGF0YSI6eyJ1c3VfaWQiOjEsInVzdV9lbWFpbCI6Im51ZXZvQGVqZW1wbG8uY29tIn19.NmFXrZy1-ueqoaQa9e49Ht5mmtsuvhN4dQxsUaexoiM', '2026-03-18 22:34:01', 0, NULL, '2026-03-18 16:34:01', NULL, NULL),
	(43, 1, 12, 'eyJ0eXAiOiJKV1QiLCJhbGciOiJIUzI1NiJ9.eyJpYXQiOjE3NzM4NzIwMzMsImV4cCI6MTc3Mzg3NTYzMywiZGF0YSI6eyJ1c3VfaWQiOjEsInVzdV9lbWFpbCI6Im51ZXZvQGVqZW1wbG8uY29tIn19.2UQFfnsq1OeOiKAV6vzqFvDDgDsZFxNBRLoBIgWXsrM', '2026-03-18 23:13:53', 1, NULL, '2026-03-18 17:13:53', NULL, NULL),
	(44, 1, 1, 'eyJ0eXAiOiJKV1QiLCJhbGciOiJIUzI1NiJ9.eyJpYXQiOjE3NzM4ODg4MDYsImV4cCI6MTc3Mzg5MjQwNiwiZGF0YSI6eyJ1c3VfaWQiOjEsInVzdV9lbWFpbCI6Im51ZXZvQGVqZW1wbG8uY29tIn19.tPxvgEd9iQMzf-vD8x-Y9FkMYdbqz_PAruzCZ1wJXEg', '2026-03-19 03:53:26', 1, NULL, '2026-03-18 21:53:26', NULL, NULL),
	(45, 1, 12, 'eyJ0eXAiOiJKV1QiLCJhbGciOiJIUzI1NiJ9.eyJpYXQiOjE3NzM4ODk2MzUsImV4cCI6MTc3Mzg5MzIzNSwiZGF0YSI6eyJ1c3VfaWQiOjEsInVzdV9lbWFpbCI6Im51ZXZvQGVqZW1wbG8uY29tIn19.4QqWI3mJncNoXF4t4uJ9od4jSOSA51OE6nbqthp_heA', '2026-03-19 04:07:15', 1, NULL, '2026-03-18 22:07:15', NULL, NULL),
	(46, 1, 1, 'eyJ0eXAiOiJKV1QiLCJhbGciOiJIUzI1NiJ9.eyJpYXQiOjE3NzM4OTA4NDQsImV4cCI6MTc3Mzg5NDQ0NCwiZGF0YSI6eyJ1c3VfaWQiOjEsInVzdV9lbWFpbCI6Im51ZXZvQGVqZW1wbG8uY29tIn19.jILN5dodad8loPmDgNEQiy6nHsmE9snxNe6PcO0NOPI', '2026-03-19 04:27:24', 1, NULL, '2026-03-18 22:27:24', NULL, NULL),
	(47, 1, 12, 'eyJ0eXAiOiJKV1QiLCJhbGciOiJIUzI1NiJ9.eyJpYXQiOjE3NzM5MzY0MTIsImV4cCI6MTc3Mzk0MDAxMiwiZGF0YSI6eyJ1c3VfaWQiOjEsInVzdV9lbWFpbCI6Im51ZXZvQGVqZW1wbG8uY29tIn19.Jlbd2JCBc6wOFvUeJaGnvx8XNEdjUCH_S4loPPh6N-o', '2026-03-19 17:06:52', 0, NULL, '2026-03-19 11:06:52', NULL, NULL),
	(48, 1, 1, 'eyJ0eXAiOiJKV1QiLCJhbGciOiJIUzI1NiJ9.eyJpYXQiOjE3NzM5MzY1OTYsImV4cCI6MTc3Mzk0MDE5NiwiZGF0YSI6eyJ1c3VfaWQiOjEsInVzdV9lbWFpbCI6Im51ZXZvQGVqZW1wbG8uY29tIn19.-qdEAnFKwiKA7m-zwsc9DtuzYVTq2sZKqCTfV91db2k', '2026-03-19 17:09:56', 1, NULL, '2026-03-19 11:09:56', NULL, NULL),
	(49, 1, 12, 'eyJ0eXAiOiJKV1QiLCJhbGciOiJIUzI1NiJ9.eyJpYXQiOjE3NzM5Mzc3NDMsImV4cCI6MTc3Mzk0MTM0MywiZGF0YSI6eyJ1c3VfaWQiOjEsInVzdV9lbWFpbCI6Im51ZXZvQGVqZW1wbG8uY29tIn19.Xl0CKrUCJLTRrO28wqcWDjg4fxNdyUzOVnlAQCFp-hE', '2026-03-19 17:29:03', 0, NULL, '2026-03-19 11:29:03', NULL, NULL),
	(50, 1, 1, 'eyJ0eXAiOiJKV1QiLCJhbGciOiJIUzI1NiJ9.eyJpYXQiOjE3NzM5NDA1MjgsImV4cCI6MTc3Mzk0NDEyOCwiZGF0YSI6eyJ1c3VfaWQiOjEsInVzdV9lbWFpbCI6Im51ZXZvQGVqZW1wbG8uY29tIn19.lzzlhKzZnHN8kkc9WSL7Y_bH-dMbluicnNuf2c0tjAI', '2026-03-19 18:15:28', 1, NULL, '2026-03-19 12:15:28', NULL, NULL),
	(51, 1, 12, 'eyJ0eXAiOiJKV1QiLCJhbGciOiJIUzI1NiJ9.eyJpYXQiOjE3NzM5NDA2NjQsImV4cCI6MTc3Mzk0NDI2NCwiZGF0YSI6eyJ1c3VfaWQiOjEsInVzdV9lbWFpbCI6Im51ZXZvQGVqZW1wbG8uY29tIn19.BRwznwEtNzu8MSpiyOUgxNIuXN3AS9wt13Nj8VkZ1ns', '2026-03-19 18:17:44', 0, NULL, '2026-03-19 12:17:44', NULL, NULL),
	(52, 1, 12, 'eyJ0eXAiOiJKV1QiLCJhbGciOiJIUzI1NiJ9.eyJpYXQiOjE3NzM5NDA4NTcsImV4cCI6MTc3Mzk0NDQ1NywiZGF0YSI6eyJ1c3VfaWQiOjEsInVzdV9lbWFpbCI6Im51ZXZvQGVqZW1wbG8uY29tIn19.0B_VxCun4W4xbZ9iATmcfZjwp5jXYFiODjEYESCSbw4', '2026-03-19 18:20:57', 1, NULL, '2026-03-19 12:20:57', NULL, NULL),
	(53, 1, 12, 'eyJ0eXAiOiJKV1QiLCJhbGciOiJIUzI1NiJ9.eyJpYXQiOjE3NzM5NDQ4NzMsImV4cCI6MTc3Mzk0ODQ3MywiZGF0YSI6eyJ1c3VfaWQiOjEsInVzdV9lbWFpbCI6Im51ZXZvQGVqZW1wbG8uY29tIn19.xaG1ESqLLpAv8HlXL_HW5HbYEV9lbrF4xQ-upUJX2Ao', '2026-03-19 19:27:53', 0, NULL, '2026-03-19 13:27:53', NULL, NULL),
	(54, 1, 1, 'eyJ0eXAiOiJKV1QiLCJhbGciOiJIUzI1NiJ9.eyJpYXQiOjE3NzM5NDUzNjIsImV4cCI6MTc3Mzk0ODk2MiwiZGF0YSI6eyJ1c3VfaWQiOjEsInVzdV9lbWFpbCI6Im51ZXZvQGVqZW1wbG8uY29tIn19.F1r0U-AbCQHWty-opfxLFiTWuB8J2cvZW8vHmCA5gfw', '2026-03-19 19:36:02', 1, NULL, '2026-03-19 13:36:02', NULL, NULL),
	(55, 14, 17, 'eyJ0eXAiOiJKV1QiLCJhbGciOiJIUzI1NiJ9.eyJpYXQiOjE3NzM5NDc2NDEsImV4cCI6MTc3Mzk1MTI0MSwiZGF0YSI6eyJ1c3VfaWQiOjE0LCJ1c3VfZW1haWwiOiJ4ZGhhYmVyMTNAZ21haWwuY29tIn19.tAsDRaw1veB8ny-Q7acuKBNrN82A7JFl5yEagUah3Zg', '2026-03-19 20:14:01', 1, NULL, '2026-03-19 14:14:01', NULL, NULL),
	(56, 15, 18, 'eyJ0eXAiOiJKV1QiLCJhbGciOiJIUzI1NiJ9.eyJpYXQiOjE3NzM5NDc4ODAsImV4cCI6MTc3Mzk1MTQ4MCwiZGF0YSI6eyJ1c3VfaWQiOjE1LCJ1c3VfZW1haWwiOiJnZXJzb25mbG9yZXNuYXJjaXNvMzhAZ21haWwuY29tIn19.2M8uSdgoQjHhh_BSqgxknarU_IL-qzPM3hOtQupDEAw', '2026-03-19 20:18:00', 0, NULL, '2026-03-19 14:18:00', NULL, NULL),
	(57, 16, 19, 'eyJ0eXAiOiJKV1QiLCJhbGciOiJIUzI1NiJ9.eyJpYXQiOjE3NzM5NDg5MTQsImV4cCI6MTc3Mzk1MjUxNCwiZGF0YSI6eyJ1c3VfaWQiOjE2LCJ1c3VfZW1haWwiOiJ4ZGhhYmVyMzBAZ21haWwuY29tIn19.5l_4rXYUpFETOV7AFVmI70duAU0f8L_p6-Zjr7gwnZg', '2026-03-19 20:35:14', 1, NULL, '2026-03-19 14:35:14', NULL, NULL),
	(58, 17, 20, 'eyJ0eXAiOiJKV1QiLCJhbGciOiJIUzI1NiJ9.eyJpYXQiOjE3NzM5NTAwMTYsImV4cCI6MTc3Mzk1MzYxNiwiZGF0YSI6eyJ1c3VfaWQiOjE3LCJ1c3VfZW1haWwiOiJ0ZXN0NjdAZ21haWwuY29tIn19.UI9PDehgoar7YtE2nkjsdlAgw9wwO10dIhrg_q9Tj4k', '2026-03-19 20:53:36', 0, NULL, '2026-03-19 14:53:36', NULL, NULL),
	(59, 1, 12, 'eyJ0eXAiOiJKV1QiLCJhbGciOiJIUzI1NiJ9.eyJpYXQiOjE3NzM5NTAyOTQsImV4cCI6MTc3Mzk1Mzg5NCwiZGF0YSI6eyJ1c3VfaWQiOjEsInVzdV9lbWFpbCI6Im51ZXZvQGVqZW1wbG8uY29tIn19.gB-uAvRBhW1hZ2bW5AcT8riOr6oldFh5t9fACii5a7w', '2026-03-19 20:58:14', 0, NULL, '2026-03-19 14:58:14', NULL, NULL),
	(60, 18, 21, 'eyJ0eXAiOiJKV1QiLCJhbGciOiJIUzI1NiJ9.eyJpYXQiOjE3NzM5NTE4NDgsImV4cCI6MTc3Mzk1NTQ0OCwiZGF0YSI6eyJ1c3VfaWQiOjE4LCJ1c3VfZW1haWwiOiJ0ZXN0NThAZ21haWwuY29tIn19.sFQgkXomXtSf40W8hQbOqY8PDtrgeAnLCfSe5ymlI5Y', '2026-03-19 21:24:08', 0, NULL, '2026-03-19 15:24:08', NULL, NULL),
	(61, 19, 22, 'eyJ0eXAiOiJKV1QiLCJhbGciOiJIUzI1NiJ9.eyJpYXQiOjE3NzM5NTIwMjcsImV4cCI6MTc3Mzk1NTYyNywiZGF0YSI6eyJ1c3VfaWQiOjE5LCJ1c3VfZW1haWwiOiJ0ZXN0ODRAZ21haWwuY29tIn19.M09GDdvMN1sI-bt0tla2VD7FoeTpRP1xfXON020UkGE', '2026-03-19 21:27:07', 0, NULL, '2026-03-19 15:27:07', NULL, NULL),
	(62, 20, 23, 'eyJ0eXAiOiJKV1QiLCJhbGciOiJIUzI1NiJ9.eyJpYXQiOjE3NzM5NTI1ODUsImV4cCI6MTc3Mzk1NjE4NSwiZGF0YSI6eyJ1c3VfaWQiOjIwLCJ1c3VfZW1haWwiOiJ0ZXN0NzZAZ21haWwuY29tIn19.GRlrBu0N96J3WRNaneZlgRDKdj6YRMomzmkQwI5uw2g', '2026-03-19 21:36:25', 0, NULL, '2026-03-19 15:36:25', NULL, NULL),
	(63, 21, 24, 'eyJ0eXAiOiJKV1QiLCJhbGciOiJIUzI1NiJ9.eyJpYXQiOjE3NzM5NTMwMzcsImV4cCI6MTc3Mzk1NjYzNywiZGF0YSI6eyJ1c3VfaWQiOjIxLCJ1c3VfZW1haWwiOiJ0ZXN0MzJAZ21haWwuY29tIn19.FnlP2KbsmR5FLTmBczAtLxhbxSIt-keCNvjWnl2q0qQ', '2026-03-19 21:43:57', 0, NULL, '2026-03-19 15:43:57', NULL, NULL),
	(64, 22, 25, 'eyJ0eXAiOiJKV1QiLCJhbGciOiJIUzI1NiJ9.eyJpYXQiOjE3NzM5NTQwMTYsImV4cCI6MTc3Mzk1NzYxNiwiZGF0YSI6eyJ1c3VfaWQiOjIyLCJ1c3VfZW1haWwiOiJ0ZXN0OTFAZ21haWwuY29tIn19.B0-HHrHoKfhlciY-tjcySwzdFPgMGArvzY8E_AVEAVY', '2026-03-19 22:00:16', 0, NULL, '2026-03-19 16:00:16', NULL, NULL),
	(65, 23, 26, 'eyJ0eXAiOiJKV1QiLCJhbGciOiJIUzI1NiJ9.eyJpYXQiOjE3NzM5NTQxODUsImV4cCI6MTc3Mzk1Nzc4NSwiZGF0YSI6eyJ1c3VfaWQiOjIzLCJ1c3VfZW1haWwiOiJlamVtcGxvOTRAZ21haWwuY29tIn19.VsVYV5TLBiBdB_poqTicmikVG70eGE963RNCm3JwIB0', '2026-03-19 22:03:05', 0, NULL, '2026-03-19 16:03:05', NULL, NULL),
	(66, 24, 27, 'eyJ0eXAiOiJKV1QiLCJhbGciOiJIUzI1NiJ9.eyJpYXQiOjE3NzM5NTQ0MDUsImV4cCI6MTc3Mzk1ODAwNSwiZGF0YSI6eyJ1c3VfaWQiOjI0LCJ1c3VfZW1haWwiOiJleGFtcGxlMzRAZ21haWwuY29tIn19.g0BkVTTCxkzMOa16zWWaEuqFPo-bhXYV4gdvo_GKoYg', '2026-03-19 22:06:45', 0, NULL, '2026-03-19 16:06:45', NULL, NULL),
	(67, 1, 12, 'eyJ0eXAiOiJKV1QiLCJhbGciOiJIUzI1NiJ9.eyJpYXQiOjE3NzM5NTQ1NDksImV4cCI6MTc3Mzk1ODE0OSwiZGF0YSI6eyJ1c3VfaWQiOjEsInVzdV9lbWFpbCI6Im51ZXZvQGVqZW1wbG8uY29tIn19.au8f3ADMoVrvzQY-JA4g4j5UElTFbs2msk5A4BTuIBY', '2026-03-19 22:09:09', 1, NULL, '2026-03-19 16:09:09', NULL, NULL),
	(68, 1, 12, 'eyJ0eXAiOiJKV1QiLCJhbGciOiJIUzI1NiJ9.eyJpYXQiOjE3NzQyODI2NTIsImV4cCI6MTc3NDI4NjI1MiwiZGF0YSI6eyJ1c3VfaWQiOjEsInVzdV9lbWFpbCI6Im51ZXZvQGVqZW1wbG8uY29tIn19.BinBNevVJulTk-hh3o1qvFSjJ93d06fPOD7BSzxpPRs', '2026-03-23 17:17:32', 0, NULL, '2026-03-23 11:17:32', NULL, NULL),
	(69, 1, 12, 'eyJ0eXAiOiJKV1QiLCJhbGciOiJIUzI1NiJ9.eyJpYXQiOjE3NzQyODU2ODUsImV4cCI6MTc3NDI4OTI4NSwiZGF0YSI6eyJ1c3VfaWQiOjEsInVzdV9lbWFpbCI6Im51ZXZvQGVqZW1wbG8uY29tIn19.45ZdEKPjQET0N4BduEv8wvO6F3VTYMZQlnG3LkaTsZ8', '2026-03-23 18:08:05', 0, NULL, '2026-03-23 12:08:05', NULL, NULL),
	(70, 25, 28, 'eyJ0eXAiOiJKV1QiLCJhbGciOiJIUzI1NiJ9.eyJpYXQiOjE3NzQyODc4ODQsImV4cCI6MTc3NDI5MTQ4NCwiZGF0YSI6eyJ1c3VfaWQiOjI1LCJ1c3VfZW1haWwiOiJqdWxpbzIzQGdtYWlsLmNvbSJ9fQ.CgwEFyWj8DJS9lstPX11XCyEBJzwA6YaNvH8iiMHxzQ', '2026-03-23 18:44:44', 1, NULL, '2026-03-23 12:44:44', NULL, NULL),
	(71, 1, 12, 'eyJ0eXAiOiJKV1QiLCJhbGciOiJIUzI1NiJ9.eyJpYXQiOjE3NzQyOTY0NTcsImV4cCI6MTc3NDMwMDA1NywiZGF0YSI6eyJ1c3VfaWQiOjEsInVzdV9lbWFpbCI6Im51ZXZvQGVqZW1wbG8uY29tIn19.b20GcJBx4pO1IKnwKDdajdZ1oCPrNfwVX3Sd-KrFk1g', '2026-03-23 21:07:37', 0, NULL, '2026-03-23 15:07:37', NULL, NULL),
	(72, 1, 1, 'eyJ0eXAiOiJKV1QiLCJhbGciOiJIUzI1NiJ9.eyJpYXQiOjE3NzQyOTY3NjcsImV4cCI6MTc3NDMwMDM2NywiZGF0YSI6eyJ1c3VfaWQiOjEsInVzdV9lbWFpbCI6Im51ZXZvQGVqZW1wbG8uY29tIn19.4ygQgE7MmAVcYjbpDmcnaKwVu4H81hi2ofuyf5HU1GU', '2026-03-23 21:12:47', 1, NULL, '2026-03-23 15:12:47', NULL, NULL),
	(73, 25, 28, 'eyJ0eXAiOiJKV1QiLCJhbGciOiJIUzI1NiJ9.eyJpYXQiOjE3NzQyOTg5NTUsImV4cCI6MTc3NDMwMjU1NSwiZGF0YSI6eyJ1c3VfaWQiOjI1LCJ1c3VfZW1haWwiOiJqdWxpbzIzQGdtYWlsLmNvbSJ9fQ.9_dSnsrURPYFN8zWIp0WN47dWDJHiYDW99zVKGmswxU', '2026-03-23 21:49:15', 0, NULL, '2026-03-23 15:49:15', NULL, NULL),
	(74, 1, 12, 'eyJ0eXAiOiJKV1QiLCJhbGciOiJIUzI1NiJ9.eyJpYXQiOjE3NzQzMDQxMjgsImV4cCI6MTc3NDMwNzcyOCwiZGF0YSI6eyJ1c3VfaWQiOjEsInVzdV9lbWFpbCI6Im51ZXZvQGVqZW1wbG8uY29tIn19.fBKYNVwLUmkCSEbsiBJ8EPtKlVatouFBv6r9SL_3UPo', '2026-03-23 23:15:28', 0, NULL, '2026-03-23 17:15:28', NULL, NULL),
	(75, 26, 29, 'eyJ0eXAiOiJKV1QiLCJhbGciOiJIUzI1NiJ9.eyJpYXQiOjE3NzQzMDc4NDMsImV4cCI6MTc3NDMxMTQ0MywiZGF0YSI6eyJ1c3VfaWQiOjI2LCJ1c3VfZW1haWwiOiJzYW15bWFucmlxdWVuQGdtYWlsLmNvbSJ9fQ.Ure3CJtjwmD-d43KD0NY0bV5jwvzr9OZk79jrwZnXj4', '2026-03-24 00:17:23', 1, NULL, '2026-03-23 18:17:23', NULL, NULL),
	(76, 1, 12, 'eyJ0eXAiOiJKV1QiLCJhbGciOiJIUzI1NiJ9.eyJpYXQiOjE3NzQzMTE2NDksImV4cCI6MTc3NDMxNTI0OSwiZGF0YSI6eyJ1c3VfaWQiOjEsInVzdV9lbWFpbCI6Im51ZXZvQGVqZW1wbG8uY29tIn19.AQ_8enaFDFWF8SiyPb6DU9_19tdNAgXq8yMtJyeKIYQ', '2026-03-24 01:20:49', 1, NULL, '2026-03-23 19:20:49', NULL, NULL),
	(77, 1, 12, 'eyJ0eXAiOiJKV1QiLCJhbGciOiJIUzI1NiJ9.eyJpYXQiOjE3NzQzODgwNTIsImV4cCI6MTc3NDM5MTY1MiwiZGF0YSI6eyJ1c3VfaWQiOjEsInVzdV9lbWFpbCI6Im51ZXZvQGVqZW1wbG8uY29tIn19.saYikRmROVP6T2OS9LVFCQiT_95Px4_fcgLqs-kTtuM', '2026-03-24 22:34:12', 1, NULL, '2026-03-24 16:34:12', NULL, NULL),
	(78, 1, 12, 'eyJ0eXAiOiJKV1QiLCJhbGciOiJIUzI1NiJ9.eyJpYXQiOjE3NzQzOTc2MjIsImV4cCI6MTc3NDQwMTIyMiwiZGF0YSI6eyJ1c3VfaWQiOjEsInVzdV9lbWFpbCI6Im51ZXZvQGVqZW1wbG8uY29tIn19.6kNloJ0_DzMHGrVaqsXkvJD8EP8Gt1ziwwURAeorO8Q', '2026-03-25 01:13:42', 1, NULL, '2026-03-24 19:13:42', NULL, NULL),
	(79, 1, 12, 'eyJ0eXAiOiJKV1QiLCJhbGciOiJIUzI1NiJ9.eyJpYXQiOjE3NzQ0MDUzMjIsImV4cCI6MTc3NDQwODkyMiwiZGF0YSI6eyJ1c3VfaWQiOjEsInVzdV9lbWFpbCI6Im51ZXZvQGVqZW1wbG8uY29tIn19.yf4_iROVhyFiATXR_80xIMQ0k1RDK9C4Er6l0CqBbHM', '2026-03-25 03:22:02', 1, NULL, '2026-03-24 21:22:02', NULL, NULL),
	(80, 1, 30, 'eyJ0eXAiOiJKV1QiLCJhbGciOiJIUzI1NiJ9.eyJpYXQiOjE3NzQ2NTA4OTQsImV4cCI6MTc3NDY1NDQ5NCwiZGF0YSI6eyJ1c3VfaWQiOjEsInVzdV9lbWFpbCI6Im51ZXZvQGVqZW1wbG8uY29tIn19.98m_fQ-fznQ_70c1JAwyEL0jwM2OARl69ZclqBZNozE', '2026-03-27 23:34:54', 1, NULL, '2026-03-27 17:34:54', NULL, NULL),
	(81, 1, 12, 'eyJ0eXAiOiJKV1QiLCJhbGciOiJIUzI1NiJ9.eyJpYXQiOjE3NzQ2NTI3ODgsImV4cCI6MTc3NDY1NjM4OCwiZGF0YSI6eyJ1c3VfaWQiOjEsInVzdV9lbWFpbCI6Im51ZXZvQGVqZW1wbG8uY29tIn19.nnP2U34tYgdOmXnCblroHwyGMj7z0ETlWOocHoHn4FU', '2026-03-28 00:06:28', 1, NULL, '2026-03-27 18:06:28', NULL, NULL),
	(82, 1, 31, 'eyJ0eXAiOiJKV1QiLCJhbGciOiJIUzI1NiJ9.eyJpYXQiOjE3NzQ2NjAwMTIsImV4cCI6MTc3NDY2MzYxMiwiZGF0YSI6eyJ1c3VfaWQiOjEsInVzdV9lbWFpbCI6Im51ZXZvQGVqZW1wbG8uY29tIn19.YP-i_Gc5AaLcOCYJykjykhTzH27LaagA0avXbD4FftM', '2026-03-28 02:06:52', 1, NULL, '2026-03-27 20:06:52', NULL, NULL),
	(83, 1, 31, 'eyJ0eXAiOiJKV1QiLCJhbGciOiJIUzI1NiJ9.eyJpYXQiOjE3NzQ4ODU3ODksImV4cCI6MTc3NDg4OTM4OSwiZGF0YSI6eyJ1c3VfaWQiOjEsInVzdV9lbWFpbCI6Im51ZXZvQGVqZW1wbG8uY29tIn19.86U1ytsdJWrA60dqm6Ty8ujCHiQ6v968jlMUnh1_qC4', '2026-03-30 16:49:49', 1, NULL, '2026-03-30 10:49:49', NULL, NULL),
	(84, 1, 31, 'eyJ0eXAiOiJKV1QiLCJhbGciOiJIUzI1NiJ9.eyJpYXQiOjE3NzQ4OTAwMjAsImV4cCI6MTc3NDg5MzYyMCwiZGF0YSI6eyJ1c3VfaWQiOjEsInVzdV9lbWFpbCI6Im51ZXZvQGVqZW1wbG8uY29tIn19.uqrIF9psZzKYiaE2Wc3Y3lnSR5NdUnP2TjE7yzc2nYk', '2026-03-30 18:00:20', 0, NULL, '2026-03-30 12:00:20', NULL, NULL),
	(85, 1, 30, 'eyJ0eXAiOiJKV1QiLCJhbGciOiJIUzI1NiJ9.eyJpYXQiOjE3NzQ4OTI4MzUsImV4cCI6MTc3NDg5NjQzNSwiZGF0YSI6eyJ1c3VfaWQiOjEsInVzdV9lbWFpbCI6Im51ZXZvQGVqZW1wbG8uY29tIn19.zjS7IryGjjjTpYAT8z_-64CmH49k4Bt9Wpi-8U6oWiY', '2026-03-30 18:47:15', 1, NULL, '2026-03-30 12:47:15', NULL, NULL),
	(86, 27, 33, 'eyJ0eXAiOiJKV1QiLCJhbGciOiJIUzI1NiJ9.eyJpYXQiOjE3NzQ4OTMzNDMsImV4cCI6MTc3NDg5Njk0MywiZGF0YSI6eyJ1c3VfaWQiOjI3LCJ1c3VfZW1haWwiOiJnZWdlckBlamVtcGxvLmNvbSJ9fQ.AWOcTujm0IzOdDdLuhfhKbe3lc1_LdJeq10bp2TALeA', '2026-03-30 18:55:43', 1, NULL, '2026-03-30 12:55:43', NULL, NULL),
	(87, 28, 35, 'eyJ0eXAiOiJKV1QiLCJhbGciOiJIUzI1NiJ9.eyJpYXQiOjE3NzQ4OTQ5MzgsImV4cCI6MTc3NDg5ODUzOCwiZGF0YSI6eyJ1c3VfaWQiOjI4LCJ1c3VfZW1haWwiOiJqb3JnZUBnbWFpbC5jb20ifX0.YJvgqU9sf5Ekz-_6Y53DKmM8H-oEJ8amaMTouL35N-s', '2026-03-30 19:22:18', 1, NULL, '2026-03-30 13:22:18', NULL, NULL),
	(88, 28, 34, 'eyJ0eXAiOiJKV1QiLCJhbGciOiJIUzI1NiJ9.eyJpYXQiOjE3NzQ4OTUxMjMsImV4cCI6MTc3NDg5ODcyMywiZGF0YSI6eyJ1c3VfaWQiOjI4LCJ1c3VfZW1haWwiOiJqb3JnZUBnbWFpbC5jb20ifX0.lm9NcslNzrBdWOgG5-iMB5ki-3Z4QhHGEbRSBJn4YN4', '2026-03-30 19:25:23', 1, NULL, '2026-03-30 13:25:23', NULL, NULL),
	(89, 1, 30, 'eyJ0eXAiOiJKV1QiLCJhbGciOiJIUzI1NiJ9.eyJpYXQiOjE3NzQ4OTc1MDMsImV4cCI6MTc3NDkwMTEwMywiZGF0YSI6eyJ1c3VfaWQiOjEsInVzdV9lbWFpbCI6Im51ZXZvQGVqZW1wbG8uY29tIn19.ijNq-Dd4Uzd5yBQI451TI7h2mnHiAboGwc-JURA-o5o', '2026-03-30 20:05:03', 1, NULL, '2026-03-30 14:05:03', NULL, NULL),
	(90, 1, 31, 'eyJ0eXAiOiJKV1QiLCJhbGciOiJIUzI1NiJ9.eyJpYXQiOjE3NzYxMTQyNzAsImV4cCI6MTc3NjExNzg3MCwiZGF0YSI6eyJ1c3VfaWQiOjEsInVzdV9lbWFpbCI6Im51ZXZvQGVqZW1wbG8uY29tIn19.sM2zm3cv7EzHT2V1lfHR3aYxervLJH9y816ImTLIQKI', '2026-04-13 22:04:30', 1, NULL, '2026-04-13 16:04:30', NULL, NULL),
	(91, 1, 31, 'eyJ0eXAiOiJKV1QiLCJhbGciOiJIUzI1NiJ9.eyJpYXQiOjE3NzYxMjAzMzIsImV4cCI6MTc3NjEyMzkzMiwiZGF0YSI6eyJ1c3VfaWQiOjEsInVzdV9lbWFpbCI6Im51ZXZvQGVqZW1wbG8uY29tIn19.CFmEdfBLuKx2Cuko_N4Z_Ycf6dh5kPCdPPTK4qOK0Ko', '2026-04-13 23:45:32', 0, NULL, '2026-04-13 17:45:32', NULL, NULL),
	(92, 1, 30, 'eyJ0eXAiOiJKV1QiLCJhbGciOiJIUzI1NiJ9.eyJpYXQiOjE3NzYxMjExMzQsImV4cCI6MTc3NjEyNDczNCwiZGF0YSI6eyJ1c3VfaWQiOjEsInVzdV9lbWFpbCI6Im51ZXZvQGVqZW1wbG8uY29tIn19.kF017CWE7affdIf3QjyUi-rQU3xqaSzGL-OI_1k-l_w', '2026-04-13 23:58:54', 1, NULL, '2026-04-13 17:58:54', NULL, NULL),
	(93, 32, 39, 'eyJ0eXAiOiJKV1QiLCJhbGciOiJIUzI1NiJ9.eyJpYXQiOjE3NzYxMjE1ODcsImV4cCI6MTc3NjEyNTE4NywiZGF0YSI6eyJ1c3VfaWQiOjMyLCJ1c3VfZW1haWwiOiJtdXJpYTEyQGdtYWlsLmNvbSJ9fQ.L3PHyf6qDO-fBmmnOEUJfeSGWJ7ZCU9akn8rbj_71_o', '2026-04-14 00:06:27', 0, NULL, '2026-04-13 18:06:27', NULL, NULL),
	(94, 33, 40, 'eyJ0eXAiOiJKV1QiLCJhbGciOiJIUzI1NiJ9.eyJpYXQiOjE3NzYxMjE3NjYsImV4cCI6MTc3NjEyNTM2NiwiZGF0YSI6eyJ1c3VfaWQiOjMzLCJ1c3VfZW1haWwiOiJqYXZpZXI0NUBnbWFpbC5jb20ifX0.LjuVs_6qggyxrUHtutJzlIBeMH5CbG3XTZc7DEtSB18', '2026-04-14 00:09:26', 0, NULL, '2026-04-13 18:09:26', NULL, NULL),
	(95, 12, 41, 'eyJ0eXAiOiJKV1QiLCJhbGciOiJIUzI1NiJ9.eyJpYXQiOjE3NzYxMjI4ODYsImV4cCI6MTc3NjEyNjQ4NiwiZGF0YSI6eyJ1c3VfaWQiOjEyLCJ1c3VfZW1haWwiOiJ4ZGhhYmVyMTJAZ21haWwuY29tIn19.UA0bMj1KtFygIrEs9uTZoOrlaRarRP-NUi1qfvQKNxc', '2026-04-14 00:28:06', 1, NULL, '2026-04-13 18:28:06', NULL, NULL),
	(96, 12, 42, 'eyJ0eXAiOiJKV1QiLCJhbGciOiJIUzI1NiJ9.eyJpYXQiOjE3NzYxMjY2MDYsImV4cCI6MTc3NjEzMDIwNiwiZGF0YSI6eyJ1c3VfaWQiOjEyLCJ1c3VfZW1haWwiOiJ4ZGhhYmVyMTJAZ21haWwuY29tIn19.SsrO9E4x0Bpak6--EWQmOX9dtaAixcdTYxy6gHFuB-4', '2026-04-14 01:30:06', 0, NULL, '2026-04-13 19:30:06', NULL, NULL),
	(97, 1, 43, 'eyJ0eXAiOiJKV1QiLCJhbGciOiJIUzI1NiJ9.eyJpYXQiOjE3NzYxMjY4MDksImV4cCI6MTc3NjEzMDQwOSwiZGF0YSI6eyJ1c3VfaWQiOjEsInVzdV9lbWFpbCI6Im51ZXZvQGVqZW1wbG8uY29tIn19.ly8wcwaZOEH0OjOEtIfsd1TQ2KMOIUVUgzZcFJPRPas', '2026-04-14 01:33:29', 0, NULL, '2026-04-13 19:33:29', NULL, NULL),
	(98, 12, 42, 'eyJ0eXAiOiJKV1QiLCJhbGciOiJIUzI1NiJ9.eyJpYXQiOjE3NzYxMzE2MDQsImV4cCI6MTc3NjEzNTIwNCwiZGF0YSI6eyJ1c3VfaWQiOjEyLCJ1c3VfZW1haWwiOiJ4ZGhhYmVyMTJAZ21haWwuY29tIn19.Iwduw1XM-h5y29C9ztyEu-90Rcva4rbqq0IkzLYYpfk', '2026-04-14 02:53:24', 1, NULL, '2026-04-13 20:53:24', NULL, NULL),
	(99, 1, 43, 'eyJ0eXAiOiJKV1QiLCJhbGciOiJIUzI1NiJ9.eyJpYXQiOjE3NzYxODAxMzEsImV4cCI6MTc3NjE4MzczMSwiZGF0YSI6eyJ1c3VfaWQiOjEsInVzdV9lbWFpbCI6Im51ZXZvQGVqZW1wbG8uY29tIn19.k_qGIr3KbTzIOea-OG61avcG8GJbiDryynvlIEQnbkM', '2026-04-14 16:22:11', 1, NULL, '2026-04-14 10:22:11', NULL, NULL),
	(100, 1, 43, 'eyJ0eXAiOiJKV1QiLCJhbGciOiJIUzI1NiJ9.eyJpYXQiOjE3NzYxOTc2MzcsImV4cCI6MTc3NjIwMTIzNywiZGF0YSI6eyJ1c3VfaWQiOjEsInVzdV9lbWFpbCI6Im51ZXZvQGVqZW1wbG8uY29tIn19.Atji273_1TZlpi-YV_wj4DDOM-5TMWc3CIo-5q5lvHo', '2026-04-14 21:13:57', 0, NULL, '2026-04-14 15:13:57', NULL, NULL),
	(101, 1, 30, 'eyJ0eXAiOiJKV1QiLCJhbGciOiJIUzI1NiJ9.eyJpYXQiOjE3NzYxOTgxMTEsImV4cCI6MTc3NjIwMTcxMSwiZGF0YSI6eyJ1c3VfaWQiOjEsInVzdV9lbWFpbCI6Im51ZXZvQGVqZW1wbG8uY29tIn19.KjqQ6fZlktAy3_OwvqfCERdLVqeR1tJ4BDYXL6Igr64', '2026-04-14 21:21:51', 1, NULL, '2026-04-14 15:21:51', NULL, NULL),
	(102, 1, 43, 'eyJ0eXAiOiJKV1QiLCJhbGciOiJIUzI1NiJ9.eyJpYXQiOjE3NzYyMDAyOTMsImV4cCI6MTc3NjIwMzg5MywiZGF0YSI6eyJ1c3VfaWQiOjEsInVzdV9lbWFpbCI6Im51ZXZvQGVqZW1wbG8uY29tIn19.K_RXPDuL3geTI3gX3J5QOTwwzyjyY00AsDkMWajQ0eY', '2026-04-14 21:58:13', 0, NULL, '2026-04-14 15:58:13', NULL, NULL),
	(103, 1, 43, 'eyJ0eXAiOiJKV1QiLCJhbGciOiJIUzI1NiJ9.eyJpYXQiOjE3NzYyMDA0MTUsImV4cCI6MTc3NjIwNDAxNSwiZGF0YSI6eyJ1c3VfaWQiOjEsInVzdV9lbWFpbCI6Im51ZXZvQGVqZW1wbG8uY29tIn19.PP-uaub1OQPSthqXJmB1Yoqdvhrc1eaaoHjMsNtXJiM', '2026-04-14 22:00:15', 0, NULL, '2026-04-14 16:00:15', NULL, NULL),
	(104, 1, 43, 'eyJ0eXAiOiJKV1QiLCJhbGciOiJIUzI1NiJ9.eyJpYXQiOjE3NzYyMDA2MTAsImV4cCI6MTc3NjIwNDIxMCwiZGF0YSI6eyJ1c3VfaWQiOjEsInVzdV9lbWFpbCI6Im51ZXZvQGVqZW1wbG8uY29tIn19.oYJtmjzSzZsYGA2c-QoD4L-811rHAyGurU487qXI-Xs', '2026-04-14 22:03:30', 1, NULL, '2026-04-14 16:03:30', NULL, NULL),
	(105, 1, 30, 'eyJ0eXAiOiJKV1QiLCJhbGciOiJIUzI1NiJ9.eyJpYXQiOjE3NzYyMDE5ODMsImV4cCI6MTc3NjIwNTU4MywiZGF0YSI6eyJ1c3VfaWQiOjEsInVzdV9lbWFpbCI6Im51ZXZvQGVqZW1wbG8uY29tIn19._7WIW-vsSox8czGh1Y6UdSE721tZ1UvejzQ6OFMD8Xc', '2026-04-14 22:26:23', 1, NULL, '2026-04-14 16:26:23', NULL, NULL),
	(106, 1, 30, 'eyJ0eXAiOiJKV1QiLCJhbGciOiJIUzI1NiJ9.eyJpYXQiOjE3NzYyMDI1MDUsImV4cCI6MTc3NjIwNjEwNSwiZGF0YSI6eyJ1c3VfaWQiOjEsInVzdV9lbWFpbCI6Im51ZXZvQGVqZW1wbG8uY29tIn19.CB4re6_ErTzzYwRactbD00IxW-tt1y5r-j26PSL8MHM', '2026-04-14 22:35:05', 1, NULL, '2026-04-14 16:35:05', NULL, NULL),
	(107, 1, 43, 'eyJ0eXAiOiJKV1QiLCJhbGciOiJIUzI1NiJ9.eyJpYXQiOjE3NzYyMTU4NjUsImV4cCI6MTc3NjIxOTQ2NSwiZGF0YSI6eyJ1c3VfaWQiOjEsInVzdV9lbWFpbCI6Im51ZXZvQGVqZW1wbG8uY29tIn19.8sbhx5fHRF1YKrWlep1il2vk3EBRx2SbJgqXFOHTI1M', '2026-04-15 02:17:45', 0, NULL, '2026-04-14 20:17:45', NULL, NULL),
	(108, 5, 44, 'eyJ0eXAiOiJKV1QiLCJhbGciOiJIUzI1NiJ9.eyJpYXQiOjE3NzYyMTY4NDMsImV4cCI6MTc3NjIyMDQ0MywiZGF0YSI6eyJ1c3VfaWQiOjUsInVzdV9lbWFpbCI6InRlc3Q0QGdtYWlsLmNvbSJ9fQ.jRANFCF8it9MDUpEh9dCwRxlZbeJI3Uyy_JzcIpXfsg', '2026-04-15 02:34:03', 0, NULL, '2026-04-14 20:34:03', NULL, NULL),
	(109, 25, 45, 'eyJ0eXAiOiJKV1QiLCJhbGciOiJIUzI1NiJ9.eyJpYXQiOjE3NzYyMTcxODYsImV4cCI6MTc3NjIyMDc4NiwiZGF0YSI6eyJ1c3VfaWQiOjI1LCJ1c3VfZW1haWwiOiJqdWxpbzIzQGdtYWlsLmNvbSJ9fQ.YAF__XWW2Bxb86fVQQPfBxQ25uy3gwjjmy-GAiSST_I', '2026-04-15 02:39:46', 0, NULL, '2026-04-14 20:39:46', NULL, NULL),
	(110, 1, 43, 'eyJ0eXAiOiJKV1QiLCJhbGciOiJIUzI1NiJ9.eyJpYXQiOjE3NzYyMTc5MjUsImV4cCI6MTc3NjIyMTUyNSwiZGF0YSI6eyJ1c3VfaWQiOjEsInVzdV9lbWFpbCI6Im51ZXZvQGVqZW1wbG8uY29tIn19.1wqdgdIsPDvlHgZHOianExenTDIY3uen4HcjabOPCxg', '2026-04-15 02:52:05', 0, NULL, '2026-04-14 20:52:05', NULL, NULL),
	(111, 25, 45, 'eyJ0eXAiOiJKV1QiLCJhbGciOiJIUzI1NiJ9.eyJpYXQiOjE3NzYyMTgwMzAsImV4cCI6MTc3NjIyMTYzMCwiZGF0YSI6eyJ1c3VfaWQiOjI1LCJ1c3VfZW1haWwiOiJqdWxpbzIzQGdtYWlsLmNvbSJ9fQ.WskievMfmrvgmbMN09gjHOwKLLfC7eW4yaZ3D7dY2qo', '2026-04-15 02:53:50', 0, NULL, '2026-04-14 20:53:50', NULL, NULL),
	(112, 1, 43, 'eyJ0eXAiOiJKV1QiLCJhbGciOiJIUzI1NiJ9.eyJpYXQiOjE3NzYyMTg4MjgsImV4cCI6MTc3NjIyMjQyOCwiZGF0YSI6eyJ1c3VfaWQiOjEsInVzdV9lbWFpbCI6Im51ZXZvQGVqZW1wbG8uY29tIn19.LU-7Ef4WdqLghHulyfgrvKvn_y-yBBwP9lZkhwOStxM', '2026-04-15 03:07:08', 0, NULL, '2026-04-14 21:07:08', NULL, NULL),
	(113, 25, 45, 'eyJ0eXAiOiJKV1QiLCJhbGciOiJIUzI1NiJ9.eyJpYXQiOjE3NzYyMTg4ODMsImV4cCI6MTc3NjIyMjQ4MywiZGF0YSI6eyJ1c3VfaWQiOjI1LCJ1c3VfZW1haWwiOiJqdWxpbzIzQGdtYWlsLmNvbSJ9fQ.G2kFDGvajuz42nQlh3zcftOTyNJCew44n7oOOXNhi5I', '2026-04-15 03:08:03', 0, NULL, '2026-04-14 21:08:03', NULL, NULL),
	(114, 1, 43, 'eyJ0eXAiOiJKV1QiLCJhbGciOiJIUzI1NiJ9.eyJpYXQiOjE3NzYyMTkyMTIsImV4cCI6MTc3NjIyMjgxMiwiZGF0YSI6eyJ1c3VfaWQiOjEsInVzdV9lbWFpbCI6Im51ZXZvQGVqZW1wbG8uY29tIn19._k14TCbvRM2PGq-5zYdvpdvrqPRvxuFraufRetsSnXQ', '2026-04-15 03:13:32', 0, NULL, '2026-04-14 21:13:32', NULL, NULL),
	(115, 25, 45, 'eyJ0eXAiOiJKV1QiLCJhbGciOiJIUzI1NiJ9.eyJpYXQiOjE3NzYyMTkzMzIsImV4cCI6MTc3NjIyMjkzMiwiZGF0YSI6eyJ1c3VfaWQiOjI1LCJ1c3VfZW1haWwiOiJqdWxpbzIzQGdtYWlsLmNvbSJ9fQ.7Wiaityx6SCcfsMZHLZsibcyO7cQQIxHICbYSrF2xdY', '2026-04-15 03:15:32', 0, NULL, '2026-04-14 21:15:32', NULL, NULL),
	(116, 1, 43, 'eyJ0eXAiOiJKV1QiLCJhbGciOiJIUzI1NiJ9.eyJpYXQiOjE3NzYyMTk1NDEsImV4cCI6MTc3NjIyMzE0MSwiZGF0YSI6eyJ1c3VfaWQiOjEsInVzdV9lbWFpbCI6Im51ZXZvQGVqZW1wbG8uY29tIn19.yzlYVLBj8VvVuvWA7DEJ0GXow4sam_V7szCm0pgpe5c', '2026-04-15 03:19:01', 0, NULL, '2026-04-14 21:19:01', NULL, NULL),
	(117, 1, 43, 'eyJ0eXAiOiJKV1QiLCJhbGciOiJIUzI1NiJ9.eyJpYXQiOjE3NzYyMjAxMTgsImV4cCI6MTc3NjIyMzcxOCwiZGF0YSI6eyJ1c3VfaWQiOjEsInVzdV9lbWFpbCI6Im51ZXZvQGVqZW1wbG8uY29tIn19.4jh0vlg0HM-furSC7vy8K_9oHQRWs9XlmLoH0oGZjE8', '2026-04-15 03:28:38', 0, NULL, '2026-04-14 21:28:38', NULL, NULL),
	(118, 34, 46, 'eyJ0eXAiOiJKV1QiLCJhbGciOiJIUzI1NiJ9.eyJpYXQiOjE3NzYyMjAzNTMsImV4cCI6MTc3NjIyMzk1MywiZGF0YSI6eyJ1c3VfaWQiOjM0LCJ1c3VfZW1haWwiOiJzYW1fbW5yQGhvdG1haWwuY29tIn19.-Zr3hnctqWPfI4wBfmmWVcM4V__MkVGs9a8g6uFpSsA', '2026-04-15 03:32:33', 1, NULL, '2026-04-14 21:32:33', NULL, NULL),
	(119, 1, 43, 'eyJ0eXAiOiJKV1QiLCJhbGciOiJIUzI1NiJ9.eyJpYXQiOjE3NzYyNjM1NTYsImV4cCI6MTc3NjI2NzE1NiwiZGF0YSI6eyJ1c3VfaWQiOjEsInVzdV9lbWFpbCI6Im51ZXZvQGVqZW1wbG8uY29tIn19.laSlYH3RGS-WDagvuwOs8_vNGtmDrXXRoZ_SHl-CzmU', '2026-04-15 15:32:36', 0, NULL, '2026-04-15 09:32:36', NULL, NULL),
	(120, 25, 45, 'eyJ0eXAiOiJKV1QiLCJhbGciOiJIUzI1NiJ9.eyJpYXQiOjE3NzYyNjM5MDcsImV4cCI6MTc3NjI2NzUwNywiZGF0YSI6eyJ1c3VfaWQiOjI1LCJ1c3VfZW1haWwiOiJqdWxpbzIzQGdtYWlsLmNvbSJ9fQ.8x6JvKy-xS8Xp5km7g2noK9swuePKGanRvc6yeh-w0I', '2026-04-15 15:38:27', 0, NULL, '2026-04-15 09:38:27', NULL, NULL),
	(121, 34, 46, 'eyJ0eXAiOiJKV1QiLCJhbGciOiJIUzI1NiJ9.eyJpYXQiOjE3NzYyNjQ1MzgsImV4cCI6MTc3NjI2ODEzOCwiZGF0YSI6eyJ1c3VfaWQiOjM0LCJ1c3VfZW1haWwiOiJzYW1fbW5yQGhvdG1haWwuY29tIn19.6rshpEHXB10pL9aeMyuuRh8coibr0LYp-Cp09LPdLxo', '2026-04-15 15:48:58', 0, NULL, '2026-04-15 09:48:58', NULL, NULL),
	(122, 1, 43, 'eyJ0eXAiOiJKV1QiLCJhbGciOiJIUzI1NiJ9.eyJpYXQiOjE3NzYyNjQ2NTYsImV4cCI6MTc3NjI2ODI1NiwiZGF0YSI6eyJ1c3VfaWQiOjEsInVzdV9lbWFpbCI6Im51ZXZvQGVqZW1wbG8uY29tIn19.fYOw_y24y29cFuzQq46Lg6a4KgtoQrcAE4fNJE-svMc', '2026-04-15 15:50:56', 0, NULL, '2026-04-15 09:50:56', NULL, NULL),
	(123, 25, 45, 'eyJ0eXAiOiJKV1QiLCJhbGciOiJIUzI1NiJ9.eyJpYXQiOjE3NzYyNjY5MTAsImV4cCI6MTc3NjI3MDUxMCwiZGF0YSI6eyJ1c3VfaWQiOjI1LCJ1c3VfZW1haWwiOiJqdWxpbzIzQGdtYWlsLmNvbSJ9fQ.mBvX435GQgq6b07EvUc8-Qioh-a3b8sw9Gzj5uy4lUA', '2026-04-15 16:28:30', 0, NULL, '2026-04-15 10:28:30', NULL, NULL),
	(124, 34, 46, 'eyJ0eXAiOiJKV1QiLCJhbGciOiJIUzI1NiJ9.eyJpYXQiOjE3NzYyNjc2NzUsImV4cCI6MTc3NjI3MTI3NSwiZGF0YSI6eyJ1c3VfaWQiOjM0LCJ1c3VfZW1haWwiOiJzYW1fbW5yQGhvdG1haWwuY29tIn19.ryujnaaUJ259i9f9vdSB3ddlyxrl72-jzFo-m0k5NWc', '2026-04-15 16:41:15', 0, NULL, '2026-04-15 10:41:15', NULL, NULL),
	(125, 25, 45, 'eyJ0eXAiOiJKV1QiLCJhbGciOiJIUzI1NiJ9.eyJpYXQiOjE3NzYyNjc5MjYsImV4cCI6MTc3NjI3MTUyNiwiZGF0YSI6eyJ1c3VfaWQiOjI1LCJ1c3VfZW1haWwiOiJqdWxpbzIzQGdtYWlsLmNvbSJ9fQ.p6EmIkW7DB1_8WMFKxl2e4e7DXu7l5WzPXa5RJ6zGxw', '2026-04-15 16:45:26', 0, NULL, '2026-04-15 10:45:26', NULL, NULL),
	(126, 34, 46, 'eyJ0eXAiOiJKV1QiLCJhbGciOiJIUzI1NiJ9.eyJpYXQiOjE3NzYyNjg1NjcsImV4cCI6MTc3NjI3MjE2NywiZGF0YSI6eyJ1c3VfaWQiOjM0LCJ1c3VfZW1haWwiOiJzYW1fbW5yQGhvdG1haWwuY29tIn19.PVNBq_-uOM8pkv2lglCwNbeWl1t151B1ZP-NoFfLDXk', '2026-04-15 16:56:07', 0, NULL, '2026-04-15 10:56:07', NULL, NULL),
	(127, 25, 45, 'eyJ0eXAiOiJKV1QiLCJhbGciOiJIUzI1NiJ9.eyJpYXQiOjE3NzYyNjg2MjAsImV4cCI6MTc3NjI3MjIyMCwiZGF0YSI6eyJ1c3VfaWQiOjI1LCJ1c3VfZW1haWwiOiJqdWxpbzIzQGdtYWlsLmNvbSJ9fQ.R7rQLVSjgdr7utdAlhcaLbCnniHInc1L8LDBsCGS2ZQ', '2026-04-15 16:57:00', 0, NULL, '2026-04-15 10:57:00', NULL, NULL),
	(128, 1, 43, 'eyJ0eXAiOiJKV1QiLCJhbGciOiJIUzI1NiJ9.eyJpYXQiOjE3NzYyNjg2ODUsImV4cCI6MTc3NjI3MjI4NSwiZGF0YSI6eyJ1c3VfaWQiOjEsInVzdV9lbWFpbCI6Im51ZXZvQGVqZW1wbG8uY29tIn19.adwMEIcFTKyFIewtEzV0XInA3SuD_XxO_TwlPDtochc', '2026-04-15 16:58:05', 0, NULL, '2026-04-15 10:58:05', NULL, NULL),
	(129, 25, 45, 'eyJ0eXAiOiJKV1QiLCJhbGciOiJIUzI1NiJ9.eyJpYXQiOjE3NzYyNjg3MTEsImV4cCI6MTc3NjI3MjMxMSwiZGF0YSI6eyJ1c3VfaWQiOjI1LCJ1c3VfZW1haWwiOiJqdWxpbzIzQGdtYWlsLmNvbSJ9fQ.f9SxVzDkP_Ccn72Maoepma5n2c7cmVmDs2MtYGh2uzY', '2026-04-15 16:58:31', 1, NULL, '2026-04-15 10:58:31', NULL, NULL),
	(130, 1, 30, 'eyJ0eXAiOiJKV1QiLCJhbGciOiJIUzI1NiJ9.eyJpYXQiOjE3NzYyNjkwMTYsImV4cCI6MTc3NjI3MjYxNiwiZGF0YSI6eyJ1c3VfaWQiOjEsInVzdV9lbWFpbCI6Im51ZXZvQGVqZW1wbG8uY29tIn19.hlUs8xFXLHDY3rj0eYbOePY_sP3Gld2DStr80cCmk3A', '2026-04-15 17:03:36', 1, NULL, '2026-04-15 11:03:36', NULL, NULL),
	(131, 25, 45, 'eyJ0eXAiOiJKV1QiLCJhbGciOiJIUzI1NiJ9.eyJpYXQiOjE3NzYyODI5MDIsImV4cCI6MTc3NjI4NjUwMiwiZGF0YSI6eyJ1c3VfaWQiOjI1LCJ1c3VfZW1haWwiOiJqdWxpbzIzQGdtYWlsLmNvbSJ9fQ.Pfwi-sBdvJqGd7EpQIEd_NlO81faPpQn6lhLft7hXNI', '2026-04-15 20:55:02', 0, NULL, '2026-04-15 14:55:02', NULL, NULL),
	(132, 34, 46, 'eyJ0eXAiOiJKV1QiLCJhbGciOiJIUzI1NiJ9.eyJpYXQiOjE3NzYyODMwNjgsImV4cCI6MTc3NjI4NjY2OCwiZGF0YSI6eyJ1c3VfaWQiOjM0LCJ1c3VfZW1haWwiOiJzYW1fbW5yQGhvdG1haWwuY29tIn19.Dl8z0e96Zebj3BmlLQ8kyjjfl_c9kdz43-TEH1mNICM', '2026-04-15 20:57:48', 0, NULL, '2026-04-15 14:57:48', NULL, NULL),
	(133, 25, 45, 'eyJ0eXAiOiJKV1QiLCJhbGciOiJIUzI1NiJ9.eyJpYXQiOjE3NzYyODMwOTUsImV4cCI6MTc3NjI4NjY5NSwiZGF0YSI6eyJ1c3VfaWQiOjI1LCJ1c3VfZW1haWwiOiJqdWxpbzIzQGdtYWlsLmNvbSJ9fQ.TleYY_MOe6AFa2Tk15jfa_KQB7-Cr71-lfYEzYRCs5U', '2026-04-15 20:58:15', 0, NULL, '2026-04-15 14:58:15', NULL, NULL),
	(134, 1, 43, 'eyJ0eXAiOiJKV1QiLCJhbGciOiJIUzI1NiJ9.eyJpYXQiOjE3NzYyODM2MTQsImV4cCI6MTc3NjI4NzIxNCwiZGF0YSI6eyJ1c3VfaWQiOjEsInVzdV9lbWFpbCI6Im51ZXZvQGVqZW1wbG8uY29tIn19.U-Z7Br2peU7CnGXw_jLfNzFqgFzfHZQNQYbVDoUMPO4', '2026-04-15 21:06:54', 0, NULL, '2026-04-15 15:06:54', NULL, NULL),
	(135, 25, 45, 'eyJ0eXAiOiJKV1QiLCJhbGciOiJIUzI1NiJ9.eyJpYXQiOjE3NzYyODUxMjcsImV4cCI6MTc3NjI4ODcyNywiZGF0YSI6eyJ1c3VfaWQiOjI1LCJ1c3VfZW1haWwiOiJqdWxpbzIzQGdtYWlsLmNvbSJ9fQ.13ZzBh67CpcrtbTd4EroC7np11AJbCew-I3ie7DVlVM', '2026-04-15 21:32:07', 0, NULL, '2026-04-15 15:32:07', NULL, NULL),
	(136, 34, 46, 'eyJ0eXAiOiJKV1QiLCJhbGciOiJIUzI1NiJ9.eyJpYXQiOjE3NzYyODU3NDYsImV4cCI6MTc3NjI4OTM0NiwiZGF0YSI6eyJ1c3VfaWQiOjM0LCJ1c3VfZW1haWwiOiJzYW1fbW5yQGhvdG1haWwuY29tIn19.eqSeq9dMvZEIG3yRaSblyvlzSuQMzuDmTKISuCe_bBY', '2026-04-15 21:42:26', 0, NULL, '2026-04-15 15:42:26', NULL, NULL),
	(137, 1, 43, 'eyJ0eXAiOiJKV1QiLCJhbGciOiJIUzI1NiJ9.eyJpYXQiOjE3NzYyODY0NDEsImV4cCI6MTc3NjI5MDA0MSwiZGF0YSI6eyJ1c3VfaWQiOjEsInVzdV9lbWFpbCI6Im51ZXZvQGVqZW1wbG8uY29tIn19.8UwoN_8_aBLG6qlQ2U0QkHgNgbPeeBEtrwqBl11AmCs', '2026-04-15 21:54:01', 0, NULL, '2026-04-15 15:54:01', NULL, NULL),
	(138, 25, 45, 'eyJ0eXAiOiJKV1QiLCJhbGciOiJIUzI1NiJ9.eyJpYXQiOjE3NzYyODY4OTksImV4cCI6MTc3NjI5MDQ5OSwiZGF0YSI6eyJ1c3VfaWQiOjI1LCJ1c3VfZW1haWwiOiJqdWxpbzIzQGdtYWlsLmNvbSJ9fQ.d4HyRtkXjUW8JkVDbaH9lzeARzNAKaXQy-KbUGJ5hTU', '2026-04-15 22:01:39', 0, NULL, '2026-04-15 16:01:39', NULL, NULL),
	(139, 34, 46, 'eyJ0eXAiOiJKV1QiLCJhbGciOiJIUzI1NiJ9.eyJpYXQiOjE3NzYyODg2MzUsImV4cCI6MTc3NjI5MjIzNSwiZGF0YSI6eyJ1c3VfaWQiOjM0LCJ1c3VfZW1haWwiOiJzYW1fbW5yQGhvdG1haWwuY29tIn19.jL513hI8aSxRSyrPf6h5EFQ7b5lxmMpsnGGdcDMqlNg', '2026-04-15 22:30:35', 1, NULL, '2026-04-15 16:30:35', NULL, NULL),
	(140, 25, 45, 'eyJ0eXAiOiJKV1QiLCJhbGciOiJIUzI1NiJ9.eyJpYXQiOjE3NzYyOTc2MTAsImV4cCI6MTc3NjMwMTIxMCwiZGF0YSI6eyJ1c3VfaWQiOjI1LCJ1c3VfZW1haWwiOiJqdWxpbzIzQGdtYWlsLmNvbSJ9fQ.7e7Nhqw_-gviKGqG89diRiGPKbRz_jeMomu0Kk6JTXM', '2026-04-16 01:00:10', 0, NULL, '2026-04-15 19:00:10', NULL, NULL),
	(141, 34, 46, 'eyJ0eXAiOiJKV1QiLCJhbGciOiJIUzI1NiJ9.eyJpYXQiOjE3NzYyOTg0NzcsImV4cCI6MTc3NjMwMjA3NywiZGF0YSI6eyJ1c3VfaWQiOjM0LCJ1c3VfZW1haWwiOiJzYW1fbW5yQGhvdG1haWwuY29tIn19.HXiUb_NAxLClMTLn967v6Q7fxCmcHfkxenuDt89YJkA', '2026-04-16 01:14:37', 0, NULL, '2026-04-15 19:14:37', NULL, NULL),
	(142, 25, 45, 'eyJ0eXAiOiJKV1QiLCJhbGciOiJIUzI1NiJ9.eyJpYXQiOjE3NzYzMDMzMzgsImV4cCI6MTc3NjMwNjkzOCwiZGF0YSI6eyJ1c3VfaWQiOjI1LCJ1c3VfZW1haWwiOiJqdWxpbzIzQGdtYWlsLmNvbSJ9fQ.j0jLsHuakhxrwkflh5R733laP8-WPLpBEGXaUCsDhgk', '2026-04-16 02:35:38', 0, NULL, '2026-04-15 20:35:38', NULL, NULL),
	(143, 25, 45, 'eyJ0eXAiOiJKV1QiLCJhbGciOiJIUzI1NiJ9.eyJpYXQiOjE3NzYzMDQyMDksImV4cCI6MTc3NjMwNzgwOSwiZGF0YSI6eyJ1c3VfaWQiOjI1LCJ1c3VfZW1haWwiOiJqdWxpbzIzQGdtYWlsLmNvbSJ9fQ.eDMxYF7Mc1hMr1Y-esTOy9lCo5Kyx4zUm4ECnc7n0bg', '2026-04-16 02:50:09', 0, NULL, '2026-04-15 20:50:09', NULL, NULL),
	(144, 34, 46, 'eyJ0eXAiOiJKV1QiLCJhbGciOiJIUzI1NiJ9.eyJpYXQiOjE3NzYzMDQzNDgsImV4cCI6MTc3NjMwNzk0OCwiZGF0YSI6eyJ1c3VfaWQiOjM0LCJ1c3VfZW1haWwiOiJzYW1fbW5yQGhvdG1haWwuY29tIn19.5OrHiVSo-P1t4UdwQ1sPuaAGMFy3K2wQ9dS3lsvOKCo', '2026-04-16 02:52:28', 0, NULL, '2026-04-15 20:52:28', NULL, NULL),
	(145, 1, 30, 'eyJ0eXAiOiJKV1QiLCJhbGciOiJIUzI1NiJ9.eyJpYXQiOjE3NzYzMDcyODYsImV4cCI6MTc3NjMxMDg4NiwiZGF0YSI6eyJ1c3VfaWQiOjEsInVzdV9lbWFpbCI6Im51ZXZvQGVqZW1wbG8uY29tIn19.tO7KTrn8WSLMk1O29CkKnpCavHrJ3GeEqi3OcrWiqbA', '2026-04-16 03:41:26', 1, NULL, '2026-04-15 21:41:26', NULL, NULL),
	(146, 1, 30, 'eyJ0eXAiOiJKV1QiLCJhbGciOiJIUzI1NiJ9.eyJpYXQiOjE3NzYzMDczMjksImV4cCI6MTc3NjMxMDkyOSwiZGF0YSI6eyJ1c3VfaWQiOjEsInVzdV9lbWFpbCI6Im51ZXZvQGVqZW1wbG8uY29tIn19.8NzoMaeieHiMxj2iFCm7cCvTEwfIgst9yekpfpYQwl0', '2026-04-16 03:42:09', 1, NULL, '2026-04-15 21:42:09', NULL, NULL),
	(147, 1, 30, 'eyJ0eXAiOiJKV1QiLCJhbGciOiJIUzI1NiJ9.eyJpYXQiOjE3NzYzMDc0NzMsImV4cCI6MTc3NjMxMTA3MywiZGF0YSI6eyJ1c3VfaWQiOjEsInVzdV9lbWFpbCI6Im51ZXZvQGVqZW1wbG8uY29tIn19.NtMAV_Xg93ssndkICF7cm57DxhOnxCdcdOvFVBXHrek', '2026-04-16 03:44:33', 1, NULL, '2026-04-15 21:44:33', NULL, NULL),
	(148, 35, 47, 'eyJ0eXAiOiJKV1QiLCJhbGciOiJIUzI1NiJ9.eyJpYXQiOjE3NzYzMDc5MTgsImV4cCI6MTc3NjMxMTUxOCwiZGF0YSI6eyJ1c3VfaWQiOjM1LCJ1c3VfZW1haWwiOiJqb3Nlc2l0bzEyQGdtYWlsLmNvbSJ9fQ.znQmR_3AnnFFyIDF1RIg3vqgcU8yGRdDs5hiRg5CoWE', '2026-04-16 03:51:58', 0, NULL, '2026-04-15 21:51:58', NULL, NULL),
	(149, 36, 48, 'eyJ0eXAiOiJKV1QiLCJhbGciOiJIUzI1NiJ9.eyJpYXQiOjE3NzYzMDg3MTYsImV4cCI6MTc3NjMxMjMxNiwiZGF0YSI6eyJ1c3VfaWQiOjM2LCJ1c3VfZW1haWwiOiJtZWppYTMxQGdtYWlsLmNvbSJ9fQ.bYNg33QdA2uvHPNEMiKUaXXZlNfhoZHyZBfRlKlsLss', '2026-04-16 04:05:16', 0, NULL, '2026-04-15 22:05:16', NULL, NULL),
	(150, 37, 49, 'eyJ0eXAiOiJKV1QiLCJhbGciOiJIUzI1NiJ9.eyJpYXQiOjE3NzYzMDk0NDIsImV4cCI6MTc3NjMxMzA0MiwiZGF0YSI6eyJ1c3VfaWQiOjM3LCJ1c3VfZW1haWwiOiJkYWRhMTJAZ21haWwuY29tIn19.rld1H28jkbgS9G92zbBw86ZGNt0J0N9RXAV-j9W_ZF8', '2026-04-16 04:17:22', 0, NULL, '2026-04-15 22:17:22', NULL, NULL),
	(151, 38, 50, 'eyJ0eXAiOiJKV1QiLCJhbGciOiJIUzI1NiJ9.eyJpYXQiOjE3NzYzMTAwNjAsImV4cCI6MTc3NjMxMzY2MCwiZGF0YSI6eyJ1c3VfaWQiOjM4LCJ1c3VfZW1haWwiOiJkZGpkamQxMkBnbWFpbC5jb20ifX0.8Hk5N2l9aSgSQWJ3vhcKBxqMoNnCI4fqpBFx_1d5ZO0', '2026-04-16 04:27:40', 0, NULL, '2026-04-15 22:27:40', NULL, NULL),
	(152, 39, 51, 'eyJ0eXAiOiJKV1QiLCJhbGciOiJIUzI1NiJ9.eyJpYXQiOjE3NzYzMTA3NDksImV4cCI6MTc3NjMxNDM0OSwiZGF0YSI6eyJ1c3VfaWQiOjM5LCJ1c3VfZW1haWwiOiJkYWR5MTJAZ21haWwuY29tIn19.7vuAhIaU_zCr0AkHr1ONN-Dzqv8_yt_vGvRhPB2Ng0k', '2026-04-16 04:39:09', 0, NULL, '2026-04-15 22:39:09', NULL, NULL),
	(153, 25, 45, 'eyJ0eXAiOiJKV1QiLCJhbGciOiJIUzI1NiJ9.eyJpYXQiOjE3NzYzMTEwMjQsImV4cCI6MTc3NjMxNDYyNCwiZGF0YSI6eyJ1c3VfaWQiOjI1LCJ1c3VfZW1haWwiOiJqdWxpbzIzQGdtYWlsLmNvbSJ9fQ.h5L8mJSk6XlXAd2x2OHnjMJjFMk3mwflh0KdGbLh8Uw', '2026-04-16 04:43:44', 0, NULL, '2026-04-15 22:43:44', NULL, NULL),
	(154, 34, 46, 'eyJ0eXAiOiJKV1QiLCJhbGciOiJIUzI1NiJ9.eyJpYXQiOjE3NzYzMTEwNzYsImV4cCI6MTc3NjMxNDY3NiwiZGF0YSI6eyJ1c3VfaWQiOjM0LCJ1c3VfZW1haWwiOiJzYW1fbW5yQGhvdG1haWwuY29tIn19.jOut0MPi-HU10R5yElw3lH-Yqy-iyvD_Lw38ISfpXoU', '2026-04-16 04:44:36', 0, NULL, '2026-04-15 22:44:36', NULL, NULL),
	(155, 25, 45, 'eyJ0eXAiOiJKV1QiLCJhbGciOiJIUzI1NiJ9.eyJpYXQiOjE3NzYzMTExNDQsImV4cCI6MTc3NjMxNDc0NCwiZGF0YSI6eyJ1c3VfaWQiOjI1LCJ1c3VfZW1haWwiOiJqdWxpbzIzQGdtYWlsLmNvbSJ9fQ.Nk77aHAxxcogaicXYAl2_zat1lBmuowTXdX7iPBh-ZA', '2026-04-16 04:45:44', 0, NULL, '2026-04-15 22:45:44', NULL, NULL),
	(156, 34, 46, 'eyJ0eXAiOiJKV1QiLCJhbGciOiJIUzI1NiJ9.eyJpYXQiOjE3NzYzMTE2MTQsImV4cCI6MTc3NjMxNTIxNCwiZGF0YSI6eyJ1c3VfaWQiOjM0LCJ1c3VfZW1haWwiOiJzYW1fbW5yQGhvdG1haWwuY29tIn19.9mBMfoZcdcv8H4xwhiKDoJyvgoYGzj2s2amvFMvgvbM', '2026-04-16 04:53:34', 0, NULL, '2026-04-15 22:53:34', NULL, NULL),
	(157, 25, 45, 'eyJ0eXAiOiJKV1QiLCJhbGciOiJIUzI1NiJ9.eyJpYXQiOjE3NzYzMTI2MTUsImV4cCI6MTc3NjMxNjIxNSwiZGF0YSI6eyJ1c3VfaWQiOjI1LCJ1c3VfZW1haWwiOiJqdWxpbzIzQGdtYWlsLmNvbSJ9fQ.9oGFVAauFGx7JXamVzlQDE2ZatTBrRSnCRD3PruyrZI', '2026-04-16 05:10:15', 0, NULL, '2026-04-15 23:10:15', NULL, NULL),
	(158, 34, 46, 'eyJ0eXAiOiJKV1QiLCJhbGciOiJIUzI1NiJ9.eyJpYXQiOjE3NzYzMTI4NjcsImV4cCI6MTc3NjMxNjQ2NywiZGF0YSI6eyJ1c3VfaWQiOjM0LCJ1c3VfZW1haWwiOiJzYW1fbW5yQGhvdG1haWwuY29tIn19.0PxFuItupqXH4cE38VzpCaM1FhuMqM_l_9udk3qbCfg', '2026-04-16 05:14:27', 0, NULL, '2026-04-15 23:14:27', NULL, NULL),
	(159, 25, 45, 'eyJ0eXAiOiJKV1QiLCJhbGciOiJIUzI1NiJ9.eyJpYXQiOjE3NzYzMTMwNDAsImV4cCI6MTc3NjMxNjY0MCwiZGF0YSI6eyJ1c3VfaWQiOjI1LCJ1c3VfZW1haWwiOiJqdWxpbzIzQGdtYWlsLmNvbSJ9fQ.JMAW3EKOQoR3CyebMrLg0hYKg2bvwHpLbManuiH7VNg', '2026-04-16 05:17:20', 0, NULL, '2026-04-15 23:17:20', NULL, NULL),
	(160, 34, 46, 'eyJ0eXAiOiJKV1QiLCJhbGciOiJIUzI1NiJ9.eyJpYXQiOjE3NzYzMTMxMDIsImV4cCI6MTc3NjMxNjcwMiwiZGF0YSI6eyJ1c3VfaWQiOjM0LCJ1c3VfZW1haWwiOiJzYW1fbW5yQGhvdG1haWwuY29tIn19.L7KGLQzSMFOKSdo6n_8Xl4KJiPaeQamldP_81h8sxjI', '2026-04-16 05:18:22', 1, NULL, '2026-04-15 23:18:22', NULL, NULL),
	(161, 34, 46, 'eyJ0eXAiOiJKV1QiLCJhbGciOiJIUzI1NiJ9.eyJpYXQiOjE3NzYzNTAwNzIsImV4cCI6MTc3NjM1MzY3MiwiZGF0YSI6eyJ1c3VfaWQiOjM0LCJ1c3VfZW1haWwiOiJzYW1fbW5yQGhvdG1haWwuY29tIn19.OGtkNk6P35OAfYwnsxooTzasP0w80Vfj0mvFDTcic48', '2026-04-16 15:34:32', 1, NULL, '2026-04-16 09:34:32', NULL, NULL),
	(162, 34, 46, 'eyJ0eXAiOiJKV1QiLCJhbGciOiJIUzI1NiJ9.eyJpYXQiOjE3NzYzNTAwNzMsImV4cCI6MTc3NjM1MzY3MywiZGF0YSI6eyJ1c3VfaWQiOjM0LCJ1c3VfZW1haWwiOiJzYW1fbW5yQGhvdG1haWwuY29tIn19.TfAv0D91K2JjvLk8S1D44h6rmU-xAF5ZsShrTg4a_3c', '2026-04-16 15:34:33', 0, NULL, '2026-04-16 09:34:33', NULL, NULL),
	(163, 25, 45, 'eyJ0eXAiOiJKV1QiLCJhbGciOiJIUzI1NiJ9.eyJpYXQiOjE3NzYzNTAzNjEsImV4cCI6MTc3NjM1Mzk2MSwiZGF0YSI6eyJ1c3VfaWQiOjI1LCJ1c3VfZW1haWwiOiJqdWxpbzIzQGdtYWlsLmNvbSJ9fQ.zrG4KYm5UTDamus55bQZJ5cWA3viRAErq9u7GQQdBr4', '2026-04-16 15:39:21', 0, NULL, '2026-04-16 09:39:21', NULL, NULL),
	(164, 34, 46, 'eyJ0eXAiOiJKV1QiLCJhbGciOiJIUzI1NiJ9.eyJpYXQiOjE3NzYzNTEwMDIsImV4cCI6MTc3NjM1NDYwMiwiZGF0YSI6eyJ1c3VfaWQiOjM0LCJ1c3VfZW1haWwiOiJzYW1fbW5yQGhvdG1haWwuY29tIn19.aDavlR54qrIcl-R4a3GSl3O4pKIPsLDBOFbiluGavnM', '2026-04-16 15:50:02', 0, NULL, '2026-04-16 09:50:02', NULL, NULL),
	(165, 25, 45, 'eyJ0eXAiOiJKV1QiLCJhbGciOiJIUzI1NiJ9.eyJpYXQiOjE3NzYzNTEzNTksImV4cCI6MTc3NjM1NDk1OSwiZGF0YSI6eyJ1c3VfaWQiOjI1LCJ1c3VfZW1haWwiOiJqdWxpbzIzQGdtYWlsLmNvbSJ9fQ.kDQF_OvsC3oYBBnPRr3dvYH5MtjfwP12D061gr-t_k4', '2026-04-16 15:55:59', 0, NULL, '2026-04-16 09:55:59', NULL, NULL),
	(166, 40, 52, 'eyJ0eXAiOiJKV1QiLCJhbGciOiJIUzI1NiJ9.eyJpYXQiOjE3NzYzNTE0MTUsImV4cCI6MTc3NjM1NTAxNSwiZGF0YSI6eyJ1c3VfaWQiOjQwLCJ1c3VfZW1haWwiOiJqb3JkeTIxQGdtYWlsLmNvbSJ9fQ.5I5kkByOgRBgHd9vLlF2BmHnujp9EUCp3XpoNm6ToM0', '2026-04-16 15:56:55', 0, NULL, '2026-04-16 09:56:55', NULL, NULL),
	(167, 25, 45, 'eyJ0eXAiOiJKV1QiLCJhbGciOiJIUzI1NiJ9.eyJpYXQiOjE3NzYzNTQ3OTgsImV4cCI6MTc3NjM1ODM5OCwiZGF0YSI6eyJ1c3VfaWQiOjI1LCJ1c3VfZW1haWwiOiJqdWxpbzIzQGdtYWlsLmNvbSJ9fQ.bHxb8-YQ6kXJQWXp6BeuP_Fhjw-tOzVKChEkMvslz3w', '2026-04-16 16:53:18', 0, NULL, '2026-04-16 10:53:18', NULL, NULL),
	(168, 34, 46, 'eyJ0eXAiOiJKV1QiLCJhbGciOiJIUzI1NiJ9.eyJpYXQiOjE3NzYzNTQ4NjksImV4cCI6MTc3NjM1ODQ2OSwiZGF0YSI6eyJ1c3VfaWQiOjM0LCJ1c3VfZW1haWwiOiJzYW1fbW5yQGhvdG1haWwuY29tIn19.XtDa-8KCaFV8DX5jAFnTiK9i6jBppEwDSSzzaAoTjas', '2026-04-16 16:54:29', 0, NULL, '2026-04-16 10:54:29', NULL, NULL),
	(169, 25, 45, 'eyJ0eXAiOiJKV1QiLCJhbGciOiJIUzI1NiJ9.eyJpYXQiOjE3NzYzNTQ5OTIsImV4cCI6MTc3NjM1ODU5MiwiZGF0YSI6eyJ1c3VfaWQiOjI1LCJ1c3VfZW1haWwiOiJqdWxpbzIzQGdtYWlsLmNvbSJ9fQ.F2op1Jo_TYYI1anzWhMC3aJGeNbeon8dsxYisTqLjiI', '2026-04-16 16:56:32', 1, NULL, '2026-04-16 10:56:32', NULL, NULL),
	(170, 25, 45, 'eyJ0eXAiOiJKV1QiLCJhbGciOiJIUzI1NiJ9.eyJpYXQiOjE3NzYzNTk1MzAsImV4cCI6MTc3NjM2MzEzMCwiZGF0YSI6eyJ1c3VfaWQiOjI1LCJ1c3VfZW1haWwiOiJqdWxpbzIzQGdtYWlsLmNvbSJ9fQ.lzuMEHmEeRMA33LfxfIvCRNowJf1T40Zki96J_CZ4iA', '2026-04-16 18:12:10', 1, NULL, '2026-04-16 12:12:10', NULL, NULL),
	(171, 25, 45, 'eyJ0eXAiOiJKV1QiLCJhbGciOiJIUzI1NiJ9.eyJpYXQiOjE3NzYzNzA1MjksImV4cCI6MTc3NjM3NDEyOSwiZGF0YSI6eyJ1c3VfaWQiOjI1LCJ1c3VfZW1haWwiOiJqdWxpbzIzQGdtYWlsLmNvbSJ9fQ.4kp0pqaOrmYcom75GqQO_ad7okxNCZom-JYll25tft0', '2026-04-16 21:15:29', 0, NULL, '2026-04-16 15:15:29', NULL, NULL),
	(172, 25, 45, 'eyJ0eXAiOiJKV1QiLCJhbGciOiJIUzI1NiJ9.eyJpYXQiOjE3NzYzOTU0MzgsImV4cCI6MTc3NjM5OTAzOCwiZGF0YSI6eyJ1c3VfaWQiOjI1LCJ1c3VfZW1haWwiOiJqdWxpbzIzQGdtYWlsLmNvbSJ9fQ.SV0q_PEDHW1UCM8jjgbIbqjWK8TBOWAvJCf3E8amMP4', '2026-04-17 04:10:38', 0, NULL, '2026-04-16 22:10:38', NULL, NULL),
	(173, 25, 45, 'eyJ0eXAiOiJKV1QiLCJhbGciOiJIUzI1NiJ9.eyJpYXQiOjE3NzYzOTgyNjIsImV4cCI6MTc3NjQwMTg2MiwiZGF0YSI6eyJ1c3VfaWQiOjI1LCJ1c3VfZW1haWwiOiJqdWxpbzIzQGdtYWlsLmNvbSJ9fQ.DkFAvyGis8VH_XurPWbHdI4akWEyzxnl0fsTX7283wg', '2026-04-17 04:57:42', 0, NULL, '2026-04-16 22:57:42', NULL, NULL),
	(174, 34, 46, 'eyJ0eXAiOiJKV1QiLCJhbGciOiJIUzI1NiJ9.eyJpYXQiOjE3NzY0MDA5MzIsImV4cCI6MTc3NjQwNDUzMiwiZGF0YSI6eyJ1c3VfaWQiOjM0LCJ1c3VfZW1haWwiOiJzYW1fbW5yQGhvdG1haWwuY29tIn19.c5qkT9ly4RtckJYNsq4sYmxR2FCsDiR7x5JNHPxFmaI', '2026-04-17 05:42:12', 0, NULL, '2026-04-16 23:42:12', NULL, NULL),
	(175, 25, 45, 'eyJ0eXAiOiJKV1QiLCJhbGciOiJIUzI1NiJ9.eyJpYXQiOjE3NzY0MDEyNjYsImV4cCI6MTc3NjQwNDg2NiwiZGF0YSI6eyJ1c3VfaWQiOjI1LCJ1c3VfZW1haWwiOiJqdWxpbzIzQGdtYWlsLmNvbSJ9fQ.QQFxu6EcsEpdr4PxdTi9IsLEiXtaGX0DOZ-jJ1uwT0g', '2026-04-17 05:47:46', 1, NULL, '2026-04-16 23:47:46', NULL, NULL),
	(176, 25, 45, 'eyJ0eXAiOiJKV1QiLCJhbGciOiJIUzI1NiJ9.eyJpYXQiOjE3NzY0NDI3ODAsImV4cCI6MTc3NjQ0NjM4MCwiZGF0YSI6eyJ1c3VfaWQiOjI1LCJ1c3VfZW1haWwiOiJqdWxpbzIzQGdtYWlsLmNvbSJ9fQ.DbjwcGlfFXz3HcL0V_baj2xiPfyy7i2-VSzG-6aD3aw', '2026-04-17 17:19:40', 0, NULL, '2026-04-17 11:19:40', NULL, NULL),
	(177, 25, 45, 'eyJ0eXAiOiJKV1QiLCJhbGciOiJIUzI1NiJ9.eyJpYXQiOjE3NzY0NDI3ODAsImV4cCI6MTc3NjQ0NjM4MCwiZGF0YSI6eyJ1c3VfaWQiOjI1LCJ1c3VfZW1haWwiOiJqdWxpbzIzQGdtYWlsLmNvbSJ9fQ.DbjwcGlfFXz3HcL0V_baj2xiPfyy7i2-VSzG-6aD3aw', '2026-04-17 17:19:40', 0, NULL, '2026-04-17 11:19:40', NULL, NULL),
	(178, 25, 45, 'eyJ0eXAiOiJKV1QiLCJhbGciOiJIUzI1NiJ9.eyJpYXQiOjE3NzY0NDQ5ODUsImV4cCI6MTc3NjQ0ODU4NSwiZGF0YSI6eyJ1c3VfaWQiOjI1LCJ1c3VfZW1haWwiOiJqdWxpbzIzQGdtYWlsLmNvbSJ9fQ.H6_D1Y9T3iydQ1j9kHlxpqqHJmYJIxhDPRSApeldCDM', '2026-04-17 17:56:25', 0, NULL, '2026-04-17 11:56:25', NULL, NULL),
	(179, 40, 52, 'eyJ0eXAiOiJKV1QiLCJhbGciOiJIUzI1NiJ9.eyJpYXQiOjE3NzY0NDUxNTAsImV4cCI6MTc3NjQ0ODc1MCwiZGF0YSI6eyJ1c3VfaWQiOjQwLCJ1c3VfZW1haWwiOiJqb3JkeTIxQGdtYWlsLmNvbSJ9fQ.eWRFyr-49ewHypCHE8P66qWcMgy-NFWXoWD21cH6G4w', '2026-04-17 17:59:10', 0, NULL, '2026-04-17 11:59:10', NULL, NULL),
	(180, 39, 51, 'eyJ0eXAiOiJKV1QiLCJhbGciOiJIUzI1NiJ9.eyJpYXQiOjE3NzY0NDYzMTgsImV4cCI6MTc3NjQ0OTkxOCwiZGF0YSI6eyJ1c3VfaWQiOjM5LCJ1c3VfZW1haWwiOiJkYWR5MTJAZ21haWwuY29tIn19.O_ow2V--5MS6tXFnK--aOAE42QyIq8seW0NU43iAnns', '2026-04-17 18:18:38', 0, NULL, '2026-04-17 12:18:38', NULL, NULL),
	(181, 25, 45, 'eyJ0eXAiOiJKV1QiLCJhbGciOiJIUzI1NiJ9.eyJpYXQiOjE3NzY0NDcwMTAsImV4cCI6MTc3NjQ1MDYxMCwiZGF0YSI6eyJ1c3VfaWQiOjI1LCJ1c3VfZW1haWwiOiJqdWxpbzIzQGdtYWlsLmNvbSJ9fQ.ECAzt3JIldS5JMHMTpiA0gA0Nee71NrFkbse5ZnNEAU', '2026-04-17 18:30:10', 0, NULL, '2026-04-17 12:30:10', NULL, NULL),
	(182, 39, 51, 'eyJ0eXAiOiJKV1QiLCJhbGciOiJIUzI1NiJ9.eyJpYXQiOjE3NzY0NDcxMDQsImV4cCI6MTc3NjQ1MDcwNCwiZGF0YSI6eyJ1c3VfaWQiOjM5LCJ1c3VfZW1haWwiOiJkYWR5MTJAZ21haWwuY29tIn19.VPTsGLNQACLH4HEy47ae5ixt-K1JFjjG7NLZjyjqSi0', '2026-04-17 18:31:44', 1, NULL, '2026-04-17 12:31:44', NULL, NULL),
	(183, 39, 51, 'eyJ0eXAiOiJKV1QiLCJhbGciOiJIUzI1NiJ9.eyJpYXQiOjE3NzY0NTE4MjAsImV4cCI6MTc3NjQ1NTQyMCwiZGF0YSI6eyJ1c3VfaWQiOjM5LCJ1c3VfZW1haWwiOiJkYWR5MTJAZ21haWwuY29tIn19.2GG-tWjlf7DM7FHExPbx9KZnsbpUDbE0m9ZzXEacKYE', '2026-04-17 19:50:20', 1, NULL, '2026-04-17 13:50:20', NULL, NULL),
	(184, 25, 45, 'eyJ0eXAiOiJKV1QiLCJhbGciOiJIUzI1NiJ9.eyJpYXQiOjE3NzY1NTk4NzUsImV4cCI6MTc3NjU2MzQ3NSwiZGF0YSI6eyJ1c3VfaWQiOjI1LCJ1c3VfZW1haWwiOiJqdWxpbzIzQGdtYWlsLmNvbSJ9fQ.9K6EwsrNRr1EPLwxFAE0DJkOdREcQDqWJydptg0V7sc', '2026-04-19 01:51:15', 0, NULL, '2026-04-18 19:51:15', NULL, NULL),
	(185, 39, 51, 'eyJ0eXAiOiJKV1QiLCJhbGciOiJIUzI1NiJ9.eyJpYXQiOjE3NzY1NjA2NDMsImV4cCI6MTc3NjU2NDI0MywiZGF0YSI6eyJ1c3VfaWQiOjM5LCJ1c3VfZW1haWwiOiJkYWR5MTJAZ21haWwuY29tIn19.2fvA2bd9F33dPlfMIeYiRw48KF_lDhkFLvdUfC2a-ms', '2026-04-19 02:04:03', 1, NULL, '2026-04-18 20:04:03', NULL, NULL),
	(186, 34, 46, 'eyJ0eXAiOiJKV1QiLCJhbGciOiJIUzI1NiJ9.eyJpYXQiOjE3NzY1Njc3OTIsImV4cCI6MTc3NjU3MTM5MiwiZGF0YSI6eyJ1c3VfaWQiOjM0LCJ1c3VfZW1haWwiOiJzYW1fbW5yQGhvdG1haWwuY29tIn19.B3x0qxNexcU10aYKwWOlkqDHD_pfqKba2dkFDcIDHDI', '2026-04-19 04:03:12', 0, NULL, '2026-04-18 22:03:12', NULL, NULL),
	(187, 1, 43, 'eyJ0eXAiOiJKV1QiLCJhbGciOiJIUzI1NiJ9.eyJpYXQiOjE3NzY1NjgyOTEsImV4cCI6MTc3NjU3MTg5MSwiZGF0YSI6eyJ1c3VfaWQiOjEsInVzdV9lbWFpbCI6Im51ZXZvQGVqZW1wbG8uY29tIn19.lLs2x3e0C_Djqr_5K8Uy4KHW-gJLe4_k4Q_B-kK8eqU', '2026-04-19 04:11:31', 0, NULL, '2026-04-18 22:11:31', NULL, NULL),
	(188, 1, 43, 'eyJ0eXAiOiJKV1QiLCJhbGciOiJIUzI1NiJ9.eyJpYXQiOjE3NzY1NjgzOTIsImV4cCI6MTc3NjU3MTk5MiwiZGF0YSI6eyJ1c3VfaWQiOjEsInVzdV9lbWFpbCI6Im51ZXZvQGVqZW1wbG8uY29tIn19.ZcUy2g35p_3zNMvWg8VOlmphSiRElNtWkyUWxgU4UDI', '2026-04-19 04:13:12', 0, NULL, '2026-04-18 22:13:12', NULL, NULL),
	(189, 39, 51, 'eyJ0eXAiOiJKV1QiLCJhbGciOiJIUzI1NiJ9.eyJpYXQiOjE3NzY1Njk0MDQsImV4cCI6MTc3NjU3MzAwNCwiZGF0YSI6eyJ1c3VfaWQiOjM5LCJ1c3VfZW1haWwiOiJkYWR5MTJAZ21haWwuY29tIn19.2cBv32pDInHxMKwtXdmHgz-aodoV8Gq_Pozri3xdpOo', '2026-04-19 04:30:04', 0, NULL, '2026-04-18 22:30:04', NULL, NULL),
	(190, 1, 43, 'eyJ0eXAiOiJKV1QiLCJhbGciOiJIUzI1NiJ9.eyJpYXQiOjE3NzY1NzAyNjEsImV4cCI6MTc3NjU3Mzg2MSwiZGF0YSI6eyJ1c3VfaWQiOjEsInVzdV9lbWFpbCI6Im51ZXZvQGVqZW1wbG8uY29tIn19.uvUfoeG_URo3v5eGGBb-Q8m_4x9OD3U3bO_tVKJ2liI', '2026-04-19 04:44:21', 1, NULL, '2026-04-18 22:44:21', NULL, NULL),
	(191, 25, 45, 'eyJ0eXAiOiJKV1QiLCJhbGciOiJIUzI1NiJ9.eyJpYXQiOjE3NzY3ODA3OTIsImV4cCI6MTc3Njc4NDM5MiwiZGF0YSI6eyJ1c3VfaWQiOjI1LCJ1c3VfZW1haWwiOiJqdWxpbzIzQGdtYWlsLmNvbSJ9fQ.TihBkdjvOnLYhYF3R3dsR1ukt6sT4PuLmqLyvy057dQ', '2026-04-21 15:13:12', 0, NULL, '2026-04-21 09:13:12', NULL, NULL),
	(192, 34, 46, 'eyJ0eXAiOiJKV1QiLCJhbGciOiJIUzI1NiJ9.eyJpYXQiOjE3NzY3ODM0MTEsImV4cCI6MTc3Njc4NzAxMSwiZGF0YSI6eyJ1c3VfaWQiOjM0LCJ1c3VfZW1haWwiOiJzYW1fbW5yQGhvdG1haWwuY29tIn19.3rp0l8XCrB-4b1bJB5tWkYtlTIFtq-VmmX3hX1ha9-c', '2026-04-21 15:56:51', 0, NULL, '2026-04-21 09:56:51', NULL, NULL),
	(193, 34, 46, 'eyJ0eXAiOiJKV1QiLCJhbGciOiJIUzI1NiJ9.eyJpYXQiOjE3NzY3ODQyMTksImV4cCI6MTc3Njc4NzgxOSwiZGF0YSI6eyJ1c3VfaWQiOjM0LCJ1c3VfZW1haWwiOiJzYW1fbW5yQGhvdG1haWwuY29tIn19.hxjOQlkMXa8emWDc2P8DFYCHTrBEE4cHfFWFqXK9dW0', '2026-04-21 16:10:19', 1, NULL, '2026-04-21 10:10:19', NULL, NULL),
	(194, 25, 45, 'eyJ0eXAiOiJKV1QiLCJhbGciOiJIUzI1NiJ9.eyJpYXQiOjE3NzY3ODk0NzYsImV4cCI6MTc3Njc5MzA3NiwiZGF0YSI6eyJ1c3VfaWQiOjI1LCJ1c3VfZW1haWwiOiJqdWxpbzIzQGdtYWlsLmNvbSJ9fQ.6uc-iEwGWksHrpiqK-uAFF2RybdONJk0wR2qurBb89Q', '2026-04-21 17:37:56', 1, NULL, '2026-04-21 11:37:56', NULL, NULL),
	(195, 34, 46, 'eyJ0eXAiOiJKV1QiLCJhbGciOiJIUzI1NiJ9.eyJpYXQiOjE3NzY4MDE0NTIsImV4cCI6MTc3NjgwNTA1MiwiZGF0YSI6eyJ1c3VfaWQiOjM0LCJ1c3VfZW1haWwiOiJzYW1fbW5yQGhvdG1haWwuY29tIn19.eVBobp6d9QHy7fseaHW5fFHGoUZPU-2k3XX6JYN8N7c', '2026-04-21 20:57:32', 0, NULL, '2026-04-21 14:57:32', NULL, NULL),
	(196, 1, 43, 'eyJ0eXAiOiJKV1QiLCJhbGciOiJIUzI1NiJ9.eyJpYXQiOjE3NzY4MDE4NTAsImV4cCI6MTc3NjgwNTQ1MCwiZGF0YSI6eyJ1c3VfaWQiOjEsInVzdV9lbWFpbCI6Im51ZXZvQGVqZW1wbG8uY29tIn19.eTNjtXRtdYDfcuvUSRxsOFG3NFwNs48rvQdBU2GslPg', '2026-04-21 21:04:10', 0, NULL, '2026-04-21 15:04:10', NULL, NULL),
	(197, 25, 45, 'eyJ0eXAiOiJKV1QiLCJhbGciOiJIUzI1NiJ9.eyJpYXQiOjE3NzY4MDI0NzMsImV4cCI6MTc3NjgwNjA3MywiZGF0YSI6eyJ1c3VfaWQiOjI1LCJ1c3VfZW1haWwiOiJqdWxpbzIzQGdtYWlsLmNvbSJ9fQ.vs8oYfwFpCUrJWjQsiggl2xKlorZhlGAPWpjBdKtrUA', '2026-04-21 21:14:33', 0, NULL, '2026-04-21 15:14:33', NULL, NULL),
	(198, 1, 43, 'eyJ0eXAiOiJKV1QiLCJhbGciOiJIUzI1NiJ9.eyJpYXQiOjE3NzY4MDI2MTksImV4cCI6MTc3NjgwNjIxOSwiZGF0YSI6eyJ1c3VfaWQiOjEsInVzdV9lbWFpbCI6Im51ZXZvQGVqZW1wbG8uY29tIn19.x0UR4Q2IUTUMvmcTd2XMGObUKnZ6jVEce1abKfbFIeA', '2026-04-21 21:16:59', 0, NULL, '2026-04-21 15:16:59', NULL, NULL),
	(199, 1, 43, 'eyJ0eXAiOiJKV1QiLCJhbGciOiJIUzI1NiJ9.eyJpYXQiOjE3NzY4MDM2NTksImV4cCI6MTc3NjgwNzI1OSwiZGF0YSI6eyJ1c3VfaWQiOjEsInVzdV9lbWFpbCI6Im51ZXZvQGVqZW1wbG8uY29tIn19.FGxon6kc-7OjvPNhEJayvxlg_2cs-5CamW30HYuS2Wg', '2026-04-21 21:34:19', 0, NULL, '2026-04-21 15:34:19', NULL, NULL),
	(200, 25, 45, 'eyJ0eXAiOiJKV1QiLCJhbGciOiJIUzI1NiJ9.eyJpYXQiOjE3NzY4MDM3OTEsImV4cCI6MTc3NjgwNzM5MSwiZGF0YSI6eyJ1c3VfaWQiOjI1LCJ1c3VfZW1haWwiOiJqdWxpbzIzQGdtYWlsLmNvbSJ9fQ.4N06u1C0eIdw_aHcE4GUYta4bLgOlqt131n0keM6ROU', '2026-04-21 21:36:31', 0, NULL, '2026-04-21 15:36:31', NULL, NULL),
	(201, 25, 45, 'eyJ0eXAiOiJKV1QiLCJhbGciOiJIUzI1NiJ9.eyJpYXQiOjE3NzY4MDQ0NTAsImV4cCI6MTc3NjgwODA1MCwiZGF0YSI6eyJ1c3VfaWQiOjI1LCJ1c3VfZW1haWwiOiJqdWxpbzIzQGdtYWlsLmNvbSJ9fQ._IzR6JXQg0jHPahLMFv7C6vWfCcSdb-I65-mKcVNruA', '2026-04-21 21:47:30', 0, NULL, '2026-04-21 15:47:30', NULL, NULL),
	(202, 1, 43, 'eyJ0eXAiOiJKV1QiLCJhbGciOiJIUzI1NiJ9.eyJpYXQiOjE3NzY4MDQ0NjgsImV4cCI6MTc3NjgwODA2OCwiZGF0YSI6eyJ1c3VfaWQiOjEsInVzdV9lbWFpbCI6Im51ZXZvQGVqZW1wbG8uY29tIn19.6eP8JIBFojCniZbcOuylefpfImjXfVGArMf6Y4mDCuE', '2026-04-21 21:47:48', 0, NULL, '2026-04-21 15:47:48', NULL, NULL),
	(203, 39, 51, 'eyJ0eXAiOiJKV1QiLCJhbGciOiJIUzI1NiJ9.eyJpYXQiOjE3NzY4MDUwNzYsImV4cCI6MTc3NjgwODY3NiwiZGF0YSI6eyJ1c3VfaWQiOjM5LCJ1c3VfZW1haWwiOiJkYWR5MTJAZ21haWwuY29tIn19.UqaL0oik6zDJKiHHd_JZL3hzJmky3LjDnOrdLjXSfU4', '2026-04-21 21:57:56', 0, NULL, '2026-04-21 15:57:56', NULL, NULL),
	(204, 37, 49, 'eyJ0eXAiOiJKV1QiLCJhbGciOiJIUzI1NiJ9.eyJpYXQiOjE3NzY4MDUxOTksImV4cCI6MTc3NjgwODc5OSwiZGF0YSI6eyJ1c3VfaWQiOjM3LCJ1c3VfZW1haWwiOiJkYWRhMTJAZ21haWwuY29tIn19.vqdtbKEHlsLQcox06Pp2LrwWYCsfurF8j_DQwVs5zu0', '2026-04-21 21:59:59', 0, NULL, '2026-04-21 15:59:59', NULL, NULL),
	(205, 39, 51, 'eyJ0eXAiOiJKV1QiLCJhbGciOiJIUzI1NiJ9.eyJpYXQiOjE3NzY4MDUyNjYsImV4cCI6MTc3NjgwODg2NiwiZGF0YSI6eyJ1c3VfaWQiOjM5LCJ1c3VfZW1haWwiOiJkYWR5MTJAZ21haWwuY29tIn19.MSb8F62WIDZg5pcGLEoJ6Rmgf_zRbQXI2kVbnxjgUZU', '2026-04-21 22:01:06', 1, NULL, '2026-04-21 16:01:06', NULL, NULL),
	(206, 25, 45, 'eyJ0eXAiOiJKV1QiLCJhbGciOiJIUzI1NiJ9.eyJpYXQiOjE3NzY4MTcxOTMsImV4cCI6MTc3NjgyMDc5MywiZGF0YSI6eyJ1c3VfaWQiOjI1LCJ1c3VfZW1haWwiOiJqdWxpbzIzQGdtYWlsLmNvbSJ9fQ.I6C6sErqjU-gh55Dy5Ew4M1yM4_EPiXIolVW6PdBHW0', '2026-04-22 01:19:53', 0, NULL, '2026-04-21 19:19:53', NULL, NULL),
	(207, 1, 43, 'eyJ0eXAiOiJKV1QiLCJhbGciOiJIUzI1NiJ9.eyJpYXQiOjE3NzY4MTgyMjAsImV4cCI6MTc3NjgyMTgyMCwiZGF0YSI6eyJ1c3VfaWQiOjEsInVzdV9lbWFpbCI6Im51ZXZvQGVqZW1wbG8uY29tIn19.PHd2uHLRrGHA2pxLOKFg5ud_IX9c6guN3fbHLYOvy1g', '2026-04-22 01:37:00', 0, NULL, '2026-04-21 19:37:00', NULL, NULL),
	(208, 37, 49, 'eyJ0eXAiOiJKV1QiLCJhbGciOiJIUzI1NiJ9.eyJpYXQiOjE3NzY4MTg1MTcsImV4cCI6MTc3NjgyMjExNywiZGF0YSI6eyJ1c3VfaWQiOjM3LCJ1c3VfZW1haWwiOiJkYWRhMTJAZ21haWwuY29tIn19.yDxMnhytZdt8JszheVZxRitTFpmQjO9FpnmyMLB738w', '2026-04-22 01:41:57', 0, NULL, '2026-04-21 19:41:57', NULL, NULL),
	(209, 1, 43, 'eyJ0eXAiOiJKV1QiLCJhbGciOiJIUzI1NiJ9.eyJpYXQiOjE3NzY4MTg1ODcsImV4cCI6MTc3NjgyMjE4NywiZGF0YSI6eyJ1c3VfaWQiOjEsInVzdV9lbWFpbCI6Im51ZXZvQGVqZW1wbG8uY29tIn19.D8WTCoJvjEsAu1jtox19cXkybggRXOxCAVJ1O9IbvUY', '2026-04-22 01:43:07', 0, NULL, '2026-04-21 19:43:07', NULL, NULL),
	(210, 37, 49, 'eyJ0eXAiOiJKV1QiLCJhbGciOiJIUzI1NiJ9.eyJpYXQiOjE3NzY4MTg2NDksImV4cCI6MTc3NjgyMjI0OSwiZGF0YSI6eyJ1c3VfaWQiOjM3LCJ1c3VfZW1haWwiOiJkYWRhMTJAZ21haWwuY29tIn19.OtBKsRrpJK-gMrmQ4NYHjGUN4h4itkwxXUziuFnCurk', '2026-04-22 01:44:09', 0, NULL, '2026-04-21 19:44:09', NULL, NULL),
	(211, 1, 43, 'eyJ0eXAiOiJKV1QiLCJhbGciOiJIUzI1NiJ9.eyJpYXQiOjE3NzY4MTg2ODIsImV4cCI6MTc3NjgyMjI4MiwiZGF0YSI6eyJ1c3VfaWQiOjEsInVzdV9lbWFpbCI6Im51ZXZvQGVqZW1wbG8uY29tIn19.pgE4XV09N1N2mF9ycBOIQb84wq8ay_O7YnhOh-d0B2Y', '2026-04-22 01:44:42', 1, NULL, '2026-04-21 19:44:42', NULL, NULL),
	(212, 39, 51, 'eyJ0eXAiOiJKV1QiLCJhbGciOiJIUzI1NiJ9.eyJpYXQiOjE3NzY4MjI2ODQsImV4cCI6MTc3NjgyNjI4NCwiZGF0YSI6eyJ1c3VfaWQiOjM5LCJ1c3VfZW1haWwiOiJkYWR5MTJAZ21haWwuY29tIn19.4TQnLZn8Hp2gMJ4hbIP6STRb5k4FqECqxyW57u75JYg', '2026-04-22 02:51:24', 1, NULL, '2026-04-21 20:51:24', NULL, NULL),
	(213, 25, 53, 'eyJ0eXAiOiJKV1QiLCJhbGciOiJIUzI1NiJ9.eyJpYXQiOjE3NzY4NzExMjAsImV4cCI6MTc3Njg3NDcyMCwiZGF0YSI6eyJ1c3VfaWQiOjI1LCJ1c3VfZW1haWwiOiJqdWxpbzIzQGdtYWlsLmNvbSJ9fQ.jbQwxttm9gKXzgmaTjdMDgUUAscokOVgHUw5Zrys2f4', '2026-04-22 16:18:40', 0, NULL, '2026-04-22 10:18:40', NULL, NULL),
	(214, 37, 54, 'eyJ0eXAiOiJKV1QiLCJhbGciOiJIUzI1NiJ9.eyJpYXQiOjE3NzY4NzExNzUsImV4cCI6MTc3Njg3NDc3NSwiZGF0YSI6eyJ1c3VfaWQiOjM3LCJ1c3VfZW1haWwiOiJkYWRhMTJAZ21haWwuY29tIn19.sjA-ZuwNI9VVmyZoVfJwmxBcvDGVLakSp_rl_8eOrCY', '2026-04-22 16:19:35', 0, NULL, '2026-04-22 10:19:35', NULL, NULL),
	(215, 1, 55, 'eyJ0eXAiOiJKV1QiLCJhbGciOiJIUzI1NiJ9.eyJpYXQiOjE3NzY4NzEyMjQsImV4cCI6MTc3Njg3NDgyNCwiZGF0YSI6eyJ1c3VfaWQiOjEsInVzdV9lbWFpbCI6Im51ZXZvQGVqZW1wbG8uY29tIn19.ZHpN_FDQIjy_3J2fNNe8vy3FOe47IH20tiFeRWeEKoA', '2026-04-22 16:20:24', 0, NULL, '2026-04-22 10:20:24', NULL, NULL),
	(216, 1, 55, 'eyJ0eXAiOiJKV1QiLCJhbGciOiJIUzI1NiJ9.eyJpYXQiOjE3NzY4NzE5MDMsImV4cCI6MTc3Njg3NTUwMywiZGF0YSI6eyJ1c3VfaWQiOjEsInVzdV9lbWFpbCI6Im51ZXZvQGVqZW1wbG8uY29tIn19.duddZaLUd_AYmZx92kWLm2B9gJHqTUThko_i-gXc3v8', '2026-04-22 16:31:43', 0, NULL, '2026-04-22 10:31:43', NULL, NULL),
	(217, 25, 53, 'eyJ0eXAiOiJKV1QiLCJhbGciOiJIUzI1NiJ9.eyJpYXQiOjE3NzY4NzMxMzMsImV4cCI6MTc3Njg3NjczMywiZGF0YSI6eyJ1c3VfaWQiOjI1LCJ1c3VfZW1haWwiOiJqdWxpbzIzQGdtYWlsLmNvbSJ9fQ.liZblJfDMWV8Zxhx_E6IMgiCwXC4O-AZdhYXUn-k-VM', '2026-04-22 16:52:13', 0, NULL, '2026-04-22 10:52:13', NULL, NULL),
	(218, 1, 55, 'eyJ0eXAiOiJKV1QiLCJhbGciOiJIUzI1NiJ9.eyJpYXQiOjE3NzY4NzMxODMsImV4cCI6MTc3Njg3Njc4MywiZGF0YSI6eyJ1c3VfaWQiOjEsInVzdV9lbWFpbCI6Im51ZXZvQGVqZW1wbG8uY29tIn19.vebdxWQgAPr_BmQvytoNkWllywnDy412_jIt6cNDVnk', '2026-04-22 16:53:03', 0, NULL, '2026-04-22 10:53:03', NULL, NULL),
	(219, 25, 53, 'eyJ0eXAiOiJKV1QiLCJhbGciOiJIUzI1NiJ9.eyJpYXQiOjE3NzY4NzMyNDAsImV4cCI6MTc3Njg3Njg0MCwiZGF0YSI6eyJ1c3VfaWQiOjI1LCJ1c3VfZW1haWwiOiJqdWxpbzIzQGdtYWlsLmNvbSJ9fQ.tysmARkHB9YRHELyXCmY4bk6ou_Je2rPS9JumcBvCPo', '2026-04-22 16:54:00', 0, NULL, '2026-04-22 10:54:00', NULL, NULL),
	(220, 1, 55, 'eyJ0eXAiOiJKV1QiLCJhbGciOiJIUzI1NiJ9.eyJpYXQiOjE3NzY4NzQyNDUsImV4cCI6MTc3Njg3Nzg0NSwiZGF0YSI6eyJ1c3VfaWQiOjEsInVzdV9lbWFpbCI6Im51ZXZvQGVqZW1wbG8uY29tIn19.-0D6BRiRElw-0Z1Lbcw7T7LMg6NlaxMMOmQxyAHEgTY', '2026-04-22 17:10:45', 0, NULL, '2026-04-22 11:10:45', NULL, NULL),
	(221, 1, 55, 'eyJ0eXAiOiJKV1QiLCJhbGciOiJIUzI1NiJ9.eyJpYXQiOjE3NzY4NzQ5MTEsImV4cCI6MTc3Njg3ODUxMSwiZGF0YSI6eyJ1c3VfaWQiOjEsInVzdV9lbWFpbCI6Im51ZXZvQGVqZW1wbG8uY29tIn19.7Jaf1QX01Apzqme8t7sJW_vFcxwlGmoiBBWmtiFwppY', '2026-04-22 17:21:51', 0, NULL, '2026-04-22 11:21:51', NULL, NULL),
	(222, 25, 53, 'eyJ0eXAiOiJKV1QiLCJhbGciOiJIUzI1NiJ9.eyJpYXQiOjE3NzY4NzU1ODgsImV4cCI6MTc3Njg3OTE4OCwiZGF0YSI6eyJ1c3VfaWQiOjI1LCJ1c3VfZW1haWwiOiJqdWxpbzIzQGdtYWlsLmNvbSJ9fQ.QCN7EIMSUpWcupJ01ltkb5qy90gDLUS_oIANeC05WcE', '2026-04-22 17:33:08', 0, NULL, '2026-04-22 11:33:08', NULL, NULL),
	(223, 39, 56, 'eyJ0eXAiOiJKV1QiLCJhbGciOiJIUzI1NiJ9.eyJpYXQiOjE3NzY4NzY1OTAsImV4cCI6MTc3Njg4MDE5MCwiZGF0YSI6eyJ1c3VfaWQiOjM5LCJ1c3VfZW1haWwiOiJkYWR5MTJAZ21haWwuY29tIn19.cY-Q9dkg9MOjApMTUjDEwSu0U2bfrhx7ueJzG-Q6SjM', '2026-04-22 17:49:50', 0, NULL, '2026-04-22 11:49:50', NULL, NULL),
	(224, 34, 57, 'eyJ0eXAiOiJKV1QiLCJhbGciOiJIUzI1NiJ9.eyJpYXQiOjE3NzY4NzY3NTksImV4cCI6MTc3Njg4MDM1OSwiZGF0YSI6eyJ1c3VfaWQiOjM0LCJ1c3VfZW1haWwiOiJzYW1fbW5yQGhvdG1haWwuY29tIn19.9AH-VQT_Nk-MAUbJFXyKqmMa4T8DOdplpA-c18eQWeY', '2026-04-22 17:52:39', 0, NULL, '2026-04-22 11:52:39', NULL, NULL),
	(225, 40, 58, 'eyJ0eXAiOiJKV1QiLCJhbGciOiJIUzI1NiJ9.eyJpYXQiOjE3NzY4NzcxNzEsImV4cCI6MTc3Njg4MDc3MSwiZGF0YSI6eyJ1c3VfaWQiOjQwLCJ1c3VfZW1haWwiOiJqb3JkeTIxQGdtYWlsLmNvbSJ9fQ.ZeEF0ogkr9RmTvpb9K2SmcwZ9_p82EKY8Ct01-2Y9M4', '2026-04-22 17:59:31', 1, NULL, '2026-04-22 11:59:31', NULL, NULL),
	(226, 1, 55, 'eyJ0eXAiOiJKV1QiLCJhbGciOiJIUzI1NiJ9.eyJpYXQiOjE3NzY4Nzc3MzUsImV4cCI6MTc3Njg4MTMzNSwiZGF0YSI6eyJ1c3VfaWQiOjEsInVzdV9lbWFpbCI6Im51ZXZvQGVqZW1wbG8uY29tIn19.Ab02SCgdznQLOdsu9SGOkQ2Sm3jfpJVO69DLpaG9Luo', '2026-04-22 18:08:55', 0, NULL, '2026-04-22 12:08:55', NULL, NULL),
	(227, 34, 59, 'eyJ0eXAiOiJKV1QiLCJhbGciOiJIUzI1NiJ9.eyJpYXQiOjE3NzY4Nzc3NzQsImV4cCI6MTc3Njg4MTM3NCwiZGF0YSI6eyJ1c3VfaWQiOjM0LCJ1c3VfZW1haWwiOiJzYW1fbW5yQGhvdG1haWwuY29tIn19.d610rlen7hT4vXXuzpzqgDhTu1avcBWv4BZ7uqvW8k8', '2026-04-22 18:09:34', 0, NULL, '2026-04-22 12:09:34', NULL, NULL),
	(228, 34, 59, 'eyJ0eXAiOiJKV1QiLCJhbGciOiJIUzI1NiJ9.eyJpYXQiOjE3NzY4Nzg0MzQsImV4cCI6MTc3Njg4MjAzNCwiZGF0YSI6eyJ1c3VfaWQiOjM0LCJ1c3VfZW1haWwiOiJzYW1fbW5yQGhvdG1haWwuY29tIn19.G90jrKaq4RVeQMXK0lOKW7Yo-kHLgG_lSIvQymWWu0s', '2026-04-22 18:20:34', 1, NULL, '2026-04-22 12:20:34', NULL, NULL),
	(229, 36, 60, 'eyJ0eXAiOiJKV1QiLCJhbGciOiJIUzI1NiJ9.eyJpYXQiOjE3NzY4ODU4NDIsImV4cCI6MTc3Njg4OTQ0MiwiZGF0YSI6eyJ1c3VfaWQiOjM2LCJ1c3VfZW1haWwiOiJtZWppYTMxQGdtYWlsLmNvbSJ9fQ.RA-VHdPG3ZpIQVEJgKe0VXuvqm6p9W8U8GFVkGuHmHs', '2026-04-22 20:24:02', 0, NULL, '2026-04-22 14:24:02', NULL, NULL),
	(230, 40, 58, 'eyJ0eXAiOiJKV1QiLCJhbGciOiJIUzI1NiJ9.eyJpYXQiOjE3NzY4ODU4NzIsImV4cCI6MTc3Njg4OTQ3MiwiZGF0YSI6eyJ1c3VfaWQiOjQwLCJ1c3VfZW1haWwiOiJqb3JkeTIxQGdtYWlsLmNvbSJ9fQ.qZkFQit2srPzGvGQDJH33-bxbKTMpc2wjIOIaHLhpl0', '2026-04-22 20:24:32', 0, NULL, '2026-04-22 14:24:32', NULL, NULL),
	(231, 35, 61, 'eyJ0eXAiOiJKV1QiLCJhbGciOiJIUzI1NiJ9.eyJpYXQiOjE3NzY4ODYzMjAsImV4cCI6MTc3Njg4OTkyMCwiZGF0YSI6eyJ1c3VfaWQiOjM1LCJ1c3VfZW1haWwiOiJqb3Nlc2l0bzEyQGdtYWlsLmNvbSJ9fQ.teJLv0Qxrz2LjvuDTRmKI5Z3mGC4xkyVSunbwxllexQ', '2026-04-22 20:32:00', 0, NULL, '2026-04-22 14:32:00', NULL, NULL),
	(232, 32, 62, 'eyJ0eXAiOiJKV1QiLCJhbGciOiJIUzI1NiJ9.eyJpYXQiOjE3NzY4ODc2ODIsImV4cCI6MTc3Njg5MTI4MiwiZGF0YSI6eyJ1c3VfaWQiOjMyLCJ1c3VfZW1haWwiOiJtdXJpYTEyQGdtYWlsLmNvbSJ9fQ.e5FXomR-QIAuZdKwIWiwyUxZ5iwAeTWoc0jOwz18tx4', '2026-04-22 20:54:42', 0, NULL, '2026-04-22 14:54:42', NULL, NULL),
	(233, 35, 63, 'eyJ0eXAiOiJKV1QiLCJhbGciOiJIUzI1NiJ9.eyJpYXQiOjE3NzY4ODgwNTAsImV4cCI6MTc3Njg5MTY1MCwiZGF0YSI6eyJ1c3VfaWQiOjM1LCJ1c3VfZW1haWwiOiJqb3Nlc2l0bzEyQGdtYWlsLmNvbSJ9fQ.mgO4yW24ZAtEAdRWHv9-RwNJtGiaZ4lT2IpAm9KKoRU', '2026-04-22 21:00:50', 0, NULL, '2026-04-22 15:00:50', NULL, NULL),
	(234, 37, 54, 'eyJ0eXAiOiJKV1QiLCJhbGciOiJIUzI1NiJ9.eyJpYXQiOjE3NzY4ODg3NTgsImV4cCI6MTc3Njg5MjM1OCwiZGF0YSI6eyJ1c3VfaWQiOjM3LCJ1c3VfZW1haWwiOiJkYWRhMTJAZ21haWwuY29tIn19.AkYvrxCjkWfq8fbc3L79s0oDF_KCdKfoSbzCAqRX_YA', '2026-04-22 21:12:38', 0, NULL, '2026-04-22 15:12:38', NULL, NULL),
	(235, 37, 54, 'eyJ0eXAiOiJKV1QiLCJhbGciOiJIUzI1NiJ9.eyJpYXQiOjE3NzY4ODkwNDIsImV4cCI6MTc3Njg5MjY0MiwiZGF0YSI6eyJ1c3VfaWQiOjM3LCJ1c3VfZW1haWwiOiJkYWRhMTJAZ21haWwuY29tIn19.4fn9pwcXZF2cy8qegZeYHve3X0wY7yc3JCaW0yQWYHc', '2026-04-22 21:17:22', 0, NULL, '2026-04-22 15:17:22', NULL, NULL),
	(236, 32, 62, 'eyJ0eXAiOiJKV1QiLCJhbGciOiJIUzI1NiJ9.eyJpYXQiOjE3NzY4ODkxMDgsImV4cCI6MTc3Njg5MjcwOCwiZGF0YSI6eyJ1c3VfaWQiOjMyLCJ1c3VfZW1haWwiOiJtdXJpYTEyQGdtYWlsLmNvbSJ9fQ.Dxar3xA98Xj5DSj68XTTYQBq5TyfWoI6V2BrazAwEq8', '2026-04-22 21:18:28', 0, NULL, '2026-04-22 15:18:28', NULL, NULL),
	(237, 1, 55, 'eyJ0eXAiOiJKV1QiLCJhbGciOiJIUzI1NiJ9.eyJpYXQiOjE3NzY4ODk0MTAsImV4cCI6MTc3Njg5MzAxMCwiZGF0YSI6eyJ1c3VfaWQiOjEsInVzdV9lbWFpbCI6Im51ZXZvQGVqZW1wbG8uY29tIn19.Hc8eZfpWvVDkNNYEtHxXHLPCrgTUXz9RDgDG6uwmGWw', '2026-04-22 21:23:30', 0, NULL, '2026-04-22 15:23:30', NULL, NULL),
	(238, 25, 64, 'eyJ0eXAiOiJKV1QiLCJhbGciOiJIUzI1NiJ9.eyJpYXQiOjE3NzY4ODk3NzksImV4cCI6MTc3Njg5MzM3OSwiZGF0YSI6eyJ1c3VfaWQiOjI1LCJ1c3VfZW1haWwiOiJqdWxpbzIzQGdtYWlsLmNvbSJ9fQ.EUY80MR1s96euXfZkwWbVoV03FqZJnU24-uBpsNPnPw', '2026-04-22 21:29:39', 0, NULL, '2026-04-22 15:29:39', NULL, NULL),
	(239, 34, 59, 'eyJ0eXAiOiJKV1QiLCJhbGciOiJIUzI1NiJ9.eyJpYXQiOjE3NzY4ODk5MzEsImV4cCI6MTc3Njg5MzUzMSwiZGF0YSI6eyJ1c3VfaWQiOjM0LCJ1c3VfZW1haWwiOiJzYW1fbW5yQGhvdG1haWwuY29tIn19.dr3VguExMvZgetI2aC8ybxb3Ww7xxSnjeGDozsPFQ2Y', '2026-04-22 21:32:11', 0, NULL, '2026-04-22 15:32:11', NULL, NULL),
	(240, 40, 58, 'eyJ0eXAiOiJKV1QiLCJhbGciOiJIUzI1NiJ9.eyJpYXQiOjE3NzY4ODk5ODIsImV4cCI6MTc3Njg5MzU4MiwiZGF0YSI6eyJ1c3VfaWQiOjQwLCJ1c3VfZW1haWwiOiJqb3JkeTIxQGdtYWlsLmNvbSJ9fQ.qMPwYl6V17V5pqeAONRNs3ZpkvAHV-IzfuKt7x9bMVU', '2026-04-22 21:33:02', 0, NULL, '2026-04-22 15:33:02', NULL, NULL),
	(241, 31, 65, 'eyJ0eXAiOiJKV1QiLCJhbGciOiJIUzI1NiJ9.eyJpYXQiOjE3NzY4OTA0MDMsImV4cCI6MTc3Njg5NDAwMywiZGF0YSI6eyJ1c3VfaWQiOjMxLCJ1c3VfZW1haWwiOiJnZWdlcmRkZEBlamVtcGxvLmNvbSJ9fQ.pmriksh1Ox_0p4ERv8c414kkvu2sNJ1iBW_pj9LhXfM', '2026-04-22 21:40:03', 0, NULL, '2026-04-22 15:40:03', NULL, NULL),
	(242, 33, 66, 'eyJ0eXAiOiJKV1QiLCJhbGciOiJIUzI1NiJ9.eyJpYXQiOjE3NzY4OTA3MjMsImV4cCI6MTc3Njg5NDMyMywiZGF0YSI6eyJ1c3VfaWQiOjMzLCJ1c3VfZW1haWwiOiJqYXZpZXI0NUBnbWFpbC5jb20ifX0.s4nX3rkcfSu8v7dz621FJ4pms38ECRoVPD4fTknUwZ0', '2026-04-22 21:45:23', 0, NULL, '2026-04-22 15:45:23', NULL, NULL),
	(243, 36, 60, 'eyJ0eXAiOiJKV1QiLCJhbGciOiJIUzI1NiJ9.eyJpYXQiOjE3NzY4OTEyMTksImV4cCI6MTc3Njg5NDgxOSwiZGF0YSI6eyJ1c3VfaWQiOjM2LCJ1c3VfZW1haWwiOiJtZWppYTMxQGdtYWlsLmNvbSJ9fQ.O0AhVvZStAsmPHF1fnSJpatPxe3mm86LlA81xHaVyoE', '2026-04-22 21:53:39', 0, NULL, '2026-04-22 15:53:39', NULL, NULL),
	(244, 5, 67, 'eyJ0eXAiOiJKV1QiLCJhbGciOiJIUzI1NiJ9.eyJpYXQiOjE3NzY4OTE1NTEsImV4cCI6MTc3Njg5NTE1MSwiZGF0YSI6eyJ1c3VfaWQiOjUsInVzdV9lbWFpbCI6InRlc3Q0QGdtYWlsLmNvbSJ9fQ.iH--rXy1TTHzvinTC34m-sfMCJb-mF9Rxh_1EYMhfU0', '2026-04-22 21:59:11', 0, NULL, '2026-04-22 15:59:11', NULL, NULL),
	(245, 25, 64, 'eyJ0eXAiOiJKV1QiLCJhbGciOiJIUzI1NiJ9.eyJpYXQiOjE3NzY4OTI0MzMsImV4cCI6MTc3Njg5NjAzMywiZGF0YSI6eyJ1c3VfaWQiOjI1LCJ1c3VfZW1haWwiOiJqdWxpbzIzQGdtYWlsLmNvbSJ9fQ.2DJhrrax7ci5V8qZacIf3uhxgZcEr1eko7Xmqw2dXWw', '2026-04-22 22:13:53', 0, NULL, '2026-04-22 16:13:53', NULL, NULL),
	(246, 40, 58, 'eyJ0eXAiOiJKV1QiLCJhbGciOiJIUzI1NiJ9.eyJpYXQiOjE3NzY4OTI0NjQsImV4cCI6MTc3Njg5NjA2NCwiZGF0YSI6eyJ1c3VfaWQiOjQwLCJ1c3VfZW1haWwiOiJqb3JkeTIxQGdtYWlsLmNvbSJ9fQ.jy0CWTpWpPly3Ew0GPqJH1meRhWQCAmmc6z97bQ075k', '2026-04-22 22:14:24', 0, NULL, '2026-04-22 16:14:24', NULL, NULL),
	(247, 25, 64, 'eyJ0eXAiOiJKV1QiLCJhbGciOiJIUzI1NiJ9.eyJpYXQiOjE3NzY4OTI2OTEsImV4cCI6MTc3Njg5NjI5MSwiZGF0YSI6eyJ1c3VfaWQiOjI1LCJ1c3VfZW1haWwiOiJqdWxpbzIzQGdtYWlsLmNvbSJ9fQ.7ZvURwGKXuN96xBsFPiRNRfBju7rmnbq9krwOqguA2w', '2026-04-22 22:18:11', 0, NULL, '2026-04-22 16:18:11', NULL, NULL),
	(248, 39, 68, 'eyJ0eXAiOiJKV1QiLCJhbGciOiJIUzI1NiJ9.eyJpYXQiOjE3NzY4OTI5MjAsImV4cCI6MTc3Njg5NjUyMCwiZGF0YSI6eyJ1c3VfaWQiOjM5LCJ1c3VfZW1haWwiOiJkYWR5MTJAZ21haWwuY29tIn19.WFxjOVKduJbRbZEpz4MIfCgbgO283jGrhAvcbpVFhK0', '2026-04-22 22:22:00', 0, NULL, '2026-04-22 16:22:00', NULL, NULL),
	(249, 34, 59, 'eyJ0eXAiOiJKV1QiLCJhbGciOiJIUzI1NiJ9.eyJpYXQiOjE3NzY4OTMwMDksImV4cCI6MTc3Njg5NjYwOSwiZGF0YSI6eyJ1c3VfaWQiOjM0LCJ1c3VfZW1haWwiOiJzYW1fbW5yQGhvdG1haWwuY29tIn19.-NAx8mYIKCVshLArAQ6_GYtEaFVeOGX8nWAWpSF1yl0', '2026-04-22 22:23:29', 0, NULL, '2026-04-22 16:23:29', NULL, NULL),
	(250, 35, 63, 'eyJ0eXAiOiJKV1QiLCJhbGciOiJIUzI1NiJ9.eyJpYXQiOjE3NzY4OTMxMzEsImV4cCI6MTc3Njg5NjczMSwiZGF0YSI6eyJ1c3VfaWQiOjM1LCJ1c3VfZW1haWwiOiJqb3Nlc2l0bzEyQGdtYWlsLmNvbSJ9fQ.mKiexHiImpwOIBT7ozLsmNFJuwHpg9amqVFyJLxv54M', '2026-04-22 22:25:31', 0, NULL, '2026-04-22 16:25:31', NULL, NULL),
	(251, 30, 69, 'eyJ0eXAiOiJKV1QiLCJhbGciOiJIUzI1NiJ9.eyJpYXQiOjE3NzY4OTMyNTgsImV4cCI6MTc3Njg5Njg1OCwiZGF0YSI6eyJ1c3VfaWQiOjMwLCJ1c3VfZW1haWwiOiJtYXJpdG8xMkBnbWFpbC5jb20ifX0.Iv3U3sRY3RINhd0O2hsgBPfA7URWMA1wHWSREFs8OlU', '2026-04-22 22:27:38', 0, NULL, '2026-04-22 16:27:38', NULL, NULL),
	(252, 32, 70, 'eyJ0eXAiOiJKV1QiLCJhbGciOiJIUzI1NiJ9.eyJpYXQiOjE3NzY4OTM0MzgsImV4cCI6MTc3Njg5NzAzOCwiZGF0YSI6eyJ1c3VfaWQiOjMyLCJ1c3VfZW1haWwiOiJtdXJpYTEyQGdtYWlsLmNvbSJ9fQ.qpGl6uotMr1MTPCmD-Zi7GbZMuQ3BqqCnBPg2UxM4eQ', '2026-04-22 22:30:38', 0, NULL, '2026-04-22 16:30:38', NULL, NULL),
	(253, 28, 71, 'eyJ0eXAiOiJKV1QiLCJhbGciOiJIUzI1NiJ9.eyJpYXQiOjE3NzY4OTM2MzMsImV4cCI6MTc3Njg5NzIzMywiZGF0YSI6eyJ1c3VfaWQiOjI4LCJ1c3VfZW1haWwiOiJqb3JnZUBnbWFpbC5jb20ifX0.PUY1DdAHAbiiJp2xXFZkuNwb5FQ9lVC07UtON9ukL_w', '2026-04-22 22:33:53', 0, NULL, '2026-04-22 16:33:53', NULL, NULL),
	(254, 28, 71, 'eyJ0eXAiOiJKV1QiLCJhbGciOiJIUzI1NiJ9.eyJpYXQiOjE3NzY4OTM3MDYsImV4cCI6MTc3Njg5NzMwNiwiZGF0YSI6eyJ1c3VfaWQiOjI4LCJ1c3VfZW1haWwiOiJqb3JnZUBnbWFpbC5jb20ifX0.g6Mmp-GD2UGFdEXFOUqIjQ09Q9WVgFmcHkE-qIDVdSA', '2026-04-22 22:35:06', 0, NULL, '2026-04-22 16:35:06', NULL, NULL),
	(255, 34, 57, 'eyJ0eXAiOiJKV1QiLCJhbGciOiJIUzI1NiJ9.eyJpYXQiOjE3NzY4OTM4NjIsImV4cCI6MTc3Njg5NzQ2MiwiZGF0YSI6eyJ1c3VfaWQiOjM0LCJ1c3VfZW1haWwiOiJzYW1fbW5yQGhvdG1haWwuY29tIn19.2PXNuSx1QkjMpBPcC6Vx1A8kvkytdcNPHy6utlgN1NQ', '2026-04-22 22:37:42', 0, NULL, '2026-04-22 16:37:42', NULL, NULL),
	(256, 28, 72, 'eyJ0eXAiOiJKV1QiLCJhbGciOiJIUzI1NiJ9.eyJpYXQiOjE3NzY4OTQyNjEsImV4cCI6MTc3Njg5Nzg2MSwiZGF0YSI6eyJ1c3VfaWQiOjI4LCJ1c3VfZW1haWwiOiJqb3JnZUBnbWFpbC5jb20ifX0.FAiac_cyGtKAcpRF2zqlSbG_F_xyngZDbklCHHvKWFs', '2026-04-22 22:44:21', 0, NULL, '2026-04-22 16:44:21', NULL, NULL),
	(257, 36, 60, 'eyJ0eXAiOiJKV1QiLCJhbGciOiJIUzI1NiJ9.eyJpYXQiOjE3NzY4OTQzMDUsImV4cCI6MTc3Njg5NzkwNSwiZGF0YSI6eyJ1c3VfaWQiOjM2LCJ1c3VfZW1haWwiOiJtZWppYTMxQGdtYWlsLmNvbSJ9fQ.6xf9yV3VKcu6LlusC_ei9GTCtHeXKceikUeVjwT8nrw', '2026-04-22 22:45:05', 0, NULL, '2026-04-22 16:45:05', NULL, NULL),
	(258, 1, 55, 'eyJ0eXAiOiJKV1QiLCJhbGciOiJIUzI1NiJ9.eyJpYXQiOjE3NzY4OTQ4NTEsImV4cCI6MTc3Njg5ODQ1MSwiZGF0YSI6eyJ1c3VfaWQiOjEsInVzdV9lbWFpbCI6Im51ZXZvQGVqZW1wbG8uY29tIn19.v0jFcPTiPHTT7BHkZ84pliSTtgP-mNKjbbygMMbRvUQ', '2026-04-22 22:54:11', 0, NULL, '2026-04-22 16:54:11', NULL, NULL),
	(259, 1, 55, 'eyJ0eXAiOiJKV1QiLCJhbGciOiJIUzI1NiJ9.eyJpYXQiOjE3NzY4OTQ4OTYsImV4cCI6MTc3Njg5ODQ5NiwiZGF0YSI6eyJ1c3VfaWQiOjEsInVzdV9lbWFpbCI6Im51ZXZvQGVqZW1wbG8uY29tIn19.x2RuecPnS50z0uoHtK-TdhRQp0M0jybE1Ic-rRHxk1o', '2026-04-22 22:54:56', 0, NULL, '2026-04-22 16:54:56', NULL, NULL),
	(260, 34, 59, 'eyJ0eXAiOiJKV1QiLCJhbGciOiJIUzI1NiJ9.eyJpYXQiOjE3NzY4OTUyNDcsImV4cCI6MTc3Njg5ODg0NywiZGF0YSI6eyJ1c3VfaWQiOjM0LCJ1c3VfZW1haWwiOiJzYW1fbW5yQGhvdG1haWwuY29tIn19.Fbh4GfKiYK-Sl1_Zy9RJMYTH6eGWjot96Txow-pfPPM', '2026-04-22 23:00:47', 0, NULL, '2026-04-22 17:00:47', NULL, NULL),
	(261, 39, 68, 'eyJ0eXAiOiJKV1QiLCJhbGciOiJIUzI1NiJ9.eyJpYXQiOjE3NzY4OTUzMTYsImV4cCI6MTc3Njg5ODkxNiwiZGF0YSI6eyJ1c3VfaWQiOjM5LCJ1c3VfZW1haWwiOiJkYWR5MTJAZ21haWwuY29tIn19.9oKENy9IB2Dr-sSdnSm5FmXhBO9CdaLrr-g-EYLIEwc', '2026-04-22 23:01:56', 0, NULL, '2026-04-22 17:01:56', NULL, NULL),
	(262, 25, 53, 'eyJ0eXAiOiJKV1QiLCJhbGciOiJIUzI1NiJ9.eyJpYXQiOjE3NzY5MTEyMDEsImV4cCI6MTc3NjkxNDgwMSwiZGF0YSI6eyJ1c3VfaWQiOjI1LCJ1c3VfZW1haWwiOiJqdWxpbzIzQGdtYWlsLmNvbSJ9fQ.Cy6M1ZzZa1eSkdGEUdUiwEKG1x2VfDX-_CwWkhVR2HU', '2026-04-23 03:26:41', 1, NULL, '2026-04-22 21:26:41', NULL, NULL),
	(263, 34, 59, 'eyJ0eXAiOiJKV1QiLCJhbGciOiJIUzI1NiJ9.eyJpYXQiOjE3NzY5MTU3MzEsImV4cCI6MTc3NjkxOTMzMSwiZGF0YSI6eyJ1c3VfaWQiOjM0LCJ1c3VfZW1haWwiOiJzYW1fbW5yQGhvdG1haWwuY29tIn19._EA54UKGpi37Z_Tx8OjAUny7YzMeX04LlWDs_1JB1jQ', '2026-04-22 23:42:11', 0, NULL, '2026-04-22 22:42:11', NULL, NULL),
	(264, 34, 73, 'eyJ0eXAiOiJKV1QiLCJhbGciOiJIUzI1NiJ9.eyJpYXQiOjE3NzY5MTU3NTAsImV4cCI6MTc3NjkxOTM1MCwiZGF0YSI6eyJ1c3VfaWQiOjM0LCJ1c3VfZW1haWwiOiJzYW1fbW5yQGhvdG1haWwuY29tIn19.7GBOHam8h3oTHHVaPUrMHNnmBPTlQ_B-AXdEn-Ykles', '2026-04-22 23:42:30', 1, NULL, '2026-04-22 22:42:30', NULL, NULL),
	(265, 1, 55, 'eyJ0eXAiOiJKV1QiLCJhbGciOiJIUzI1NiJ9.eyJpYXQiOjE3NzY5MTczODYsImV4cCI6MTc3NjkyMDk4NiwiZGF0YSI6eyJ1c3VfaWQiOjEsInVzdV9lbWFpbCI6Im51ZXZvQGVqZW1wbG8uY29tIn19.WuLzw7SlH1NG68hc10MVIxTsx-rr_7c5dFVoqHF2ci0', '2026-04-23 00:09:46', 0, NULL, '2026-04-22 23:09:46', NULL, NULL),
	(266, 34, 74, 'eyJ0eXAiOiJKV1QiLCJhbGciOiJIUzI1NiJ9.eyJpYXQiOjE3NzY5MTc0MTAsImV4cCI6MTc3NjkyMTAxMCwiZGF0YSI6eyJ1c3VfaWQiOjM0LCJ1c3VfZW1haWwiOiJzYW1fbW5yQGhvdG1haWwuY29tIn19.c_cgr9gk5iTJH9Sm2Dwn_5cjUMNQGP_vQzQzOjabJL8', '2026-04-23 00:10:10', 0, NULL, '2026-04-22 23:10:10', NULL, NULL),
	(267, 39, 68, 'eyJ0eXAiOiJKV1QiLCJhbGciOiJIUzI1NiJ9.eyJpYXQiOjE3NzY5MTc1NjgsImV4cCI6MTc3NjkyMTE2OCwiZGF0YSI6eyJ1c3VfaWQiOjM5LCJ1c3VfZW1haWwiOiJkYWR5MTJAZ21haWwuY29tIn19.pO0Cp96M3-t1tcJqrbBNqc9s7Jn0DBDvQlBz3sTPHy8', '2026-04-23 00:12:48', 0, NULL, '2026-04-22 23:12:48', NULL, NULL),
	(268, 42, 76, 'eyJ0eXAiOiJKV1QiLCJhbGciOiJIUzI1NiJ9.eyJpYXQiOjE3NzY5MTc3OTgsImV4cCI6MTc3NjkyMTM5OCwiZGF0YSI6eyJ1c3VfaWQiOjQyLCJ1c3VfZW1haWwiOiJzYW1fbW5yQGhvdG1haWwuY29tIn19.lj8nUQG3TxtFajpncW0D55LP2UILK4hHfPpkrg4tLJk', '2026-04-23 00:16:38', 1, NULL, '2026-04-22 23:16:38', NULL, NULL),
	(269, 41, 75, 'eyJ0eXAiOiJKV1QiLCJhbGciOiJIUzI1NiJ9.eyJpYXQiOjE3NzY5MTc4MjYsImV4cCI6MTc3NjkyMTQyNiwiZGF0YSI6eyJ1c3VfaWQiOjQxLCJ1c3VfZW1haWwiOiJmcmVkeWx1aXMxNzA1QGdtYWlsLmNvbSJ9fQ.lRGoNIsFGiLBwxSmPiw_Sk0Hj1j40laD7uhi1DD7W1w', '2026-04-23 00:17:06', 0, NULL, '2026-04-22 23:17:06', NULL, NULL),
	(270, 1, 55, 'eyJ0eXAiOiJKV1QiLCJhbGciOiJIUzI1NiJ9.eyJpYXQiOjE3NzY5MTgxNDcsImV4cCI6MTc3NjkyMTc0NywiZGF0YSI6eyJ1c3VfaWQiOjEsInVzdV9lbWFpbCI6Im51ZXZvQGVqZW1wbG8uY29tIn19.BC8OaPdFTmpmfGRn9Nf_8XchnLJ7KKcoiLyXfWQVYOM', '2026-04-23 00:22:27', 0, NULL, '2026-04-22 23:22:27', NULL, NULL),
	(271, 1, 55, 'eyJ0eXAiOiJKV1QiLCJhbGciOiJIUzI1NiJ9.eyJpYXQiOjE3NzY5MTg0OTcsImV4cCI6MTc3NjkyMjA5NywiZGF0YSI6eyJ1c3VfaWQiOjEsInVzdV9lbWFpbCI6Im51ZXZvQGVqZW1wbG8uY29tIn19.Eku-eQQIBUH6gSYsY9BRNYsEx6dF3JD2JkcKxTDHt48', '2026-04-23 00:28:17', 0, NULL, '2026-04-22 23:28:17', NULL, NULL),
	(272, 44, 78, 'eyJ0eXAiOiJKV1QiLCJhbGciOiJIUzI1NiJ9.eyJpYXQiOjE3NzY5MTg5MTksImV4cCI6MTc3NjkyMjUxOSwiZGF0YSI6eyJ1c3VfaWQiOjQ0LCJ1c3VfZW1haWwiOiJuYXJjaXNvbWFydWphODgwQGdtYWlsLmNvbSJ9fQ.M3PfvuburXKDhOssCgJ-jp4WsckOnGoCxm5NX31Z_qs', '2026-04-23 00:35:19', 0, NULL, '2026-04-22 23:35:19', NULL, NULL),
	(273, 45, 79, 'eyJ0eXAiOiJKV1QiLCJhbGciOiJIUzI1NiJ9.eyJpYXQiOjE3NzY5MTkxMTYsImV4cCI6MTc3NjkyMjcxNiwiZGF0YSI6eyJ1c3VfaWQiOjQ1LCJ1c3VfZW1haWwiOiJmcmVkeWx1aXMxNzA1QGdtYWlsLmNvbSJ9fQ.fBTZD1DYzBxM1hQ8LTh1oCeNM-J5wNU-we2XGv8wdBI', '2026-04-23 00:38:36', 0, NULL, '2026-04-22 23:38:36', NULL, NULL),
	(274, 44, 78, 'eyJ0eXAiOiJKV1QiLCJhbGciOiJIUzI1NiJ9.eyJpYXQiOjE3NzY5MTk2NTAsImV4cCI6MTc3NjkyMzI1MCwiZGF0YSI6eyJ1c3VfaWQiOjQ0LCJ1c3VfZW1haWwiOiJuYXJjaXNvbWFydWphODgwQGdtYWlsLmNvbSJ9fQ.BFIrRet8RNdJBGuxQR3OLzoOE1dDjjv8nkQdwzeQ_fI', '2026-04-23 00:47:30', 0, NULL, '2026-04-22 23:47:30', NULL, NULL),
	(275, 1, 55, 'eyJ0eXAiOiJKV1QiLCJhbGciOiJIUzI1NiJ9.eyJpYXQiOjE3NzY5MTk4NDAsImV4cCI6MTc3NjkyMzQ0MCwiZGF0YSI6eyJ1c3VfaWQiOjEsInVzdV9lbWFpbCI6Im51ZXZvQGVqZW1wbG8uY29tIn19.x6_x80VSkYW8iWn-GN-PghpHKMFPu93PosT7PdmFc_w', '2026-04-23 00:50:40', 0, NULL, '2026-04-22 23:50:40', NULL, NULL),
	(276, 45, 79, 'eyJ0eXAiOiJKV1QiLCJhbGciOiJIUzI1NiJ9.eyJpYXQiOjE3NzY5MjA3NzksImV4cCI6MTc3NjkyNDM3OSwiZGF0YSI6eyJ1c3VfaWQiOjQ1LCJ1c3VfZW1haWwiOiJmcmVkeWx1aXMxNzA1QGdtYWlsLmNvbSJ9fQ.--upelf4J1m09DXMUy3Y5_VSxXWn2C2ahbZEpVQMPkE', '2026-04-23 01:06:19', 1, NULL, '2026-04-23 00:06:19', NULL, NULL),
	(277, 1, 55, 'eyJ0eXAiOiJKV1QiLCJhbGciOiJIUzI1NiJ9.eyJpYXQiOjE3NzY5MjA5MDksImV4cCI6MTc3NjkyNDUwOSwiZGF0YSI6eyJ1c3VfaWQiOjEsInVzdV9lbWFpbCI6Im51ZXZvQGVqZW1wbG8uY29tIn19.rZojRhXesBzsMibQ3QFWmw5cOF5NTpTzdI0UspmGKSc', '2026-04-23 01:08:29', 1, NULL, '2026-04-23 00:08:29', NULL, NULL);

-- Volcando estructura para tabla intelsoftperu_app_enxu.usuario_rol
CREATE TABLE IF NOT EXISTS `usuario_rol` (
  `ur_id` int(11) NOT NULL AUTO_INCREMENT,
  `usu_id` int(11) NOT NULL,
  `rol_id` int(11) NOT NULL,
  `creado_fecha` datetime NOT NULL DEFAULT current_timestamp(),
  PRIMARY KEY (`ur_id`) USING BTREE,
  UNIQUE KEY `uq_usuario_rol` (`usu_id`,`rol_id`) USING BTREE,
  KEY `fk_ur_rol` (`rol_id`) USING BTREE,
  CONSTRAINT `fk_ur_rol` FOREIGN KEY (`rol_id`) REFERENCES `rol` (`rol_id`) ON DELETE CASCADE,
  CONSTRAINT `fk_ur_usuario` FOREIGN KEY (`usu_id`) REFERENCES `usuario` (`usu_id`) ON DELETE CASCADE
) ENGINE=InnoDB DEFAULT CHARSET=utf8mb4 COLLATE=utf8mb4_unicode_ci ROW_FORMAT=DYNAMIC;

-- Volcando datos para la tabla intelsoftperu_app_enxu.usuario_rol: ~0 rows (aproximadamente)

-- Volcando estructura para tabla intelsoftperu_app_enxu.verificacion_otp
CREATE TABLE IF NOT EXISTS `verificacion_otp` (
  `vot_id` int(11) NOT NULL AUTO_INCREMENT,
  `usu_id` int(11) NOT NULL,
  `vot_codigo` varchar(4) NOT NULL,
  `vot_tipo` varchar(20) NOT NULL DEFAULT 'REGISTRO',
  `vot_intentos` int(11) NOT NULL DEFAULT 0,
  `vot_usado` tinyint(1) NOT NULL DEFAULT 0,
  `vot_expira` datetime NOT NULL,
  `creado_fecha` datetime NOT NULL DEFAULT current_timestamp(),
  PRIMARY KEY (`vot_id`) USING BTREE,
  KEY `idx_usuario_tipo` (`usu_id`,`vot_tipo`) USING BTREE,
  KEY `idx_codigo_expira` (`vot_codigo`,`vot_expira`) USING BTREE,
  CONSTRAINT `fk_verificacion_usuario` FOREIGN KEY (`usu_id`) REFERENCES `usuario` (`usu_id`) ON DELETE CASCADE
) ENGINE=InnoDB AUTO_INCREMENT=56 DEFAULT CHARSET=utf8mb4 COLLATE=utf8mb4_unicode_ci ROW_FORMAT=DYNAMIC;

-- Volcando datos para la tabla intelsoftperu_app_enxu.verificacion_otp: ~45 rows (aproximadamente)
INSERT INTO `verificacion_otp` (`vot_id`, `usu_id`, `vot_codigo`, `vot_tipo`, `vot_intentos`, `vot_usado`, `vot_expira`, `creado_fecha`) VALUES
	(1, 12, '1652', 'REGISTRO', 0, 1, '2026-03-19 15:29:02', '2026-03-19 10:19:02'),
	(2, 13, '4308', 'REGISTRO', 0, 0, '2026-03-19 19:10:53', '2026-03-19 14:00:53'),
	(3, 14, '6165', 'REGISTRO', 0, 0, '2026-03-19 19:24:01', '2026-03-19 14:14:01'),
	(4, 15, '1712', 'REGISTRO', 0, 0, '2026-03-19 19:28:00', '2026-03-19 14:18:00'),
	(5, 16, '2581', 'REGISTRO', 0, 1, '2026-03-19 19:45:14', '2026-03-19 14:35:14'),
	(6, 17, '6970', 'REGISTRO', 0, 1, '2026-03-19 20:03:36', '2026-03-19 14:53:36'),
	(7, 18, '5032', 'REGISTRO', 0, 1, '2026-03-19 20:34:08', '2026-03-19 15:24:08'),
	(8, 19, '4875', 'REGISTRO', 0, 1, '2026-03-19 20:37:07', '2026-03-19 15:27:07'),
	(9, 19, '9356', 'REGISTRO', 0, 1, '2026-03-19 20:43:47', '2026-03-19 15:33:47'),
	(10, 19, '0302', 'REGISTRO', 0, 1, '2026-03-19 20:44:04', '2026-03-19 15:34:04'),
	(11, 19, '4323', 'REGISTRO', 0, 1, '2026-03-19 20:45:05', '2026-03-19 15:35:05'),
	(12, 20, '4850', 'REGISTRO', 0, 1, '2026-03-19 20:46:25', '2026-03-19 15:36:25'),
	(13, 21, '9675', 'REGISTRO', 0, 1, '2026-03-19 20:53:57', '2026-03-19 15:43:57'),
	(14, 21, '4867', 'REGISTRO', 0, 1, '2026-03-19 21:04:19', '2026-03-19 15:54:19'),
	(15, 21, '2398', 'REGISTRO', 0, 1, '2026-03-19 21:08:49', '2026-03-19 15:58:49'),
	(16, 22, '1304', 'REGISTRO', 0, 1, '2026-03-19 21:10:16', '2026-03-19 16:00:16'),
	(17, 23, '8599', 'REGISTRO', 0, 1, '2026-03-19 21:13:05', '2026-03-19 16:03:05'),
	(18, 24, '8284', 'REGISTRO', 0, 1, '2026-03-19 21:16:45', '2026-03-19 16:06:45'),
	(19, 25, '1322', 'REGISTRO', 0, 1, '2026-03-23 17:54:44', '2026-03-23 12:44:44'),
	(20, 26, '6374', 'REGISTRO', 0, 1, '2026-03-23 23:27:23', '2026-03-23 18:17:23'),
	(21, 27, '3995', 'REGISTRO', 0, 0, '2026-03-30 18:05:05', '2026-03-30 12:55:05'),
	(22, 28, '0359', 'REGISTRO', 0, 1, '2026-03-30 18:06:37', '2026-03-30 12:56:37'),
	(23, 28, '9380', 'REGISTRO', 0, 1, '2026-03-30 18:07:34', '2026-03-30 12:57:34'),
	(24, 28, '3566', 'REGISTRO', 0, 1, '2026-03-30 18:26:58', '2026-03-30 13:16:58'),
	(25, 29, '2198', 'REGISTRO', 0, 1, '2026-04-13 22:56:58', '2026-04-13 17:46:58'),
	(26, 30, '9583', 'REGISTRO', 0, 1, '2026-04-13 23:00:16', '2026-04-13 17:50:16'),
	(27, 31, '6380', 'REGISTRO', 0, 1, '2026-04-13 23:09:09', '2026-04-13 17:59:09'),
	(28, 32, '0213', 'REGISTRO', 0, 1, '2026-04-13 23:15:14', '2026-04-13 18:05:14'),
	(29, 32, '6794', 'REGISTRO', 0, 1, '2026-04-13 23:16:09', '2026-04-13 18:06:09'),
	(30, 32, '8422', 'REGISTRO', 0, 1, '2026-04-13 23:16:10', '2026-04-13 18:06:10'),
	(31, 33, '7534', 'REGISTRO', 0, 1, '2026-04-13 23:19:05', '2026-04-13 18:09:05'),
	(32, 12, '7300', 'REGISTRO', 0, 1, '2026-04-14 00:41:02', '2026-04-13 19:31:02'),
	(33, 34, '0045', 'REGISTRO', 0, 1, '2026-04-15 02:41:11', '2026-04-14 21:31:11'),
	(34, 34, '6440', 'REGISTRO', 0, 1, '2026-04-15 02:42:12', '2026-04-14 21:32:12'),
	(35, 35, '8659', 'REGISTRO', 0, 1, '2026-04-16 03:01:35', '2026-04-15 21:51:35'),
	(36, 35, '6354', 'REGISTRO', 0, 1, '2026-04-16 03:04:30', '2026-04-15 21:54:30'),
	(37, 35, '8977', 'REGISTRO', 0, 1, '2026-04-16 03:07:28', '2026-04-15 21:57:28'),
	(38, 35, '6384', 'REGISTRO', 0, 1, '2026-04-16 03:10:11', '2026-04-15 22:00:11'),
	(39, 36, '9264', 'REGISTRO', 0, 1, '2026-04-16 03:15:00', '2026-04-15 22:05:00'),
	(40, 37, '2994', 'REGISTRO', 0, 1, '2026-04-16 03:27:03', '2026-04-15 22:17:03'),
	(41, 38, '3894', 'REGISTRO', 0, 1, '2026-04-16 03:37:23', '2026-04-15 22:27:23'),
	(42, 39, '7762', 'REGISTRO', 0, 1, '2026-04-16 03:48:43', '2026-04-15 22:38:43'),
	(43, 40, '8056', 'REGISTRO', 0, 1, '2026-04-16 15:06:31', '2026-04-16 09:56:31'),
	(44, 31, '2478', 'REGISTRO', 0, 1, '2026-04-22 20:51:40', '2026-04-22 15:41:40'),
	(45, 30, '3087', 'REGISTRO', 0, 1, '2026-04-22 21:38:20', '2026-04-22 16:28:20'),
	(46, 41, '0059', 'REGISTRO', 0, 1, '2026-04-22 23:21:27', '2026-04-22 23:11:27'),
	(47, 41, '0128', 'REGISTRO', 0, 1, '2026-04-22 23:23:32', '2026-04-22 23:13:32'),
	(48, 42, '3253', 'REGISTRO', 0, 1, '2026-04-22 23:26:08', '2026-04-22 23:16:08'),
	(49, 43, '4082', 'REGISTRO', 0, 0, '2026-04-22 23:26:47', '2026-04-22 23:16:47'),
	(50, 41, '3497', 'REGISTRO', 0, 1, '2026-04-22 23:27:45', '2026-04-22 23:17:45'),
	(51, 44, '8456', 'REGISTRO', 0, 1, '2026-04-22 23:40:53', '2026-04-22 23:30:53'),
	(52, 44, '5848', 'REGISTRO', 0, 1, '2026-04-22 23:41:59', '2026-04-22 23:31:59'),
	(53, 44, '0265', 'REGISTRO', 0, 1, '2026-04-22 23:43:17', '2026-04-22 23:33:17'),
	(54, 44, '8759', 'REGISTRO', 0, 1, '2026-04-22 23:44:56', '2026-04-22 23:34:56'),
	(55, 45, '4609', 'REGISTRO', 0, 1, '2026-04-22 23:48:20', '2026-04-22 23:38:20');

